{"id":6372,"date":"2022-05-09T08:43:54","date_gmt":"2022-05-09T08:43:54","guid":{"rendered":"https:\/\/wsm.art.pl\/?page_id=6372"},"modified":"2022-05-15T18:21:58","modified_gmt":"2022-05-15T18:21:58","slug":"pawlik-pawel","status":"publish","type":"page","link":"https:\/\/wsm.art.pl\/?page_id=6372","title":{"rendered":"PAWLIK Pawe\u0142"},"content":{"rendered":"\t\t<div data-elementor-type=\"wp-page\" data-elementor-id=\"6372\" class=\"elementor elementor-6372\">\n\t\t\t\t\t\t<section class=\"elementor-section elementor-top-section elementor-element elementor-element-24110ddb elementor-section-boxed elementor-section-height-default elementor-section-height-default\" data-id=\"24110ddb\" data-element_type=\"section\">\n\t\t\t\t\t\t<div class=\"elementor-container elementor-column-gap-default\">\n\t\t\t\t\t<div class=\"elementor-column elementor-col-100 elementor-top-column elementor-element elementor-element-54220d03\" data-id=\"54220d03\" data-element_type=\"column\">\n\t\t\t<div class=\"elementor-widget-wrap elementor-element-populated\">\n\t\t\t\t\t\t<div class=\"elementor-element elementor-element-214fb19e elementor-widget elementor-widget-heading\" data-id=\"214fb19e\" data-element_type=\"widget\" data-widget_type=\"heading.default\">\n\t\t\t\t<div class=\"elementor-widget-container\">\n\t\t\t\t\t<h2 class=\"elementor-heading-title elementor-size-default\">Pawe\u0142 Pawlik<\/h2>\t\t\t\t<\/div>\n\t\t\t\t<\/div>\n\t\t\t\t\t<\/div>\n\t\t<\/div>\n\t\t\t\t\t<\/div>\n\t\t<\/section>\n\t\t\t\t<section class=\"elementor-section elementor-top-section elementor-element elementor-element-208796d2 elementor-section-boxed elementor-section-height-default elementor-section-height-default\" data-id=\"208796d2\" data-element_type=\"section\">\n\t\t\t\t\t\t<div class=\"elementor-container elementor-column-gap-default\">\n\t\t\t\t\t<div class=\"elementor-column elementor-col-50 elementor-top-column elementor-element elementor-element-2998c263\" data-id=\"2998c263\" data-element_type=\"column\">\n\t\t\t<div class=\"elementor-widget-wrap elementor-element-populated\">\n\t\t\t\t\t\t<div class=\"elementor-element elementor-element-4f2be069 elementor-widget elementor-widget-image\" data-id=\"4f2be069\" data-element_type=\"widget\" data-widget_type=\"image.default\">\n\t\t\t\t<div class=\"elementor-widget-container\">\n\t\t\t\t\t\t\t\t\t\t\t\t<figure class=\"wp-caption\">\n\t\t\t\t\t\t\t\t\t\t<img fetchpriority=\"high\" decoding=\"async\" width=\"1188\" height=\"1181\" src=\"https:\/\/wsm.art.pl\/wp-content\/uploads\/2022\/05\/Pawel-Pawlik-fot.-Marcel-Zaborski.png\" class=\"attachment-full size-full wp-image-6858\" alt=\"\" srcset=\"https:\/\/wsm.art.pl\/wp-content\/uploads\/2022\/05\/Pawel-Pawlik-fot.-Marcel-Zaborski.png 1188w, https:\/\/wsm.art.pl\/wp-content\/uploads\/2022\/05\/Pawel-Pawlik-fot.-Marcel-Zaborski-300x298.png 300w, https:\/\/wsm.art.pl\/wp-content\/uploads\/2022\/05\/Pawel-Pawlik-fot.-Marcel-Zaborski-1024x1018.png 1024w, https:\/\/wsm.art.pl\/wp-content\/uploads\/2022\/05\/Pawel-Pawlik-fot.-Marcel-Zaborski-150x150.png 150w, https:\/\/wsm.art.pl\/wp-content\/uploads\/2022\/05\/Pawel-Pawlik-fot.-Marcel-Zaborski-768x763.png 768w\" sizes=\"(max-width: 1188px) 100vw, 1188px\" \/>\t\t\t\t\t\t\t\t\t\t\t<figcaption class=\"widget-image-caption wp-caption-text\">fot. Marcel Zaborski<\/figcaption>\n\t\t\t\t\t\t\t\t\t\t<\/figure>\n\t\t\t\t\t\t\t\t\t<\/div>\n\t\t\t\t<\/div>\n\t\t\t\t\t<\/div>\n\t\t<\/div>\n\t\t\t\t<div class=\"elementor-column elementor-col-50 elementor-top-column elementor-element elementor-element-22045959\" data-id=\"22045959\" data-element_type=\"column\">\n\t\t\t<div class=\"elementor-widget-wrap elementor-element-populated\">\n\t\t\t\t\t\t<div class=\"elementor-element elementor-element-20a87065 elementor-widget elementor-widget-text-editor\" data-id=\"20a87065\" data-element_type=\"widget\" data-widget_type=\"text-editor.default\">\n\t\t\t\t<div class=\"elementor-widget-container\">\n\t\t\t\t\t\t\t\t\t<p>Absolwent Akademii Muzycznej im. Fryderyka Chopina w Warszawie (2005) w klasie fortepianu prof. Anny Jastrz\u0119bskiej-Quinn. W 2020 roku uzyska\u0142 stopie\u0144 naukowy doktora sztuki na Uniwersytecie Muzycznym Fryderyka Chopina. Prac\u0119 doktorsk\u0105 przygotowywa\u0142 pod kierunkiem prof. El\u017cbiety Kara\u015b-Krasztel. W latach od 2007 <br \/>do 2009 by\u0142 uczestnikiem sta\u017cu artystycznego na Uniwersytecie Muzycznym Fryderyka Chopina w Warszawie w klasie kameralistyki fortepianowej prof. Katarzyny Jankowskiej-Borzykowskiej. Od roku 2008 pracuje jako pianista na Uniwersytecie Muzycznym Fryderyka Chopina w Warszawie, zajmuj\u0105c stanowisko starszego wyk\u0142adowcy.<\/p><p>Jest laureatem licznych mi\u0119dzynarodowych konkurs\u00f3w muzyki kameralnej (W\u0142ochy, Malta). Artysta wyst\u0119powa\u0142 z recitalami solowymi i kameralnymi w Europie, m.in.: W\u0142ochy, Niemcy, W\u0119gry, Belgia, Francja, Hiszpania. Koncertowa\u0142 jako solista <br \/>z towarzyszeniem Orkiestry Symfonicznej Filharmonii \u015awi\u0119tokrzyskiej im. Oskara Kolberga w Kielcach, Orkiestry Kameralnej Capella Bydgostiensis, P\u0142ockiej Orkiestry Symfonicznej im. Witolda Lutos\u0142awskiego, Orkiestry Symfonicznej <em>Musica Sonora<\/em> <br \/>w Budapeszcie, Toru\u0144skiej Orkiestry Symfonicznej, Orkiestry Filharmonii Kameralnej im. Witolda Lutos\u0142awskiego w \u0141om\u017cy. Wsp\u00f3\u0142pracowa\u0142 z dyrygentami: Janem Mi\u0142oszem Zarzyckiem, Marzen\u0105 Diakun, Jakubem Chrenowiczem, Peterem Illenyi, Jerzym Wo\u0142osiukiem.<\/p><p>Pianista prowadzi tak\u017ce dzia\u0142alno\u015b\u0107 koncertow\u0105 jako kameralista, a od 2008 roku wsp\u00f3\u0142pracuje ze skrzypkiem Szymonem Teleckim. W 2020 roku zosta\u0142a wydana p\u0142yta CD <em>Juliusz Wertheim. Works for Piano Solo. Sonata for Piano and Violin <\/em>(DUX), na kt\u00f3rej Pawe\u0142 Pawlik zarejestrowa\u0142 nagrania wybranych utwor\u00f3w na fortepian solo Juliusza Wertheima oraz <em>Sonat\u0119 na fortepian i skrzypce <\/em>op. 18.<\/p>\t\t\t\t\t\t\t\t<\/div>\n\t\t\t\t<\/div>\n\t\t\t\t\t<\/div>\n\t\t<\/div>\n\t\t\t\t\t<\/div>\n\t\t<\/section>\n\t\t\t\t<\/div>\n\t\t","protected":false},"excerpt":{"rendered":"<p>Pawe\u0142 Pawlik fot. Marcel Zaborski Absolwent Akademii Muzycznej im. Fryderyka Chopina w Warszawie (2005) w klasie fortepianu prof. Anny Jastrz\u0119bskiej-Quinn. W 2020 roku uzyska\u0142 stopie\u0144&hellip;<\/p>\n","protected":false},"author":1,"featured_media":0,"parent":0,"menu_order":0,"comment_status":"closed","ping_status":"closed","template":"","meta":{"footnotes":""},"class_list":["post-6372","page","type-page","status-publish","hentry"],"_links":{"self":[{"href":"https:\/\/wsm.art.pl\/index.php?rest_route=\/wp\/v2\/pages\/6372","targetHints":{"allow":["GET"]}}],"collection":[{"href":"https:\/\/wsm.art.pl\/index.php?rest_route=\/wp\/v2\/pages"}],"about":[{"href":"https:\/\/wsm.art.pl\/index.php?rest_route=\/wp\/v2\/types\/page"}],"author":[{"embeddable":true,"href":"https:\/\/wsm.art.pl\/index.php?rest_route=\/wp\/v2\/users\/1"}],"replies":[{"embeddable":true,"href":"https:\/\/wsm.art.pl\/index.php?rest_route=%2Fwp%2Fv2%2Fcomments&post=6372"}],"version-history":[{"count":11,"href":"https:\/\/wsm.art.pl\/index.php?rest_route=\/wp\/v2\/pages\/6372\/revisions"}],"predecessor-version":[{"id":7927,"href":"https:\/\/wsm.art.pl\/index.php?rest_route=\/wp\/v2\/pages\/6372\/revisions\/7927"}],"wp:attachment":[{"href":"https:\/\/wsm.art.pl\/index.php?rest_route=%2Fwp%2Fv2%2Fmedia&parent=6372"}],"curies":[{"name":"wp","href":"https:\/\/api.w.org\/{rel}","templated":true}]}}

PAWLIK Paweł

<div data-elementor-type="wp-page" data-elementor-id="6372" class="elementor elementor-6372">
						<section class="elementor-section elementor-top-section elementor-element elementor-element-24110ddb elementor-section-boxed elementor-section-height-default elementor-section-height-default" data-id="24110ddb" data-element_type="section">
						<div class="elementor-container elementor-column-gap-default">
					<div class="elementor-column elementor-col-100 elementor-top-column elementor-element elementor-element-54220d03" data-id="54220d03" data-element_type="column">
			<div class="elementor-widget-wrap elementor-element-populated">
						<div class="elementor-element elementor-element-214fb19e elementor-widget elementor-widget-heading" data-id="214fb19e" data-element_type="widget" data-widget_type="heading.default">
				<div class="elementor-widget-container">
					<h2 class="elementor-heading-title elementor-size-default">Paweł Pawlik</h2>				</div>
				</div>
					</div>
		</div>
					</div>
		</section>
				<section class="elementor-section elementor-top-section elementor-element elementor-element-208796d2 elementor-section-boxed elementor-section-height-default elementor-section-height-default" data-id="208796d2" data-element_type="section">
						<div class="elementor-container elementor-column-gap-default">
					<div class="elementor-column elementor-col-50 elementor-top-column elementor-element elementor-element-2998c263" data-id="2998c263" data-element_type="column">
			<div class="elementor-widget-wrap elementor-element-populated">
						<div class="elementor-element elementor-element-4f2be069 elementor-widget elementor-widget-image" data-id="4f2be069" data-element_type="widget" data-widget_type="image.default">
				<div class="elementor-widget-container">
												<figure class="wp-caption">
										<img fetchpriority="high" decoding="async" width="1188" height="1181" src="https://wsm.art.pl/wp-content/uploads/2022/05/Pawel-Pawlik-fot.-Marcel-Zaborski.png" class="attachment-full size-full wp-image-6858" alt="" srcset="https://wsm.art.pl/wp-content/uploads/2022/05/Pawel-Pawlik-fot.-Marcel-Zaborski.png 1188w, https://wsm.art.pl/wp-content/uploads/2022/05/Pawel-Pawlik-fot.-Marcel-Zaborski-300x298.png 300w, https://wsm.art.pl/wp-content/uploads/2022/05/Pawel-Pawlik-fot.-Marcel-Zaborski-1024x1018.png 1024w, https://wsm.art.pl/wp-content/uploads/2022/05/Pawel-Pawlik-fot.-Marcel-Zaborski-150x150.png 150w, https://wsm.art.pl/wp-content/uploads/2022/05/Pawel-Pawlik-fot.-Marcel-Zaborski-768x763.png 768w" sizes="(max-width: 1188px) 100vw, 1188px" />											<figcaption class="widget-image-caption wp-caption-text">fot. Marcel Zaborski</figcaption>
										</figure>
									</div>
				</div>
					</div>
		</div>
				<div class="elementor-column elementor-col-50 elementor-top-column elementor-element elementor-element-22045959" data-id="22045959" data-element_type="column">
			<div class="elementor-widget-wrap elementor-element-populated">
						<div class="elementor-element elementor-element-20a87065 elementor-widget elementor-widget-text-editor" data-id="20a87065" data-element_type="widget" data-widget_type="text-editor.default">
				<div class="elementor-widget-container">
									<p>Absolwent Akademii Muzycznej im. Fryderyka Chopina w Warszawie (2005) w klasie fortepianu prof. Anny Jastrzębskiej-Quinn. W 2020 roku uzyskał stopień naukowy doktora sztuki na Uniwersytecie Muzycznym Fryderyka Chopina. Pracę doktorską przygotowywał pod kierunkiem prof. Elżbiety Karaś-Krasztel. W latach od 2007 <br />do 2009 był uczestnikiem stażu artystycznego na Uniwersytecie Muzycznym Fryderyka Chopina w Warszawie w klasie kameralistyki fortepianowej prof. Katarzyny Jankowskiej-Borzykowskiej. Od roku 2008 pracuje jako pianista na Uniwersytecie Muzycznym Fryderyka Chopina w Warszawie, zajmując stanowisko starszego wykładowcy.</p><p>Jest laureatem licznych międzynarodowych konkursów muzyki kameralnej (Włochy, Malta). Artysta występował z recitalami solowymi i kameralnymi w Europie, m.in.: Włochy, Niemcy, Węgry, Belgia, Francja, Hiszpania. Koncertował jako solista <br />z towarzyszeniem Orkiestry Symfonicznej Filharmonii Świętokrzyskiej im. Oskara Kolberga w Kielcach, Orkiestry Kameralnej Capella Bydgostiensis, Płockiej Orkiestry Symfonicznej im. Witolda Lutosławskiego, Orkiestry Symfonicznej <em>Musica Sonora</em> <br />w Budapeszcie, Toruńskiej Orkiestry Symfonicznej, Orkiestry Filharmonii Kameralnej im. Witolda Lutosławskiego w Łomży. Współpracował z dyrygentami: Janem Miłoszem Zarzyckiem, Marzeną Diakun, Jakubem Chrenowiczem, Peterem Illenyi, Jerzym Wołosiukiem.</p><p>Pianista prowadzi także działalność koncertową jako kameralista, a od 2008 roku współpracuje ze skrzypkiem Szymonem Teleckim. W 2020 roku została wydana płyta CD <em>Juliusz Wertheim. Works for Piano Solo. Sonata for Piano and Violin </em>(DUX), na której Paweł Pawlik zarejestrował nagrania wybranych utworów na fortepian solo Juliusza Wertheima oraz <em>Sonatę na fortepian i skrzypce </em>op. 18.</p>								</div>
				</div>
					</div>
		</div>
					</div>
		</section>
				</div>

<p>Paweł Pawlik fot. Marcel Zaborski Absolwent Akademii Muzycznej im. Fryderyka Chopina w Warszawie (2005) w klasie fortepianu prof. Anny Jastrzębskiej-Quinn. W 2020 roku uzyskał stopień&hellip;</p>
