{"id":6369,"date":"2022-05-09T08:43:46","date_gmt":"2022-05-09T08:43:46","guid":{"rendered":"https:\/\/wsm.art.pl\/?page_id=6369"},"modified":"2022-05-15T18:18:29","modified_gmt":"2022-05-15T18:18:29","slug":"kosciesza-izabela","status":"publish","type":"page","link":"https:\/\/wsm.art.pl\/?page_id=6369","title":{"rendered":"KO\u015aCIESZA Izabela"},"content":{"rendered":"\t\t<div data-elementor-type=\"wp-page\" data-elementor-id=\"6369\" class=\"elementor elementor-6369\">\n\t\t\t\t\t\t<section class=\"elementor-section elementor-top-section elementor-element elementor-element-24110ddb elementor-section-boxed elementor-section-height-default elementor-section-height-default\" data-id=\"24110ddb\" data-element_type=\"section\">\n\t\t\t\t\t\t<div class=\"elementor-container elementor-column-gap-default\">\n\t\t\t\t\t<div class=\"elementor-column elementor-col-100 elementor-top-column elementor-element elementor-element-54220d03\" data-id=\"54220d03\" data-element_type=\"column\">\n\t\t\t<div class=\"elementor-widget-wrap elementor-element-populated\">\n\t\t\t\t\t\t<div class=\"elementor-element elementor-element-214fb19e elementor-widget elementor-widget-heading\" data-id=\"214fb19e\" data-element_type=\"widget\" data-widget_type=\"heading.default\">\n\t\t\t\t<div class=\"elementor-widget-container\">\n\t\t\t\t\t<h2 class=\"elementor-heading-title elementor-size-default\">Izabela Ko\u015bciesza<\/h2>\t\t\t\t<\/div>\n\t\t\t\t<\/div>\n\t\t\t\t\t<\/div>\n\t\t<\/div>\n\t\t\t\t\t<\/div>\n\t\t<\/section>\n\t\t\t\t<section class=\"elementor-section elementor-top-section elementor-element elementor-element-208796d2 elementor-section-boxed elementor-section-height-default elementor-section-height-default\" data-id=\"208796d2\" data-element_type=\"section\">\n\t\t\t\t\t\t<div class=\"elementor-container elementor-column-gap-default\">\n\t\t\t\t\t<div class=\"elementor-column elementor-col-50 elementor-top-column elementor-element elementor-element-2998c263\" data-id=\"2998c263\" data-element_type=\"column\">\n\t\t\t<div class=\"elementor-widget-wrap elementor-element-populated\">\n\t\t\t\t\t\t<div class=\"elementor-element elementor-element-4f2be069 elementor-widget elementor-widget-image\" data-id=\"4f2be069\" data-element_type=\"widget\" data-widget_type=\"image.default\">\n\t\t\t\t<div class=\"elementor-widget-container\">\n\t\t\t\t\t\t\t\t\t\t\t\t<figure class=\"wp-caption\">\n\t\t\t\t\t\t\t\t\t\t<img fetchpriority=\"high\" decoding=\"async\" width=\"634\" height=\"800\" src=\"https:\/\/wsm.art.pl\/wp-content\/uploads\/2022\/05\/Izabela_Kosciesza.png\" class=\"attachment-full size-full wp-image-6748\" alt=\"\" srcset=\"https:\/\/wsm.art.pl\/wp-content\/uploads\/2022\/05\/Izabela_Kosciesza.png 634w, https:\/\/wsm.art.pl\/wp-content\/uploads\/2022\/05\/Izabela_Kosciesza-238x300.png 238w\" sizes=\"(max-width: 634px) 100vw, 634px\" \/>\t\t\t\t\t\t\t\t\t\t\t<figcaption class=\"widget-image-caption wp-caption-text\">fot. mat. prasowe<\/figcaption>\n\t\t\t\t\t\t\t\t\t\t<\/figure>\n\t\t\t\t\t\t\t\t\t<\/div>\n\t\t\t\t<\/div>\n\t\t\t\t\t<\/div>\n\t\t<\/div>\n\t\t\t\t<div class=\"elementor-column elementor-col-50 elementor-top-column elementor-element elementor-element-22045959\" data-id=\"22045959\" data-element_type=\"column\">\n\t\t\t<div class=\"elementor-widget-wrap elementor-element-populated\">\n\t\t\t\t\t\t<div class=\"elementor-element elementor-element-20a87065 elementor-widget elementor-widget-text-editor\" data-id=\"20a87065\" data-element_type=\"widget\" data-widget_type=\"text-editor.default\">\n\t\t\t\t<div class=\"elementor-widget-container\">\n\t\t\t\t\t\t\t\t\t<p>Choreograf, animator, pedagog; ur. 24 grudnia 1973 roku w Ostr\u00f3dzie. Uko\u0144czy\u0142a Wydzia\u0142 Pedagogiki Resocjalizacyjnej w Olszty\u0144skiej Szkole Wy\u017cszej w 2003 r. oraz Edukacj\u0119 Przedszkoln\u0105 i Wczesnoszkoln\u0105 w Instytucie Kszta\u0142cenia Kadr Nauczycielskich w \u0141odzi w 2019 r. Uczestniczka licznych kurs\u00f3w tanecznych, choreograficznych i animacyjnych.<\/p><p>Jest wszechstronn\u0105 tancerk\u0105 i choreografem. W jej projektach znajdujemy elementy r\u00f3\u017cnych styl\u00f3w, od disco, przez motywy ta\u0144c\u00f3w orientalnych do wsp\u00f3\u0142czesnych \u015brodk\u00f3w pantomimicznych. Cho\u0107 nie unika projekt\u00f3w dla dojrza\u0142ej publiczno\u015bci, jej<br \/>specjalno\u015bci\u0105 jest praca z dzie\u0107mi i m\u0142odzie\u017c\u0105. W tym zakresie posiada ogromne, udokumentowane licznymi projektami do\u015bwiadczenie choreograficzne i animacyjne. Od kilku lat zajmuje si\u0119 te\u017c \u201echoreografi\u0105 sensoryczn\u0105\u201d, czyli kreowaniem ruchu <br \/>i gest\u00f3w, kt\u00f3re poprzez system sensor\u00f3w elektronicznych generuj\u0105 d\u017awi\u0119k wsp\u00f3\u0142tworz\u0105c form\u0119 muzyczn\u0105. Na uwag\u0119 zas\u0142uguje tu zw\u0142aszcza edukacyjny projekt sonokinetyczny (d\u017awi\u0119kowo-ruchowy) <em>Kt\u00f3r\u0119dy do d\u017awi\u0119ku?<\/em>, kt\u00f3ry realizowany by\u0142 ju\u017c blisko sto razy na terenie ca\u0142ej Polski i za granic\u0105. Rozpi\u0119to\u015b\u0107 wieku uczestnik\u00f3w si\u0119ga od 5 do 70 lat.<\/p>\t\t\t\t\t\t\t\t<\/div>\n\t\t\t\t<\/div>\n\t\t\t\t\t<\/div>\n\t\t<\/div>\n\t\t\t\t\t<\/div>\n\t\t<\/section>\n\t\t\t\t<\/div>\n\t\t","protected":false},"excerpt":{"rendered":"<p>Izabela Ko\u015bciesza fot. mat. prasowe Choreograf, animator, pedagog; ur. 24 grudnia 1973 roku w Ostr\u00f3dzie. Uko\u0144czy\u0142a Wydzia\u0142 Pedagogiki Resocjalizacyjnej w Olszty\u0144skiej Szkole Wy\u017cszej w 2003&hellip;<\/p>\n","protected":false},"author":1,"featured_media":0,"parent":0,"menu_order":0,"comment_status":"closed","ping_status":"closed","template":"","meta":{"footnotes":""},"class_list":["post-6369","page","type-page","status-publish","hentry"],"_links":{"self":[{"href":"https:\/\/wsm.art.pl\/index.php?rest_route=\/wp\/v2\/pages\/6369","targetHints":{"allow":["GET"]}}],"collection":[{"href":"https:\/\/wsm.art.pl\/index.php?rest_route=\/wp\/v2\/pages"}],"about":[{"href":"https:\/\/wsm.art.pl\/index.php?rest_route=\/wp\/v2\/types\/page"}],"author":[{"embeddable":true,"href":"https:\/\/wsm.art.pl\/index.php?rest_route=\/wp\/v2\/users\/1"}],"replies":[{"embeddable":true,"href":"https:\/\/wsm.art.pl\/index.php?rest_route=%2Fwp%2Fv2%2Fcomments&post=6369"}],"version-history":[{"count":15,"href":"https:\/\/wsm.art.pl\/index.php?rest_route=\/wp\/v2\/pages\/6369\/revisions"}],"predecessor-version":[{"id":7912,"href":"https:\/\/wsm.art.pl\/index.php?rest_route=\/wp\/v2\/pages\/6369\/revisions\/7912"}],"wp:attachment":[{"href":"https:\/\/wsm.art.pl\/index.php?rest_route=%2Fwp%2Fv2%2Fmedia&parent=6369"}],"curies":[{"name":"wp","href":"https:\/\/api.w.org\/{rel}","templated":true}]}}

KOŚCIESZA Izabela

<div data-elementor-type="wp-page" data-elementor-id="6369" class="elementor elementor-6369">
						<section class="elementor-section elementor-top-section elementor-element elementor-element-24110ddb elementor-section-boxed elementor-section-height-default elementor-section-height-default" data-id="24110ddb" data-element_type="section">
						<div class="elementor-container elementor-column-gap-default">
					<div class="elementor-column elementor-col-100 elementor-top-column elementor-element elementor-element-54220d03" data-id="54220d03" data-element_type="column">
			<div class="elementor-widget-wrap elementor-element-populated">
						<div class="elementor-element elementor-element-214fb19e elementor-widget elementor-widget-heading" data-id="214fb19e" data-element_type="widget" data-widget_type="heading.default">
				<div class="elementor-widget-container">
					<h2 class="elementor-heading-title elementor-size-default">Izabela Kościesza</h2>				</div>
				</div>
					</div>
		</div>
					</div>
		</section>
				<section class="elementor-section elementor-top-section elementor-element elementor-element-208796d2 elementor-section-boxed elementor-section-height-default elementor-section-height-default" data-id="208796d2" data-element_type="section">
						<div class="elementor-container elementor-column-gap-default">
					<div class="elementor-column elementor-col-50 elementor-top-column elementor-element elementor-element-2998c263" data-id="2998c263" data-element_type="column">
			<div class="elementor-widget-wrap elementor-element-populated">
						<div class="elementor-element elementor-element-4f2be069 elementor-widget elementor-widget-image" data-id="4f2be069" data-element_type="widget" data-widget_type="image.default">
				<div class="elementor-widget-container">
												<figure class="wp-caption">
										<img fetchpriority="high" decoding="async" width="634" height="800" src="https://wsm.art.pl/wp-content/uploads/2022/05/Izabela_Kosciesza.png" class="attachment-full size-full wp-image-6748" alt="" srcset="https://wsm.art.pl/wp-content/uploads/2022/05/Izabela_Kosciesza.png 634w, https://wsm.art.pl/wp-content/uploads/2022/05/Izabela_Kosciesza-238x300.png 238w" sizes="(max-width: 634px) 100vw, 634px" />											<figcaption class="widget-image-caption wp-caption-text">fot. mat. prasowe</figcaption>
										</figure>
									</div>
				</div>
					</div>
		</div>
				<div class="elementor-column elementor-col-50 elementor-top-column elementor-element elementor-element-22045959" data-id="22045959" data-element_type="column">
			<div class="elementor-widget-wrap elementor-element-populated">
						<div class="elementor-element elementor-element-20a87065 elementor-widget elementor-widget-text-editor" data-id="20a87065" data-element_type="widget" data-widget_type="text-editor.default">
				<div class="elementor-widget-container">
									<p>Choreograf, animator, pedagog; ur. 24 grudnia 1973 roku w Ostródzie. Ukończyła Wydział Pedagogiki Resocjalizacyjnej w Olsztyńskiej Szkole Wyższej w 2003 r. oraz Edukację Przedszkolną i Wczesnoszkolną w Instytucie Kształcenia Kadr Nauczycielskich w Łodzi w 2019 r. Uczestniczka licznych kursów tanecznych, choreograficznych i animacyjnych.</p><p>Jest wszechstronną tancerką i choreografem. W jej projektach znajdujemy elementy różnych stylów, od disco, przez motywy tańców orientalnych do współczesnych środków pantomimicznych. Choć nie unika projektów dla dojrzałej publiczności, jej<br />specjalnością jest praca z dziećmi i młodzieżą. W tym zakresie posiada ogromne, udokumentowane licznymi projektami doświadczenie choreograficzne i animacyjne. Od kilku lat zajmuje się też „choreografią sensoryczną”, czyli kreowaniem ruchu <br />i gestów, które poprzez system sensorów elektronicznych generują dźwięk współtworząc formę muzyczną. Na uwagę zasługuje tu zwłaszcza edukacyjny projekt sonokinetyczny (dźwiękowo-ruchowy) <em>Którędy do dźwięku?</em>, który realizowany był już blisko sto razy na terenie całej Polski i za granicą. Rozpiętość wieku uczestników sięga od 5 do 70 lat.</p>								</div>
				</div>
					</div>
		</div>
					</div>
		</section>
				</div>

<p>Izabela Kościesza fot. mat. prasowe Choreograf, animator, pedagog; ur. 24 grudnia 1973 roku w Ostródzie. Ukończyła Wydział Pedagogiki Resocjalizacyjnej w Olsztyńskiej Szkole Wyższej w 2003&hellip;</p>
