{"id":6365,"date":"2022-05-09T08:43:37","date_gmt":"2022-05-09T08:43:37","guid":{"rendered":"https:\/\/wsm.art.pl\/?page_id=6365"},"modified":"2022-05-15T18:12:25","modified_gmt":"2022-05-15T18:12:25","slug":"gralla-jan","status":"publish","type":"page","link":"https:\/\/wsm.art.pl\/?page_id=6365","title":{"rendered":"GRALLA Jan"},"content":{"rendered":"\t\t<div data-elementor-type=\"wp-page\" data-elementor-id=\"6365\" class=\"elementor elementor-6365\">\n\t\t\t\t\t\t<section class=\"elementor-section elementor-top-section elementor-element elementor-element-24110ddb elementor-section-boxed elementor-section-height-default elementor-section-height-default\" data-id=\"24110ddb\" data-element_type=\"section\">\n\t\t\t\t\t\t<div class=\"elementor-container elementor-column-gap-default\">\n\t\t\t\t\t<div class=\"elementor-column elementor-col-100 elementor-top-column elementor-element elementor-element-54220d03\" data-id=\"54220d03\" data-element_type=\"column\">\n\t\t\t<div class=\"elementor-widget-wrap elementor-element-populated\">\n\t\t\t\t\t\t<div class=\"elementor-element elementor-element-214fb19e elementor-widget elementor-widget-heading\" data-id=\"214fb19e\" data-element_type=\"widget\" data-widget_type=\"heading.default\">\n\t\t\t\t<div class=\"elementor-widget-container\">\n\t\t\t\t\t<h2 class=\"elementor-heading-title elementor-size-default\">Jan Gralla<\/h2>\t\t\t\t<\/div>\n\t\t\t\t<\/div>\n\t\t\t\t\t<\/div>\n\t\t<\/div>\n\t\t\t\t\t<\/div>\n\t\t<\/section>\n\t\t\t\t<section class=\"elementor-section elementor-top-section elementor-element elementor-element-208796d2 elementor-section-boxed elementor-section-height-default elementor-section-height-default\" data-id=\"208796d2\" data-element_type=\"section\">\n\t\t\t\t\t\t<div class=\"elementor-container elementor-column-gap-default\">\n\t\t\t\t\t<div class=\"elementor-column elementor-col-50 elementor-top-column elementor-element elementor-element-2998c263\" data-id=\"2998c263\" data-element_type=\"column\">\n\t\t\t<div class=\"elementor-widget-wrap elementor-element-populated\">\n\t\t\t\t\t\t<div class=\"elementor-element elementor-element-4f2be069 elementor-widget elementor-widget-image\" data-id=\"4f2be069\" data-element_type=\"widget\" data-widget_type=\"image.default\">\n\t\t\t\t<div class=\"elementor-widget-container\">\n\t\t\t\t\t\t\t\t\t\t\t\t<figure class=\"wp-caption\">\n\t\t\t\t\t\t\t\t\t\t<img fetchpriority=\"high\" decoding=\"async\" width=\"1000\" height=\"1500\" src=\"https:\/\/wsm.art.pl\/wp-content\/uploads\/2022\/05\/Jan-Gralla-fot.-Mateusz-Zaboklicki.jpg\" class=\"attachment-full size-full wp-image-6489\" alt=\"\" srcset=\"https:\/\/wsm.art.pl\/wp-content\/uploads\/2022\/05\/Jan-Gralla-fot.-Mateusz-Zaboklicki.jpg 1000w, https:\/\/wsm.art.pl\/wp-content\/uploads\/2022\/05\/Jan-Gralla-fot.-Mateusz-Zaboklicki-200x300.jpg 200w, https:\/\/wsm.art.pl\/wp-content\/uploads\/2022\/05\/Jan-Gralla-fot.-Mateusz-Zaboklicki-683x1024.jpg 683w, https:\/\/wsm.art.pl\/wp-content\/uploads\/2022\/05\/Jan-Gralla-fot.-Mateusz-Zaboklicki-768x1152.jpg 768w\" sizes=\"(max-width: 1000px) 100vw, 1000px\" \/>\t\t\t\t\t\t\t\t\t\t\t<figcaption class=\"widget-image-caption wp-caption-text\">fot. Mateusz \u017baboklicki<\/figcaption>\n\t\t\t\t\t\t\t\t\t\t<\/figure>\n\t\t\t\t\t\t\t\t\t<\/div>\n\t\t\t\t<\/div>\n\t\t\t\t\t<\/div>\n\t\t<\/div>\n\t\t\t\t<div class=\"elementor-column elementor-col-50 elementor-top-column elementor-element elementor-element-22045959\" data-id=\"22045959\" data-element_type=\"column\">\n\t\t\t<div class=\"elementor-widget-wrap elementor-element-populated\">\n\t\t\t\t\t\t<div class=\"elementor-element elementor-element-20a87065 elementor-widget elementor-widget-text-editor\" data-id=\"20a87065\" data-element_type=\"widget\" data-widget_type=\"text-editor.default\">\n\t\t\t\t<div class=\"elementor-widget-container\">\n\t\t\t\t\t\t\t\t\t<p class=\"western\" style=\"text-align: left;\" align=\"justify\"><span style=\"color: #222222;\"><span style=\"font-family: Arial, sans-serif;\"><span style=\"font-size: medium;\">P<\/span><\/span><\/span><span style=\"color: #222222;\"><span style=\"font-family: Arial, sans-serif;\"><span style=\"font-size: medium;\">erkusista, urodzony w Olsztynie, absolwent Pa\u0144stwowej Szko\u0142y Muzycznej I i II st. im. Fryderyka Chopina w Olsztynie w klasie mgr. Karola Jurczaka. <\/span><\/span><\/span><span style=\"color: #222222;\"><span style=\"font-family: Arial, sans-serif;\"><span style=\"font-size: medium;\">Jest studentem Uniwersytetu Muzycznego Fryderyka Chopina w Warszawie w klasie perkusji prof. Henryka Miko\u0142ajczyka oraz Mi\u0142osza P\u0119kali. <\/span><\/span><\/span><span style=\"color: #222222;\"><span style=\"font-family: Arial, sans-serif;\"><span style=\"font-size: medium;\">Swoje umiej\u0119tno\u015bci doskonali\u0142 podczas European Workshop for Contemporary Music u boku znakomitych muzyk\u00f3w <br \/>z Ensemble Recherche i Ensemble Musikfabrik. <br \/><br \/>Wsp\u00f3\u0142pracuje z zespo\u0142em muzyki nowej Chopin University Modern Ensemble, <br \/>z kt\u00f3rym mia\u0142 przyjemno\u015b\u0107 nagra\u0107 nominowan\u0105 do Nagrody Fryderyk debiutanck\u0105 p\u0142yt\u0119 oraz zagra\u0107 wiele prawykona\u0144. <\/span><\/span><\/span><span style=\"color: #222222;\"><span style=\"font-family: Arial, sans-serif;\"><span style=\"font-size: medium;\">Udziela si\u0119 r\u00f3wnie\u017c w studenckiej orkiestrze Chopin University Chamber Orchestra, z kt\u00f3r\u0105 odby\u0142 miesi\u0119czn\u0105 tras\u0119 po Chinach, bra\u0142 udzia\u0142 w licznych projektach artystycznych wyst\u0119puj\u0105c w Filharmonii Warmi\u0144sko-Mazurskiej, Filharmonii Narodowej, Operze Narodowej, Teatrze Narodowym, Nowym Teatrze, Polskim Radiu, Nowym Muzeum Sztuki NOMUS. Wsp\u00f3\u0142pracowa\u0142 r\u00f3wnie\u017c z Polsk\u0105 Orkiestr\u0105 Sinfonia Iuwentus, Polsk\u0105 Oper\u0105 Kr\u00f3lewsk\u0105, Orkiestr\u0105 Polskiego Radia, Chain Ensamble, ch\u00f3rem Collegium Musicum oraz orkiestr\u0105 Radzimira \u201eJIMKA\u201d D\u0119bskiego. Ch\u0119tnie anga\u017cuje si\u0119 we wszelkiego rodzaju koncerty muzyki wsp\u00f3\u0142czesnej, cho\u0107 nie s\u0105 mu obce r\u00f3wnie\u017c inne nurty muzyczne.<br \/><br \/><\/span><\/span><\/span><span style=\"color: #222222;\"><span style=\"font-family: Arial, sans-serif;\"><span style=\"font-size: medium;\">Jest multiinstrumentalist\u0105 i wokalist\u0105 olszty\u0144skiej grupy blackmetalowej Varmia.<\/span><\/span><\/span><\/p>\t\t\t\t\t\t\t\t<\/div>\n\t\t\t\t<\/div>\n\t\t\t\t\t<\/div>\n\t\t<\/div>\n\t\t\t\t\t<\/div>\n\t\t<\/section>\n\t\t\t\t<\/div>\n\t\t","protected":false},"excerpt":{"rendered":"<p>Jan Gralla fot. Mateusz \u017baboklicki Perkusista, urodzony w Olsztynie, absolwent Pa\u0144stwowej Szko\u0142y Muzycznej I i II st. im. Fryderyka Chopina w Olsztynie w klasie mgr.&hellip;<\/p>\n","protected":false},"author":1,"featured_media":0,"parent":0,"menu_order":0,"comment_status":"closed","ping_status":"closed","template":"","meta":{"footnotes":""},"class_list":["post-6365","page","type-page","status-publish","hentry"],"_links":{"self":[{"href":"https:\/\/wsm.art.pl\/index.php?rest_route=\/wp\/v2\/pages\/6365","targetHints":{"allow":["GET"]}}],"collection":[{"href":"https:\/\/wsm.art.pl\/index.php?rest_route=\/wp\/v2\/pages"}],"about":[{"href":"https:\/\/wsm.art.pl\/index.php?rest_route=\/wp\/v2\/types\/page"}],"author":[{"embeddable":true,"href":"https:\/\/wsm.art.pl\/index.php?rest_route=\/wp\/v2\/users\/1"}],"replies":[{"embeddable":true,"href":"https:\/\/wsm.art.pl\/index.php?rest_route=%2Fwp%2Fv2%2Fcomments&post=6365"}],"version-history":[{"count":17,"href":"https:\/\/wsm.art.pl\/index.php?rest_route=\/wp\/v2\/pages\/6365\/revisions"}],"predecessor-version":[{"id":7891,"href":"https:\/\/wsm.art.pl\/index.php?rest_route=\/wp\/v2\/pages\/6365\/revisions\/7891"}],"wp:attachment":[{"href":"https:\/\/wsm.art.pl\/index.php?rest_route=%2Fwp%2Fv2%2Fmedia&parent=6365"}],"curies":[{"name":"wp","href":"https:\/\/api.w.org\/{rel}","templated":true}]}}

<div data-elementor-type="wp-page" data-elementor-id="6365" class="elementor elementor-6365">
						<section class="elementor-section elementor-top-section elementor-element elementor-element-24110ddb elementor-section-boxed elementor-section-height-default elementor-section-height-default" data-id="24110ddb" data-element_type="section">
						<div class="elementor-container elementor-column-gap-default">
					<div class="elementor-column elementor-col-100 elementor-top-column elementor-element elementor-element-54220d03" data-id="54220d03" data-element_type="column">
			<div class="elementor-widget-wrap elementor-element-populated">
						<div class="elementor-element elementor-element-214fb19e elementor-widget elementor-widget-heading" data-id="214fb19e" data-element_type="widget" data-widget_type="heading.default">
				<div class="elementor-widget-container">
					<h2 class="elementor-heading-title elementor-size-default">Jan Gralla</h2>				</div>
				</div>
					</div>
		</div>
					</div>
		</section>
				<section class="elementor-section elementor-top-section elementor-element elementor-element-208796d2 elementor-section-boxed elementor-section-height-default elementor-section-height-default" data-id="208796d2" data-element_type="section">
						<div class="elementor-container elementor-column-gap-default">
					<div class="elementor-column elementor-col-50 elementor-top-column elementor-element elementor-element-2998c263" data-id="2998c263" data-element_type="column">
			<div class="elementor-widget-wrap elementor-element-populated">
						<div class="elementor-element elementor-element-4f2be069 elementor-widget elementor-widget-image" data-id="4f2be069" data-element_type="widget" data-widget_type="image.default">
				<div class="elementor-widget-container">
												<figure class="wp-caption">
										<img fetchpriority="high" decoding="async" width="1000" height="1500" src="https://wsm.art.pl/wp-content/uploads/2022/05/Jan-Gralla-fot.-Mateusz-Zaboklicki.jpg" class="attachment-full size-full wp-image-6489" alt="" srcset="https://wsm.art.pl/wp-content/uploads/2022/05/Jan-Gralla-fot.-Mateusz-Zaboklicki.jpg 1000w, https://wsm.art.pl/wp-content/uploads/2022/05/Jan-Gralla-fot.-Mateusz-Zaboklicki-200x300.jpg 200w, https://wsm.art.pl/wp-content/uploads/2022/05/Jan-Gralla-fot.-Mateusz-Zaboklicki-683x1024.jpg 683w, https://wsm.art.pl/wp-content/uploads/2022/05/Jan-Gralla-fot.-Mateusz-Zaboklicki-768x1152.jpg 768w" sizes="(max-width: 1000px) 100vw, 1000px" />											<figcaption class="widget-image-caption wp-caption-text">fot. Mateusz Żaboklicki</figcaption>
										</figure>
									</div>
				</div>
					</div>
		</div>
				<div class="elementor-column elementor-col-50 elementor-top-column elementor-element elementor-element-22045959" data-id="22045959" data-element_type="column">
			<div class="elementor-widget-wrap elementor-element-populated">
						<div class="elementor-element elementor-element-20a87065 elementor-widget elementor-widget-text-editor" data-id="20a87065" data-element_type="widget" data-widget_type="text-editor.default">
				<div class="elementor-widget-container">
									<p class="western" style="text-align: left;" align="justify"><span style="color: #222222;"><span style="font-family: Arial, sans-serif;"><span style="font-size: medium;">P</span></span></span><span style="color: #222222;"><span style="font-family: Arial, sans-serif;"><span style="font-size: medium;">erkusista, urodzony w Olsztynie, absolwent Państwowej Szkoły Muzycznej I i II st. im. Fryderyka Chopina w Olsztynie w klasie mgr. Karola Jurczaka. </span></span></span><span style="color: #222222;"><span style="font-family: Arial, sans-serif;"><span style="font-size: medium;">Jest studentem Uniwersytetu Muzycznego Fryderyka Chopina w Warszawie w klasie perkusji prof. Henryka Mikołajczyka oraz Miłosza Pękali. </span></span></span><span style="color: #222222;"><span style="font-family: Arial, sans-serif;"><span style="font-size: medium;">Swoje umiejętności doskonalił podczas European Workshop for Contemporary Music u boku znakomitych muzyków <br />z Ensemble Recherche i Ensemble Musikfabrik. <br /><br />Współpracuje z zespołem muzyki nowej Chopin University Modern Ensemble, <br />z którym miał przyjemność nagrać nominowaną do Nagrody Fryderyk debiutancką płytę oraz zagrać wiele prawykonań. </span></span></span><span style="color: #222222;"><span style="font-family: Arial, sans-serif;"><span style="font-size: medium;">Udziela się również w studenckiej orkiestrze Chopin University Chamber Orchestra, z którą odbył miesięczną trasę po Chinach, brał udział w licznych projektach artystycznych występując w Filharmonii Warmińsko-Mazurskiej, Filharmonii Narodowej, Operze Narodowej, Teatrze Narodowym, Nowym Teatrze, Polskim Radiu, Nowym Muzeum Sztuki NOMUS. Współpracował również z Polską Orkiestrą Sinfonia Iuwentus, Polską Operą Królewską, Orkiestrą Polskiego Radia, Chain Ensamble, chórem Collegium Musicum oraz orkiestrą Radzimira „JIMKA” Dębskiego. Chętnie angażuje się we wszelkiego rodzaju koncerty muzyki współczesnej, choć nie są mu obce również inne nurty muzyczne.<br /><br /></span></span></span><span style="color: #222222;"><span style="font-family: Arial, sans-serif;"><span style="font-size: medium;">Jest multiinstrumentalistą i wokalistą olsztyńskiej grupy blackmetalowej Varmia.</span></span></span></p>								</div>
				</div>
					</div>
		</div>
					</div>
		</section>
				</div>

<p>Jan Gralla fot. Mateusz Żaboklicki Perkusista, urodzony w Olsztynie, absolwent Państwowej Szkoły Muzycznej I i II st. im. Fryderyka Chopina w Olsztynie w klasie mgr.&hellip;</p>
