{"id":6333,"date":"2022-05-09T08:38:37","date_gmt":"2022-05-09T08:38:37","guid":{"rendered":"https:\/\/wsm.art.pl\/?page_id=6333"},"modified":"2022-05-15T18:20:14","modified_gmt":"2022-05-15T18:20:14","slug":"lopacki-marcin-2","status":"publish","type":"page","link":"https:\/\/wsm.art.pl\/?page_id=6333","title":{"rendered":"\u0141OPACKI Marcin"},"content":{"rendered":"\t\t<div data-elementor-type=\"wp-page\" data-elementor-id=\"6333\" class=\"elementor elementor-6333\">\n\t\t\t\t\t\t<section class=\"elementor-section elementor-top-section elementor-element elementor-element-24110ddb elementor-section-boxed elementor-section-height-default elementor-section-height-default\" data-id=\"24110ddb\" data-element_type=\"section\">\n\t\t\t\t\t\t<div class=\"elementor-container elementor-column-gap-default\">\n\t\t\t\t\t<div class=\"elementor-column elementor-col-100 elementor-top-column elementor-element elementor-element-54220d03\" data-id=\"54220d03\" data-element_type=\"column\">\n\t\t\t<div class=\"elementor-widget-wrap elementor-element-populated\">\n\t\t\t\t\t\t<div class=\"elementor-element elementor-element-214fb19e elementor-widget elementor-widget-heading\" data-id=\"214fb19e\" data-element_type=\"widget\" data-widget_type=\"heading.default\">\n\t\t\t\t<div class=\"elementor-widget-container\">\n\t\t\t\t\t<h2 class=\"elementor-heading-title elementor-size-default\">Marcin \u0141opacki<\/h2>\t\t\t\t<\/div>\n\t\t\t\t<\/div>\n\t\t\t\t\t<\/div>\n\t\t<\/div>\n\t\t\t\t\t<\/div>\n\t\t<\/section>\n\t\t\t\t<section class=\"elementor-section elementor-top-section elementor-element elementor-element-208796d2 elementor-section-boxed elementor-section-height-default elementor-section-height-default\" data-id=\"208796d2\" data-element_type=\"section\">\n\t\t\t\t\t\t<div class=\"elementor-container elementor-column-gap-default\">\n\t\t\t\t\t<div class=\"elementor-column elementor-col-50 elementor-top-column elementor-element elementor-element-2998c263\" data-id=\"2998c263\" data-element_type=\"column\">\n\t\t\t<div class=\"elementor-widget-wrap elementor-element-populated\">\n\t\t\t\t\t\t<div class=\"elementor-element elementor-element-4f2be069 elementor-widget elementor-widget-image\" data-id=\"4f2be069\" data-element_type=\"widget\" data-widget_type=\"image.default\">\n\t\t\t\t<div class=\"elementor-widget-container\">\n\t\t\t\t\t\t\t\t\t\t\t\t<figure class=\"wp-caption\">\n\t\t\t\t\t\t\t\t\t\t<img decoding=\"async\" src=\"https:\/\/wsm.art.pl\/wp-content\/uploads\/elementor\/thumbs\/Marcin-Lopacki-fot.-Maria-Kuleszo-polrz2sq5odems9qbn4374mrnkd23ch1rz75bdiirs.jpg\" title=\"Marcin \u0141opacki fot. Maria Kuleszo\" alt=\"Marcin \u0141opacki fot. Maria Kuleszo\" loading=\"lazy\" \/>\t\t\t\t\t\t\t\t\t\t\t<figcaption class=\"widget-image-caption wp-caption-text\">fot. Maria Kuleszo<\/figcaption>\n\t\t\t\t\t\t\t\t\t\t<\/figure>\n\t\t\t\t\t\t\t\t\t<\/div>\n\t\t\t\t<\/div>\n\t\t\t\t\t<\/div>\n\t\t<\/div>\n\t\t\t\t<div class=\"elementor-column elementor-col-50 elementor-top-column elementor-element elementor-element-22045959\" data-id=\"22045959\" data-element_type=\"column\">\n\t\t\t<div class=\"elementor-widget-wrap elementor-element-populated\">\n\t\t\t\t\t\t<div class=\"elementor-element elementor-element-20a87065 elementor-widget elementor-widget-text-editor\" data-id=\"20a87065\" data-element_type=\"widget\" data-widget_type=\"text-editor.default\">\n\t\t\t\t<div class=\"elementor-widget-container\">\n\t\t\t\t\t\t\t\t\t<p class=\"gmail-western\" style=\"margin: 0cm 0cm 0.0001pt; text-align: left;\"><span style=\"font-family: 'Arial',sans-serif; color: black;\">Pianista, kompozytor, dyrygent ur. w 1987 roku w Warszawie.<\/span><\/p><p class=\"gmail-western\" style=\"margin: 0cm 0cm 0.0001pt; text-align: left;\"><span style=\"font-family: 'Arial',sans-serif; color: black;\">Absolwent Uniwersytetu Muzycznego Fryderyka Chopina w Warszawie, obecnie wyk\u0142adowca macierzystej uczelni. W 2019 roku uzyska\u0142 stopie\u0144 doktora sztuki.<\/span><\/p><p class=\"gmail-western\" style=\"margin: 0cm 0cm 0.0001pt; text-align: left;\"><span style=\"font-family: 'Arial',sans-serif; color: black;\">Laureat 37 nagr\u00f3d i wyr\u00f3\u017cnie\u0144 w konkursach kompozytorskich, g\u0142\u00f3wnie mi\u0119dzynarodowych, trzykrotny laureat cyklu koncertowego <i>Muzyczne Forum M\u0142odych <\/i>Austriackiego Forum Kultury w Warszawie. Stypendysta banku Societ\u00e9 Generale (2010) oraz programu Ministra Kultury i Dziedzictwa Narodowego <i>M\u0142oda Polska <\/i>(2021).<br \/><br \/><\/span><\/p><p class=\"gmail-western\" style=\"margin: 0cm 0cm 0.0001pt; text-align: left;\"><span style=\"font-family: 'Arial',sans-serif; color: black;\">Wsp\u00f3\u0142pracowa\u0142 z wieloma instytucjami kultury, m.in.: Filharmoni\u0105 Narodow\u0105 <br \/>w Warszawie, Polsk\u0105 Orkiestr\u0105 Sinfonia Iuventus im. J. Semkowa, Warszawsk\u0105 Oper\u0105 Kameraln\u0105, Polsk\u0105 Oper\u0105 Kr\u00f3lewsk\u0105, Polskim Towarzystwem Muzyki Wsp\u00f3\u0142czesnej. W latach 2007\u201319 by\u0142 pianist\u0105-korepetytorem i asystentem dyrygenta Warszawskiego Ch\u00f3ru Ch\u0142opi\u0119cego i M\u0119skiego przy UMFC. <\/span><span style=\"font-family: 'Arial',sans-serif; color: black;\">Artysta koncertuje przede wszystkim jako pianista-kameralista. Ch\u0119tnie wsp\u00f3\u0142pracuje z licznymi wokalistami w charakterze coacha wokalnego, wykorzystuj\u0105c przy tym swoje niezr\u00f3wnane umiej\u0119tno\u015bci w grze a vista.<br \/><br \/><\/span><\/p><p class=\"gmail-western\" style=\"margin: 0cm 0cm 0.0001pt; text-align: left;\"><span style=\"font-family: 'Arial',sans-serif; color: black;\">Prowadzi r\u00f3wnie\u017c aktywn\u0105 dzia\u0142alno\u015b\u0107 w organizacjach pozarz\u0105dowych: w 2007 roku zosta\u0142 powo\u0142any na cz\u0142onka zarz\u0105du stowarzyszenia Jeunesses Musicales Polska, w latach 2008\u201316 by\u0142 sekretarzem, cz\u0142onkiem zarz\u0105du a nast\u0119pnie przewodnicz\u0105cym Ko\u0142a M\u0142odych Zwi\u0105zku Kompozytor\u00f3w Polskich, w 2015 roku powo\u0142a\u0142 (wsp\u00f3lnie z Andrzejem Kara\u0142owem oraz Piotrem Zawadzkim) Fundacj\u0119 Ensemblage, kt\u00f3rej obecnie jest prezesem.<br \/><br \/><\/span><\/p><p class=\"gmail-western\" style=\"margin: 0cm 0cm 0.0001pt; text-align: left;\"><span style=\"font-family: 'Arial',sans-serif; color: black;\">Dorobek kompozytorski artysty liczy obecnie 95 opus\u00f3w, w\u015br\u00f3d kt\u00f3rych znajduj\u0105 si\u0119 m.in. 4 opery kameralne (w tym 3 tzw. scrabble-opery do w\u0142asnych libretti \u2013 gatunek stworzony przez kompozytora), utwory orkiestrowe, ch\u00f3ralne, kameralne, solowe, pie\u015bni oraz muzyka elektroakustyczna i algorytmiczna. <br \/><br \/><\/span>Wi\u0119cej informacji: <a href=\"http:\/\/www.marcinpiotrlopacki.com\"><strong>www.marcinpiotrlopacki.com<\/strong><\/a><\/p>\t\t\t\t\t\t\t\t<\/div>\n\t\t\t\t<\/div>\n\t\t\t\t\t<\/div>\n\t\t<\/div>\n\t\t\t\t\t<\/div>\n\t\t<\/section>\n\t\t\t\t<\/div>\n\t\t","protected":false},"excerpt":{"rendered":"<p>Marcin \u0141opacki fot. Maria Kuleszo Pianista, kompozytor, dyrygent ur. w 1987 roku w Warszawie. Absolwent Uniwersytetu Muzycznego Fryderyka Chopina w Warszawie, obecnie wyk\u0142adowca macierzystej uczelni.&hellip;<\/p>\n","protected":false},"author":1,"featured_media":0,"parent":0,"menu_order":0,"comment_status":"closed","ping_status":"closed","template":"","meta":{"footnotes":""},"class_list":["post-6333","page","type-page","status-publish","hentry"],"_links":{"self":[{"href":"https:\/\/wsm.art.pl\/index.php?rest_route=\/wp\/v2\/pages\/6333","targetHints":{"allow":["GET"]}}],"collection":[{"href":"https:\/\/wsm.art.pl\/index.php?rest_route=\/wp\/v2\/pages"}],"about":[{"href":"https:\/\/wsm.art.pl\/index.php?rest_route=\/wp\/v2\/types\/page"}],"author":[{"embeddable":true,"href":"https:\/\/wsm.art.pl\/index.php?rest_route=\/wp\/v2\/users\/1"}],"replies":[{"embeddable":true,"href":"https:\/\/wsm.art.pl\/index.php?rest_route=%2Fwp%2Fv2%2Fcomments&post=6333"}],"version-history":[{"count":11,"href":"https:\/\/wsm.art.pl\/index.php?rest_route=\/wp\/v2\/pages\/6333\/revisions"}],"predecessor-version":[{"id":7919,"href":"https:\/\/wsm.art.pl\/index.php?rest_route=\/wp\/v2\/pages\/6333\/revisions\/7919"}],"wp:attachment":[{"href":"https:\/\/wsm.art.pl\/index.php?rest_route=%2Fwp%2Fv2%2Fmedia&parent=6333"}],"curies":[{"name":"wp","href":"https:\/\/api.w.org\/{rel}","templated":true}]}}

ŁOPACKI Marcin

<div data-elementor-type="wp-page" data-elementor-id="6333" class="elementor elementor-6333">
						<section class="elementor-section elementor-top-section elementor-element elementor-element-24110ddb elementor-section-boxed elementor-section-height-default elementor-section-height-default" data-id="24110ddb" data-element_type="section">
						<div class="elementor-container elementor-column-gap-default">
					<div class="elementor-column elementor-col-100 elementor-top-column elementor-element elementor-element-54220d03" data-id="54220d03" data-element_type="column">
			<div class="elementor-widget-wrap elementor-element-populated">
						<div class="elementor-element elementor-element-214fb19e elementor-widget elementor-widget-heading" data-id="214fb19e" data-element_type="widget" data-widget_type="heading.default">
				<div class="elementor-widget-container">
					<h2 class="elementor-heading-title elementor-size-default">Marcin Łopacki</h2>				</div>
				</div>
					</div>
		</div>
					</div>
		</section>
				<section class="elementor-section elementor-top-section elementor-element elementor-element-208796d2 elementor-section-boxed elementor-section-height-default elementor-section-height-default" data-id="208796d2" data-element_type="section">
						<div class="elementor-container elementor-column-gap-default">
					<div class="elementor-column elementor-col-50 elementor-top-column elementor-element elementor-element-2998c263" data-id="2998c263" data-element_type="column">
			<div class="elementor-widget-wrap elementor-element-populated">
						<div class="elementor-element elementor-element-4f2be069 elementor-widget elementor-widget-image" data-id="4f2be069" data-element_type="widget" data-widget_type="image.default">
				<div class="elementor-widget-container">
												<figure class="wp-caption">
										<img decoding="async" src="https://wsm.art.pl/wp-content/uploads/elementor/thumbs/Marcin-Lopacki-fot.-Maria-Kuleszo-polrz2sq5odems9qbn4374mrnkd23ch1rz75bdiirs.jpg" title="Marcin Łopacki fot. Maria Kuleszo" alt="Marcin Łopacki fot. Maria Kuleszo" loading="lazy" />											<figcaption class="widget-image-caption wp-caption-text">fot. Maria Kuleszo</figcaption>
										</figure>
									</div>
				</div>
					</div>
		</div>
				<div class="elementor-column elementor-col-50 elementor-top-column elementor-element elementor-element-22045959" data-id="22045959" data-element_type="column">
			<div class="elementor-widget-wrap elementor-element-populated">
						<div class="elementor-element elementor-element-20a87065 elementor-widget elementor-widget-text-editor" data-id="20a87065" data-element_type="widget" data-widget_type="text-editor.default">
				<div class="elementor-widget-container">
									<p class="gmail-western" style="margin: 0cm 0cm 0.0001pt; text-align: left;"><span style="font-family: 'Arial',sans-serif; color: black;">Pianista, kompozytor, dyrygent ur. w 1987 roku w Warszawie.</span></p><p class="gmail-western" style="margin: 0cm 0cm 0.0001pt; text-align: left;"><span style="font-family: 'Arial',sans-serif; color: black;">Absolwent Uniwersytetu Muzycznego Fryderyka Chopina w Warszawie, obecnie wykładowca macierzystej uczelni. W 2019 roku uzyskał stopień doktora sztuki.</span></p><p class="gmail-western" style="margin: 0cm 0cm 0.0001pt; text-align: left;"><span style="font-family: 'Arial',sans-serif; color: black;">Laureat 37 nagród i wyróżnień w konkursach kompozytorskich, głównie międzynarodowych, trzykrotny laureat cyklu koncertowego <i>Muzyczne Forum Młodych </i>Austriackiego Forum Kultury w Warszawie. Stypendysta banku Societé Generale (2010) oraz programu Ministra Kultury i Dziedzictwa Narodowego <i>Młoda Polska </i>(2021).<br /><br /></span></p><p class="gmail-western" style="margin: 0cm 0cm 0.0001pt; text-align: left;"><span style="font-family: 'Arial',sans-serif; color: black;">Współpracował z wieloma instytucjami kultury, m.in.: Filharmonią Narodową <br />w Warszawie, Polską Orkiestrą Sinfonia Iuventus im. J. Semkowa, Warszawską Operą Kameralną, Polską Operą Królewską, Polskim Towarzystwem Muzyki Współczesnej. W latach 2007–19 był pianistą-korepetytorem i asystentem dyrygenta Warszawskiego Chóru Chłopięcego i Męskiego przy UMFC. </span><span style="font-family: 'Arial',sans-serif; color: black;">Artysta koncertuje przede wszystkim jako pianista-kameralista. Chętnie współpracuje z licznymi wokalistami w charakterze coacha wokalnego, wykorzystując przy tym swoje niezrównane umiejętności w grze a vista.<br /><br /></span></p><p class="gmail-western" style="margin: 0cm 0cm 0.0001pt; text-align: left;"><span style="font-family: 'Arial',sans-serif; color: black;">Prowadzi również aktywną działalność w organizacjach pozarządowych: w 2007 roku został powołany na członka zarządu stowarzyszenia Jeunesses Musicales Polska, w latach 2008–16 był sekretarzem, członkiem zarządu a następnie przewodniczącym Koła Młodych Związku Kompozytorów Polskich, w 2015 roku powołał (wspólnie z Andrzejem Karałowem oraz Piotrem Zawadzkim) Fundację Ensemblage, której obecnie jest prezesem.<br /><br /></span></p><p class="gmail-western" style="margin: 0cm 0cm 0.0001pt; text-align: left;"><span style="font-family: 'Arial',sans-serif; color: black;">Dorobek kompozytorski artysty liczy obecnie 95 opusów, wśród których znajdują się m.in. 4 opery kameralne (w tym 3 tzw. scrabble-opery do własnych libretti – gatunek stworzony przez kompozytora), utwory orkiestrowe, chóralne, kameralne, solowe, pieśni oraz muzyka elektroakustyczna i algorytmiczna. <br /><br /></span>Więcej informacji: <a href="http://www.marcinpiotrlopacki.com"><strong>www.marcinpiotrlopacki.com</strong></a></p>								</div>
				</div>
					</div>
		</div>
					</div>
		</section>
				</div>

<p>Marcin Łopacki fot. Maria Kuleszo Pianista, kompozytor, dyrygent ur. w 1987 roku w Warszawie. Absolwent Uniwersytetu Muzycznego Fryderyka Chopina w Warszawie, obecnie wykładowca macierzystej uczelni.&hellip;</p>
