{"id":6323,"date":"2022-05-09T08:38:08","date_gmt":"2022-05-09T08:38:08","guid":{"rendered":"https:\/\/wsm.art.pl\/?page_id=6323"},"modified":"2022-05-15T18:26:48","modified_gmt":"2022-05-15T18:26:48","slug":"von-biber-heinrich","status":"publish","type":"page","link":"https:\/\/wsm.art.pl\/?page_id=6323","title":{"rendered":"von BIBER Heinrich"},"content":{"rendered":"\t\t<div data-elementor-type=\"wp-page\" data-elementor-id=\"6323\" class=\"elementor elementor-6323\">\n\t\t\t\t\t\t<section class=\"elementor-section elementor-top-section elementor-element elementor-element-24110ddb elementor-section-boxed elementor-section-height-default elementor-section-height-default\" data-id=\"24110ddb\" data-element_type=\"section\">\n\t\t\t\t\t\t<div class=\"elementor-container elementor-column-gap-default\">\n\t\t\t\t\t<div class=\"elementor-column elementor-col-100 elementor-top-column elementor-element elementor-element-54220d03\" data-id=\"54220d03\" data-element_type=\"column\">\n\t\t\t<div class=\"elementor-widget-wrap elementor-element-populated\">\n\t\t\t\t\t\t<div class=\"elementor-element elementor-element-214fb19e elementor-widget elementor-widget-heading\" data-id=\"214fb19e\" data-element_type=\"widget\" data-widget_type=\"heading.default\">\n\t\t\t\t<div class=\"elementor-widget-container\">\n\t\t\t\t\t<h2 class=\"elementor-heading-title elementor-size-default\">Heinrich Ignaz Franz von BIBER<\/h2>\t\t\t\t<\/div>\n\t\t\t\t<\/div>\n\t\t\t\t\t<\/div>\n\t\t<\/div>\n\t\t\t\t\t<\/div>\n\t\t<\/section>\n\t\t\t\t<section class=\"elementor-section elementor-top-section elementor-element elementor-element-208796d2 elementor-section-boxed elementor-section-height-default elementor-section-height-default\" data-id=\"208796d2\" data-element_type=\"section\">\n\t\t\t\t\t\t<div class=\"elementor-container elementor-column-gap-default\">\n\t\t\t\t\t<div class=\"elementor-column elementor-col-50 elementor-top-column elementor-element elementor-element-2998c263\" data-id=\"2998c263\" data-element_type=\"column\">\n\t\t\t<div class=\"elementor-widget-wrap elementor-element-populated\">\n\t\t\t\t\t\t<div class=\"elementor-element elementor-element-4f2be069 elementor-widget elementor-widget-image\" data-id=\"4f2be069\" data-element_type=\"widget\" data-widget_type=\"image.default\">\n\t\t\t\t<div class=\"elementor-widget-container\">\n\t\t\t\t\t\t\t\t\t\t\t\t<figure class=\"wp-caption\">\n\t\t\t\t\t\t\t\t\t\t<img fetchpriority=\"high\" decoding=\"async\" width=\"649\" height=\"800\" src=\"https:\/\/wsm.art.pl\/wp-content\/uploads\/2022\/05\/Heinrich_Biber.jpg\" class=\"attachment-full size-full wp-image-7010\" alt=\"\" srcset=\"https:\/\/wsm.art.pl\/wp-content\/uploads\/2022\/05\/Heinrich_Biber.jpg 649w, https:\/\/wsm.art.pl\/wp-content\/uploads\/2022\/05\/Heinrich_Biber-243x300.jpg 243w\" sizes=\"(max-width: 649px) 100vw, 649px\" \/>\t\t\t\t\t\t\t\t\t\t\t<figcaption class=\"widget-image-caption wp-caption-text\">fot. Wikipedia<\/figcaption>\n\t\t\t\t\t\t\t\t\t\t<\/figure>\n\t\t\t\t\t\t\t\t\t<\/div>\n\t\t\t\t<\/div>\n\t\t\t\t\t<\/div>\n\t\t<\/div>\n\t\t\t\t<div class=\"elementor-column elementor-col-50 elementor-top-column elementor-element elementor-element-22045959\" data-id=\"22045959\" data-element_type=\"column\">\n\t\t\t<div class=\"elementor-widget-wrap elementor-element-populated\">\n\t\t\t\t\t\t<div class=\"elementor-element elementor-element-20a87065 elementor-widget elementor-widget-text-editor\" data-id=\"20a87065\" data-element_type=\"widget\" data-widget_type=\"text-editor.default\">\n\t\t\t\t<div class=\"elementor-widget-container\">\n\t\t\t\t\t\t\t\t\t<p>Ur. 12 sierpnia 1644 w Wartenbergu, zm. 3 maja 1704 w Salzburgu \u2013 austriacki kompozytor i barokowy skrzypek-wirtuoz pochodzenia czeskiego.<\/p><p>Wykszta\u0142cenie muzyczne zdoby\u0142 prawdopodobnie w gimnazjum jezuickim <br \/>w Opawie. Tam te\u017c zapozna\u0142 si\u0119 z Pavlem Josefem Vejvanovsk\u00fdm, czeskim kompozytorem i tr\u0119baczem, dzia\u0142aj\u0105cym przez d\u0142ugi czas w tej samej co Biber orkiestrze arcybiskupiej Kromiery\u017cu. Prawdopodobnie uczy\u0142 si\u0119 te\u017c u Schmelzera <br \/>w Wiedniu. Do 1670 by\u0142 muzykiem w kapeli dworskiej arcybiskupa Karla von Lichtenstein-Kastelkorna w O\u0142omu\u0144cu i Kromiery\u017cu. Od 1670 dzia\u0142a\u0142 na dworze arcybiskupa Maximiliana G. von Kuenburga, p\u00f3\u017aniej Johanna E. von Thuna <br \/>w Salzburgu. Od 1677 by\u0142 nauczycielem \u015bpiewu figuralnego w katedralnym ch\u00f3rze ch\u0142opi\u0119cym w Salzburgu, a od 1684 prefektem ch\u0142opi\u0119cej szko\u0142y \u015bpiewu.<\/p><p>Jest uznawany za genialnego wirtuoza i mistrza techniki skrzypcowej swojej epoki. Stosowa\u0142 w grze skrzypcowej metod\u0119 polegaj\u0105c\u0105 na przestrajaniu strun instrumentu (<em>scordatura<\/em>), dzi\u0119ki czemu mo\u017cna by\u0142o osi\u0105gn\u0105\u0107 szczeg\u00f3lnie wirtuozowskie efekty, zw\u0142aszcza w grze akordowej i polifonicznej; wykorzystywa\u0142 pe\u0142n\u0105 skal\u0119 instrumentu (G-a<sup>3<\/sup>), wysokie pozycje (do VII), tak\u017ce na strunach ni\u017cszych; wymaga\u0142 r\u00f3\u017cnych sposob\u00f3w smyczkowania, wykonywania ca\u0142ych cz\u0119\u015bci z zastosowaniem pizzicata (<em>Serenada \u00e0 5<\/em>). Sprzyja\u0142o to r\u00f3wnie\u017c wyra\u017caniu ekspresji w dzie\u0142ach symbolicznych <br \/>i pe\u0142nych afektacji religijnej (<em>Sonaty misteryjne<\/em>). Uwa\u017ca si\u0119, \u017ce osi\u0105gni\u0119cia techniki wiolinistycznej Bibera mog\u0142y zainspirowa\u0107 p\u00f3\u017aniejsze <em>24 Kaprysy<\/em> Paganiniego.<\/p><p>Biber \u017cy\u0142 na styku kultur i tradycji p\u00f3\u0142nocnej i po\u0142udniowej Europy. \u0141\u0105czy\u0142 w swojej muzyce p\u00f3\u0142nocny konstruktywizm z po\u0142udniow\u0105 zmys\u0142owo\u015bci\u0105. Pokolenie Johanna Schmelzera i Heinricha Bibera to pierwsza generacja muzyk\u00f3w w Europie, kt\u00f3ra odwa\u017cy\u0142a si\u0119 zast\u0105pi\u0107 na tak wielk\u0105 skal\u0119 retoryk\u0119 muzyki wokalnej retoryk\u0105 muzyki instrumentalnej. Muzyka Bibera reprezentuje \u015brodkowy okres baroku.<\/p><p>Z bogatej i r\u00f3\u017cnorodnej tw\u00f3rczo\u015bci Bibera szczeg\u00f3lne miejsce zajmuj\u0105 kompozycje instrumentalne (w tym ok. 25 sonat): s\u0105 to utwory o obsadzie wielog\u0142osowej, niekiedy zbli\u017conej do orkiestrowej.<\/p>\t\t\t\t\t\t\t\t<\/div>\n\t\t\t\t<\/div>\n\t\t\t\t\t<\/div>\n\t\t<\/div>\n\t\t\t\t\t<\/div>\n\t\t<\/section>\n\t\t\t\t<\/div>\n\t\t","protected":false},"excerpt":{"rendered":"<p>Heinrich Ignaz Franz von BIBER fot. Wikipedia Ur. 12 sierpnia 1644 w Wartenbergu, zm. 3 maja 1704 w Salzburgu \u2013 austriacki kompozytor i barokowy skrzypek-wirtuoz&hellip;<\/p>\n","protected":false},"author":1,"featured_media":0,"parent":0,"menu_order":0,"comment_status":"closed","ping_status":"closed","template":"","meta":{"footnotes":""},"class_list":["post-6323","page","type-page","status-publish","hentry"],"_links":{"self":[{"href":"https:\/\/wsm.art.pl\/index.php?rest_route=\/wp\/v2\/pages\/6323","targetHints":{"allow":["GET"]}}],"collection":[{"href":"https:\/\/wsm.art.pl\/index.php?rest_route=\/wp\/v2\/pages"}],"about":[{"href":"https:\/\/wsm.art.pl\/index.php?rest_route=\/wp\/v2\/types\/page"}],"author":[{"embeddable":true,"href":"https:\/\/wsm.art.pl\/index.php?rest_route=\/wp\/v2\/users\/1"}],"replies":[{"embeddable":true,"href":"https:\/\/wsm.art.pl\/index.php?rest_route=%2Fwp%2Fv2%2Fcomments&post=6323"}],"version-history":[{"count":11,"href":"https:\/\/wsm.art.pl\/index.php?rest_route=\/wp\/v2\/pages\/6323\/revisions"}],"predecessor-version":[{"id":7949,"href":"https:\/\/wsm.art.pl\/index.php?rest_route=\/wp\/v2\/pages\/6323\/revisions\/7949"}],"wp:attachment":[{"href":"https:\/\/wsm.art.pl\/index.php?rest_route=%2Fwp%2Fv2%2Fmedia&parent=6323"}],"curies":[{"name":"wp","href":"https:\/\/api.w.org\/{rel}","templated":true}]}}

<div data-elementor-type="wp-page" data-elementor-id="6323" class="elementor elementor-6323">
						<section class="elementor-section elementor-top-section elementor-element elementor-element-24110ddb elementor-section-boxed elementor-section-height-default elementor-section-height-default" data-id="24110ddb" data-element_type="section">
						<div class="elementor-container elementor-column-gap-default">
					<div class="elementor-column elementor-col-100 elementor-top-column elementor-element elementor-element-54220d03" data-id="54220d03" data-element_type="column">
			<div class="elementor-widget-wrap elementor-element-populated">
						<div class="elementor-element elementor-element-214fb19e elementor-widget elementor-widget-heading" data-id="214fb19e" data-element_type="widget" data-widget_type="heading.default">
				<div class="elementor-widget-container">
					<h2 class="elementor-heading-title elementor-size-default">Heinrich Ignaz Franz von BIBER</h2>				</div>
				</div>
					</div>
		</div>
					</div>
		</section>
				<section class="elementor-section elementor-top-section elementor-element elementor-element-208796d2 elementor-section-boxed elementor-section-height-default elementor-section-height-default" data-id="208796d2" data-element_type="section">
						<div class="elementor-container elementor-column-gap-default">
					<div class="elementor-column elementor-col-50 elementor-top-column elementor-element elementor-element-2998c263" data-id="2998c263" data-element_type="column">
			<div class="elementor-widget-wrap elementor-element-populated">
						<div class="elementor-element elementor-element-4f2be069 elementor-widget elementor-widget-image" data-id="4f2be069" data-element_type="widget" data-widget_type="image.default">
				<div class="elementor-widget-container">
												<figure class="wp-caption">
										<img fetchpriority="high" decoding="async" width="649" height="800" src="https://wsm.art.pl/wp-content/uploads/2022/05/Heinrich_Biber.jpg" class="attachment-full size-full wp-image-7010" alt="" srcset="https://wsm.art.pl/wp-content/uploads/2022/05/Heinrich_Biber.jpg 649w, https://wsm.art.pl/wp-content/uploads/2022/05/Heinrich_Biber-243x300.jpg 243w" sizes="(max-width: 649px) 100vw, 649px" />											<figcaption class="widget-image-caption wp-caption-text">fot. Wikipedia</figcaption>
										</figure>
									</div>
				</div>
					</div>
		</div>
				<div class="elementor-column elementor-col-50 elementor-top-column elementor-element elementor-element-22045959" data-id="22045959" data-element_type="column">
			<div class="elementor-widget-wrap elementor-element-populated">
						<div class="elementor-element elementor-element-20a87065 elementor-widget elementor-widget-text-editor" data-id="20a87065" data-element_type="widget" data-widget_type="text-editor.default">
				<div class="elementor-widget-container">
									<p>Ur. 12 sierpnia 1644 w Wartenbergu, zm. 3 maja 1704 w Salzburgu – austriacki kompozytor i barokowy skrzypek-wirtuoz pochodzenia czeskiego.</p><p>Wykształcenie muzyczne zdobył prawdopodobnie w gimnazjum jezuickim <br />w Opawie. Tam też zapoznał się z Pavlem Josefem Vejvanovským, czeskim kompozytorem i trębaczem, działającym przez długi czas w tej samej co Biber orkiestrze arcybiskupiej Kromieryżu. Prawdopodobnie uczył się też u Schmelzera <br />w Wiedniu. Do 1670 był muzykiem w kapeli dworskiej arcybiskupa Karla von Lichtenstein-Kastelkorna w Ołomuńcu i Kromieryżu. Od 1670 działał na dworze arcybiskupa Maximiliana G. von Kuenburga, później Johanna E. von Thuna <br />w Salzburgu. Od 1677 był nauczycielem śpiewu figuralnego w katedralnym chórze chłopięcym w Salzburgu, a od 1684 prefektem chłopięcej szkoły śpiewu.</p><p>Jest uznawany za genialnego wirtuoza i mistrza techniki skrzypcowej swojej epoki. Stosował w grze skrzypcowej metodę polegającą na przestrajaniu strun instrumentu (<em>scordatura</em>), dzięki czemu można było osiągnąć szczególnie wirtuozowskie efekty, zwłaszcza w grze akordowej i polifonicznej; wykorzystywał pełną skalę instrumentu (G-a<sup>3</sup>), wysokie pozycje (do VII), także na strunach niższych; wymagał różnych sposobów smyczkowania, wykonywania całych części z zastosowaniem pizzicata (<em>Serenada à 5</em>). Sprzyjało to również wyrażaniu ekspresji w dziełach symbolicznych <br />i pełnych afektacji religijnej (<em>Sonaty misteryjne</em>). Uważa się, że osiągnięcia techniki wiolinistycznej Bibera mogły zainspirować późniejsze <em>24 Kaprysy</em> Paganiniego.</p><p>Biber żył na styku kultur i tradycji północnej i południowej Europy. Łączył w swojej muzyce północny konstruktywizm z południową zmysłowością. Pokolenie Johanna Schmelzera i Heinricha Bibera to pierwsza generacja muzyków w Europie, która odważyła się zastąpić na tak wielką skalę retorykę muzyki wokalnej retoryką muzyki instrumentalnej. Muzyka Bibera reprezentuje środkowy okres baroku.</p><p>Z bogatej i różnorodnej twórczości Bibera szczególne miejsce zajmują kompozycje instrumentalne (w tym ok. 25 sonat): są to utwory o obsadzie wielogłosowej, niekiedy zbliżonej do orkiestrowej.</p>								</div>
				</div>
					</div>
		</div>
					</div>
		</section>
				</div>
