{"id":5973,"date":"2022-05-06T17:35:45","date_gmt":"2022-05-06T17:35:45","guid":{"rendered":"https:\/\/wsm.art.pl\/?page_id=5973"},"modified":"2024-03-15T23:25:44","modified_gmt":"2024-03-15T23:25:44","slug":"kompozytorzy-2022","status":"publish","type":"page","link":"https:\/\/wsm.art.pl\/?page_id=5973","title":{"rendered":"KOMPOZYTORZY 2022"},"content":{"rendered":"\t\t<div data-elementor-type=\"wp-page\" data-elementor-id=\"5973\" class=\"elementor elementor-5973\">\n\t\t\t\t\t\t<section class=\"elementor-section elementor-top-section elementor-element elementor-element-dda65cd elementor-section-boxed elementor-section-height-default elementor-section-height-default\" data-id=\"dda65cd\" data-element_type=\"section\">\n\t\t\t\t\t\t<div class=\"elementor-container elementor-column-gap-default\">\n\t\t\t\t\t<div class=\"elementor-column elementor-col-100 elementor-top-column elementor-element elementor-element-05cb1e1\" data-id=\"05cb1e1\" data-element_type=\"column\">\n\t\t\t<div class=\"elementor-widget-wrap elementor-element-populated\">\n\t\t\t\t\t\t<div class=\"elementor-element elementor-element-5e4ce7e elementor-widget elementor-widget-heading\" data-id=\"5e4ce7e\" data-element_type=\"widget\" data-widget_type=\"heading.default\">\n\t\t\t\t<div class=\"elementor-widget-container\">\n\t\t\t\t\t<h2 class=\"elementor-heading-title elementor-size-default\">Kompozytorzy 2022<\/h2>\t\t\t\t<\/div>\n\t\t\t\t<\/div>\n\t\t\t\t\t<\/div>\n\t\t<\/div>\n\t\t\t\t\t<\/div>\n\t\t<\/section>\n\t\t\t\t<section class=\"elementor-section elementor-top-section elementor-element elementor-element-07683a2 elementor-section-boxed elementor-section-height-default elementor-section-height-default\" data-id=\"07683a2\" data-element_type=\"section\">\n\t\t\t\t\t\t<div class=\"elementor-container elementor-column-gap-default\">\n\t\t\t\t\t<div class=\"elementor-column elementor-col-100 elementor-top-column elementor-element elementor-element-f82583c\" data-id=\"f82583c\" data-element_type=\"column\">\n\t\t\t<div class=\"elementor-widget-wrap elementor-element-populated\">\n\t\t\t\t\t\t<div class=\"elementor-element elementor-element-f013be1 elementor-widget elementor-widget-text-editor\" data-id=\"f013be1\" data-element_type=\"widget\" data-widget_type=\"text-editor.default\">\n\t\t\t\t<div class=\"elementor-widget-container\">\n\t\t\t\t\t\t\t\t\t<p><span style=\"color: #2a3b8f;\"><a style=\"color: #2a3b8f;\" href=\"https:\/\/wsm.art.pl\/?page_id=6323\">von BIBER Heinrich<\/a><\/span><br \/><span style=\"color: #2a3b8f;\"><a style=\"color: #2a3b8f;\" href=\"https:\/\/wsm.art.pl\/?page_id=6324\">B\u0141A\u017bEWICZ Marcin<\/a><\/span><br \/><span style=\"color: #2a3b8f;\"><a style=\"color: #2a3b8f;\" href=\"https:\/\/wsm.art.pl\/?page_id=6325\">BUCZY\u0143SKI Pawe\u0142<\/a><\/span><br \/><span style=\"color: #2a3b8f;\"><a style=\"color: #2a3b8f;\" href=\"https:\/\/wsm.art.pl\/?page_id=6326\">IGNATOWICZ-GLI\u0143SKA Anna<\/a><\/span><br \/><span style=\"color: #2a3b8f;\"><a style=\"color: #2a3b8f;\" href=\"https:\/\/wsm.art.pl\/?page_id=6327\">JANIAK Rafa\u0142<\/a><\/span><br \/><span style=\"color: #2a3b8f;\"><a style=\"color: #2a3b8f;\" href=\"https:\/\/wsm.art.pl\/?page_id=6368\">KAWALEROWIE B\u0141OTNI (grupa)<\/a><\/span><br \/><span style=\"color: #2a3b8f;\"><a style=\"color: #2a3b8f;\" href=\"https:\/\/wsm.art.pl\/?page_id=6329\" target=\"_blank\" rel=\"noopener\">KISIEL Iwona<\/a><\/span><br \/><span style=\"color: #2a3b8f;\"><a style=\"color: #2a3b8f;\" href=\"https:\/\/wsm.art.pl\/?page_id=6330\">KORDACZUK Jaros\u0142aw<\/a><\/span><br \/><span style=\"color: #2a3b8f;\"><a style=\"color: #2a3b8f;\" href=\"https:\/\/wsm.art.pl\/?page_id=6332\">LANDOWSKA Wanda<\/a><\/span><br \/><span style=\"color: #2a3b8f;\"><a style=\"color: #2a3b8f;\" href=\"https:\/\/wsm.art.pl\/?page_id=6333\">\u0141OPACKI Marcin<\/a><\/span><br \/><span style=\"color: #2a3b8f;\"><a style=\"color: #2a3b8f;\" href=\"https:\/\/wsm.art.pl\/?page_id=6334\">MAJCHER Marzena<\/a><\/span><br \/><span style=\"color: #2a3b8f;\"><a style=\"color: #2a3b8f;\" href=\"https:\/\/wsm.art.pl\/?page_id=6348\">OLESZKOWICZ Jan<\/a><\/span><br \/><span style=\"color: #2a3b8f;\"><a style=\"color: #2a3b8f;\" href=\"https:\/\/wsm.art.pl\/?page_id=6349\">PACIORKIEWICZ Tadeusz<\/a><\/span><br \/><span style=\"color: #2a3b8f;\"><a style=\"color: #2a3b8f;\" href=\"https:\/\/wsm.art.pl\/?page_id=6350\">RADZIWONOWICZ Tomasz<\/a><\/span><br \/><span style=\"color: #2a3b8f;\"><a style=\"color: #2a3b8f;\" href=\"https:\/\/wsm.art.pl\/?page_id=6351\">S\u0141AWI\u0143SKI Adam<\/a><\/span><br \/><span style=\"color: #2a3b8f;\"><a style=\"color: #2a3b8f;\" href=\"https:\/\/wsm.art.pl\/?page_id=6352\">S\u0141OWI\u0143SKI Krzysztof<\/a><\/span><br \/><span style=\"color: #2a3b8f;\"><a style=\"color: #2a3b8f;\" href=\"https:\/\/wsm.art.pl\/?page_id=6353\">SYSKA Agnieszka (poetka)<\/a><\/span><br \/><span style=\"color: #2a3b8f;\"><a style=\"color: #2a3b8f;\" href=\"https:\/\/wsm.art.pl\/?page_id=6354\">\u015aNIADY Marta<\/a><\/span><br \/><span style=\"color: #2a3b8f;\"><a style=\"color: #2a3b8f;\" href=\"https:\/\/wsm.art.pl\/?page_id=6355\">WERTHEIM Juliusz<\/a><\/span><\/p>\t\t\t\t\t\t\t\t<\/div>\n\t\t\t\t<\/div>\n\t\t\t\t\t<\/div>\n\t\t<\/div>\n\t\t\t\t\t<\/div>\n\t\t<\/section>\n\t\t\t\t<\/div>\n\t\t","protected":false},"excerpt":{"rendered":"<p>Kompozytorzy 2022 von BIBER HeinrichB\u0141A\u017bEWICZ MarcinBUCZY\u0143SKI Pawe\u0142IGNATOWICZ-GLI\u0143SKA AnnaJANIAK Rafa\u0142KAWALEROWIE B\u0141OTNI (grupa)KISIEL IwonaKORDACZUK Jaros\u0142awLANDOWSKA Wanda\u0141OPACKI MarcinMAJCHER MarzenaOLESZKOWICZ JanPACIORKIEWICZ TadeuszRADZIWONOWICZ TomaszS\u0141AWI\u0143SKI AdamS\u0141OWI\u0143SKI KrzysztofSYSKA Agnieszka (poetka)\u015aNIADY MartaWERTHEIM Juliusz<\/p>\n","protected":false},"author":1,"featured_media":0,"parent":0,"menu_order":0,"comment_status":"closed","ping_status":"closed","template":"","meta":{"footnotes":""},"class_list":["post-5973","page","type-page","status-publish","hentry"],"_links":{"self":[{"href":"https:\/\/wsm.art.pl\/index.php?rest_route=\/wp\/v2\/pages\/5973","targetHints":{"allow":["GET"]}}],"collection":[{"href":"https:\/\/wsm.art.pl\/index.php?rest_route=\/wp\/v2\/pages"}],"about":[{"href":"https:\/\/wsm.art.pl\/index.php?rest_route=\/wp\/v2\/types\/page"}],"author":[{"embeddable":true,"href":"https:\/\/wsm.art.pl\/index.php?rest_route=\/wp\/v2\/users\/1"}],"replies":[{"embeddable":true,"href":"https:\/\/wsm.art.pl\/index.php?rest_route=%2Fwp%2Fv2%2Fcomments&post=5973"}],"version-history":[{"count":57,"href":"https:\/\/wsm.art.pl\/index.php?rest_route=\/wp\/v2\/pages\/5973\/revisions"}],"predecessor-version":[{"id":13686,"href":"https:\/\/wsm.art.pl\/index.php?rest_route=\/wp\/v2\/pages\/5973\/revisions\/13686"}],"wp:attachment":[{"href":"https:\/\/wsm.art.pl\/index.php?rest_route=%2Fwp%2Fv2%2Fmedia&parent=5973"}],"curies":[{"name":"wp","href":"https:\/\/api.w.org\/{rel}","templated":true}]}}

<div data-elementor-type="wp-page" data-elementor-id="5973" class="elementor elementor-5973">
						<section class="elementor-section elementor-top-section elementor-element elementor-element-dda65cd elementor-section-boxed elementor-section-height-default elementor-section-height-default" data-id="dda65cd" data-element_type="section">
						<div class="elementor-container elementor-column-gap-default">
					<div class="elementor-column elementor-col-100 elementor-top-column elementor-element elementor-element-05cb1e1" data-id="05cb1e1" data-element_type="column">
			<div class="elementor-widget-wrap elementor-element-populated">
						<div class="elementor-element elementor-element-5e4ce7e elementor-widget elementor-widget-heading" data-id="5e4ce7e" data-element_type="widget" data-widget_type="heading.default">
				<div class="elementor-widget-container">
					<h2 class="elementor-heading-title elementor-size-default">Kompozytorzy 2022</h2>				</div>
				</div>
					</div>
		</div>
					</div>
		</section>
				<section class="elementor-section elementor-top-section elementor-element elementor-element-07683a2 elementor-section-boxed elementor-section-height-default elementor-section-height-default" data-id="07683a2" data-element_type="section">
						<div class="elementor-container elementor-column-gap-default">
					<div class="elementor-column elementor-col-100 elementor-top-column elementor-element elementor-element-f82583c" data-id="f82583c" data-element_type="column">
			<div class="elementor-widget-wrap elementor-element-populated">
						<div class="elementor-element elementor-element-f013be1 elementor-widget elementor-widget-text-editor" data-id="f013be1" data-element_type="widget" data-widget_type="text-editor.default">
				<div class="elementor-widget-container">
									<p><span style="color: #2a3b8f;"><a style="color: #2a3b8f;" href="https://wsm.art.pl/?page_id=6323">von BIBER Heinrich</a></span><br /><span style="color: #2a3b8f;"><a style="color: #2a3b8f;" href="https://wsm.art.pl/?page_id=6324">BŁAŻEWICZ Marcin</a></span><br /><span style="color: #2a3b8f;"><a style="color: #2a3b8f;" href="https://wsm.art.pl/?page_id=6325">BUCZYŃSKI Paweł</a></span><br /><span style="color: #2a3b8f;"><a style="color: #2a3b8f;" href="https://wsm.art.pl/?page_id=6326">IGNATOWICZ-GLIŃSKA Anna</a></span><br /><span style="color: #2a3b8f;"><a style="color: #2a3b8f;" href="https://wsm.art.pl/?page_id=6327">JANIAK Rafał</a></span><br /><span style="color: #2a3b8f;"><a style="color: #2a3b8f;" href="https://wsm.art.pl/?page_id=6368">KAWALEROWIE BŁOTNI (grupa)</a></span><br /><span style="color: #2a3b8f;"><a style="color: #2a3b8f;" href="https://wsm.art.pl/?page_id=6329" target="_blank" rel="noopener">KISIEL Iwona</a></span><br /><span style="color: #2a3b8f;"><a style="color: #2a3b8f;" href="https://wsm.art.pl/?page_id=6330">KORDACZUK Jarosław</a></span><br /><span style="color: #2a3b8f;"><a style="color: #2a3b8f;" href="https://wsm.art.pl/?page_id=6332">LANDOWSKA Wanda</a></span><br /><span style="color: #2a3b8f;"><a style="color: #2a3b8f;" href="https://wsm.art.pl/?page_id=6333">ŁOPACKI Marcin</a></span><br /><span style="color: #2a3b8f;"><a style="color: #2a3b8f;" href="https://wsm.art.pl/?page_id=6334">MAJCHER Marzena</a></span><br /><span style="color: #2a3b8f;"><a style="color: #2a3b8f;" href="https://wsm.art.pl/?page_id=6348">OLESZKOWICZ Jan</a></span><br /><span style="color: #2a3b8f;"><a style="color: #2a3b8f;" href="https://wsm.art.pl/?page_id=6349">PACIORKIEWICZ Tadeusz</a></span><br /><span style="color: #2a3b8f;"><a style="color: #2a3b8f;" href="https://wsm.art.pl/?page_id=6350">RADZIWONOWICZ Tomasz</a></span><br /><span style="color: #2a3b8f;"><a style="color: #2a3b8f;" href="https://wsm.art.pl/?page_id=6351">SŁAWIŃSKI Adam</a></span><br /><span style="color: #2a3b8f;"><a style="color: #2a3b8f;" href="https://wsm.art.pl/?page_id=6352">SŁOWIŃSKI Krzysztof</a></span><br /><span style="color: #2a3b8f;"><a style="color: #2a3b8f;" href="https://wsm.art.pl/?page_id=6353">SYSKA Agnieszka (poetka)</a></span><br /><span style="color: #2a3b8f;"><a style="color: #2a3b8f;" href="https://wsm.art.pl/?page_id=6354">ŚNIADY Marta</a></span><br /><span style="color: #2a3b8f;"><a style="color: #2a3b8f;" href="https://wsm.art.pl/?page_id=6355">WERTHEIM Juliusz</a></span></p>								</div>
				</div>
					</div>
		</div>
					</div>
		</section>
				</div>

<p>Kompozytorzy 2022 von BIBER HeinrichBŁAŻEWICZ MarcinBUCZYŃSKI PawełIGNATOWICZ-GLIŃSKA AnnaJANIAK RafałKAWALEROWIE BŁOTNI (grupa)KISIEL IwonaKORDACZUK JarosławLANDOWSKA WandaŁOPACKI MarcinMAJCHER MarzenaOLESZKOWICZ JanPACIORKIEWICZ TadeuszRADZIWONOWICZ TomaszSŁAWIŃSKI AdamSŁOWIŃSKI KrzysztofSYSKA Agnieszka (poetka)ŚNIADY MartaWERTHEIM Juliusz</p>
