{"id":3878,"date":"2021-05-03T14:44:18","date_gmt":"2021-05-03T14:44:18","guid":{"rendered":"https:\/\/wsm.art.pl\/?page_id=3878"},"modified":"2022-05-09T11:45:16","modified_gmt":"2022-05-09T11:45:16","slug":"marian-borkowski","status":"publish","type":"page","link":"https:\/\/wsm.art.pl\/?page_id=3878","title":{"rendered":"Marian Borkowski"},"content":{"rendered":"\t\t<div data-elementor-type=\"wp-page\" data-elementor-id=\"3878\" class=\"elementor elementor-3878\">\n\t\t\t\t\t\t<section class=\"elementor-section elementor-top-section elementor-element elementor-element-24110ddb elementor-section-boxed elementor-section-height-default elementor-section-height-default\" data-id=\"24110ddb\" data-element_type=\"section\">\n\t\t\t\t\t\t<div class=\"elementor-container elementor-column-gap-default\">\n\t\t\t\t\t<div class=\"elementor-column elementor-col-100 elementor-top-column elementor-element elementor-element-54220d03\" data-id=\"54220d03\" data-element_type=\"column\">\n\t\t\t<div class=\"elementor-widget-wrap elementor-element-populated\">\n\t\t\t\t\t\t<div class=\"elementor-element elementor-element-214fb19e elementor-widget elementor-widget-heading\" data-id=\"214fb19e\" data-element_type=\"widget\" data-widget_type=\"heading.default\">\n\t\t\t\t<div class=\"elementor-widget-container\">\n\t\t\t\t\t<h2 class=\"elementor-heading-title elementor-size-default\">Marian Borkowski<\/h2>\t\t\t\t<\/div>\n\t\t\t\t<\/div>\n\t\t\t\t\t<\/div>\n\t\t<\/div>\n\t\t\t\t\t<\/div>\n\t\t<\/section>\n\t\t\t\t<section class=\"elementor-section elementor-top-section elementor-element elementor-element-208796d2 elementor-section-boxed elementor-section-height-default elementor-section-height-default\" data-id=\"208796d2\" data-element_type=\"section\">\n\t\t\t\t\t\t<div class=\"elementor-container elementor-column-gap-default\">\n\t\t\t\t\t<div class=\"elementor-column elementor-col-50 elementor-top-column elementor-element elementor-element-2998c263\" data-id=\"2998c263\" data-element_type=\"column\">\n\t\t\t<div class=\"elementor-widget-wrap elementor-element-populated\">\n\t\t\t\t\t\t<div class=\"elementor-element elementor-element-4f2be069 elementor-widget elementor-widget-image\" data-id=\"4f2be069\" data-element_type=\"widget\" data-widget_type=\"image.default\">\n\t\t\t\t<div class=\"elementor-widget-container\">\n\t\t\t\t\t\t\t\t\t\t\t\t<figure class=\"wp-caption\">\n\t\t\t\t\t\t\t\t\t\t<img decoding=\"async\" src=\"https:\/\/wsm.art.pl\/wp-content\/uploads\/elementor\/thumbs\/BorkowskiMarian-fot.-Andrzej-Swietlik-pok6oa3fukk3psljlzil9o28e7mlvzb7i2uims1ls8.jpg\" title=\"BorkowskiMarian fot. Andrzej \u015awietlik\" alt=\"BorkowskiMarian fot. Andrzej \u015awietlik\" loading=\"lazy\" \/>\t\t\t\t\t\t\t\t\t\t\t<figcaption class=\"widget-image-caption wp-caption-text\">fot. Andrzej \u015awietlik<\/figcaption>\n\t\t\t\t\t\t\t\t\t\t<\/figure>\n\t\t\t\t\t\t\t\t\t<\/div>\n\t\t\t\t<\/div>\n\t\t\t\t\t<\/div>\n\t\t<\/div>\n\t\t\t\t<div class=\"elementor-column elementor-col-50 elementor-top-column elementor-element elementor-element-22045959\" data-id=\"22045959\" data-element_type=\"column\">\n\t\t\t<div class=\"elementor-widget-wrap elementor-element-populated\">\n\t\t\t\t\t\t<div class=\"elementor-element elementor-element-20a87065 elementor-widget elementor-widget-text-editor\" data-id=\"20a87065\" data-element_type=\"widget\" data-widget_type=\"text-editor.default\">\n\t\t\t\t<div class=\"elementor-widget-container\">\n\t\t\t\t\t\t\t\t\t<p>urodzi\u0142 si\u0119 17 sierpnia 1934 w Pabianicach. Kompozytor, muzykolog, pianista, pedagog oraz animator i organizator \u017cycia muzycznego. Studia muzyczne odby\u0142 w latach 1959-65 w Pa\u0144stwowej Wy\u017cszej Szkole Muzycznej w Warszawie w klasie kompozycji Kazimierza Sikorskiego oraz w klasach fortepianu Jana Ekiera i Natalii Hornowskiej. W tym samym czasie studiowa\u0142 muzykologi\u0119 na Uniwersytecie Warszawskim, kt\u00f3r\u0105 uko\u0144czy\u0142 pod kierunkiem J\u00f3zefa M. Chomi\u0144skiego w roku 1966. W latach 1966-1968, jako stypendysta rz\u0105du francuskiego, kontynuowa\u0142 studia kompozytorskie u Nadii Boulanger i Oliviera Messiaena w Konserwatorium Paryskim, a tak\u017ce w Konserwatorium Ameryka\u0144skim w Fontainebleau oraz u Iannisa Xenakisa w \u00c9cole Pratique des Hautes \u00c9tudes, jak r\u00f3wnie\u017c studia muzykologiczne pod kierunkiem Jacquesa Chailley i Barry S. Brooka na Universit\u00e9 Sorbonne w Pary\u017cu. Jednocze\u015bnie studiowa\u0142 filozofi\u0119 u Jeana Hyppolite i Julesa Vuillemina w Sorbonie oraz w Coll\u00e8ge de France.<\/p><p>Bra\u0142 udzia\u0142 w Mi\u0119dzynarodowych Kursach Nowej Muzyki w Darmstadt (1972, 1974) oraz w Accademia Musicale Chigiana w Sienie (1973, 1975\u00a0\u2013\u00a0 Diploma di Merito), pracuj\u0105c w zakresie kompozycji pod kierunkiem Gy\u00f6rgy Ligetiego, Iannisa Xenakisa, Karlheinza Stockhausena i Franco Donatoniego.<\/p><p>Od roku 1968 wyk\u0142adowca kompozycji i instrumentacji symfonicznej w Akademii Muzycznej im. Fryderyka Chopina w Warszawie. Od 1989 profesor sztuk muzycznych. By\u0142 prodziekanem Wydzia\u0142u Kompozycji, Dyrygentury i Teorii Muzyki (1975-1978), prorektorem Akademii (1978-1981, 1987-1990), kierownikiem Katedry Teorii Muzyki (1993-1999), dziekanem Wydzia\u0142u Kompozycji, Dyrygentury i Teorii Muzyki (1996-1999), kierownikiem Katedry Kompozycji (1999-2004), organizatorem i kierownikiem Podyplomowych Studi\u00f3w Teorii Muzyki (1998-2008) oraz Podyplomowych Studi\u00f3w Kompozycji (2000-2008). Od roku 2010 wyk\u0142ada\u0142 tak\u017ce kompozycj\u0119 w Akademii Muzycznej im. Feliksa Nowowiejskiego w Bydgoszczy. Ponadto, by\u0142 wyk\u0142adowc\u0105 na wielu kursach mistrzowskich i sympozjach kompozytorskich. Wyk\u0142ada\u0142 kompozycj\u0119 jako <em>visiting professor<\/em> i <em>guest artist<\/em> na wielu uczelniach na ca\u0142ym \u015bwiecie. Wykszta\u0142ci\u0142 grono kilkudziesi\u0119ciu kompozytor\u00f3w polskich i zagranicznych.<\/p><p>Jego utwory by\u0142y wykonywane na koncertach kameralnych i symfonicznych na ca\u0142ym \u015bwiecie, a wiele z nich zosta\u0142o nagranych w radio i telewizji (w ponad 25 krajach) oraz na ponad 50 p\u0142ytach analogowych i CD wydanych przez Acte Pr\u00e9alable, DUX, Global Sound Media (Seoul), GM Records, MTJ, Musica Sacra Edition, Olympia (Londyn), Polonia Records, Polskie Nagrania, Muza, ProViva Intersound (Monachium), Sound-Pol, Gamma CD, Veriton.<\/p><p>Jako pianista koncertowa\u0142 w kraju i za granic\u0105. Dokona\u0142 nagra\u0144 radiowych, telewizyjnych i p\u0142ytowych utwor\u00f3w w\u0142asnych i innych kompozytor\u00f3w polskich.<\/p><p>Jego dorobek naukowy obejmuje ponad 20 prac teoretycznych z zakresu teorii muzyki XX i XXI wieku, wsp\u00f3\u0142czesnych technik kompozytorskich, wsp\u00f3\u0142czesnej techniki orkiestracyjnej, sonologii, dodekafonii (a zw\u0142aszcza warsztatu kompozytorskiego Antona Weberna), muzyki polskiej XX i XXI wieku i pedagogiki kompozycji. Marian Borkowski uczestniczy\u0142 w ponad 70 mi\u0119dzynarodowych kongresach, konferencjach, sympozjach, sesjach naukowych i festiwalach w kraju i za granic\u0105.<\/p><p>Jest cz\u0142onkiem wielu organizacji muzycznych w Polsce, Belgii, Japonii i USA. W latach 1971-77 by\u0142 wiceprezesem Oddzia\u0142u Warszawskiego Zwi\u0105zku Kompozytor\u00f3w Polskich. Od 1985 jest tw\u00f3rc\u0105 i dyrektorem artystycznym Festiwalu Laboratorium Muzyki Wsp\u00f3\u0142czesnej, a od 1995 prezesem Stowarzyszenia Laboratorium Muzyki Wsp\u00f3\u0142czesnej. By\u0142 cz\u0142onkiem jury wielu krajowych (w ponad 70) i zagranicznych (w ponad 20) konkurs\u00f3w kompozytorskich i wykonawczych.<\/p><p>Jest laureatem wielu nagr\u00f3d w konkursach kompozytorskich, Nagr\u00f3d Ministra Kultury i Sztuki (1976, 1980, 1982, 2004, 2008).<\/p><p>Odznaczony Srebrnym Krzy\u017cem Zas\u0142ugi (1977), Srebrnym Medalem Premio Vittorio Gui (W\u0142ochy, 1979), Medalem Akademii Muzycznej im. Fryderyka Chopina (1981), Krzy\u017cem Kawalerskim Orderu Odrodzenia Polski (1984), odznak\u0105 Zas\u0142u\u017cony Dzia\u0142acz Kultury (1985), Medalem Uniwersytetu Narodowego w Seulu (1988), Krzy\u017cem Komandorskim Orderu Odrodzenia Polski (2002), Honorowej Plakiety Akademii Muzycznej im. F. Chopina (2004), Medalem honorowym Pontificia Universidad Cat\u00f3lica de Valpara\u00edso (Chile, 2004) oraz Srebrnym Wawrzynem Olimpijskim (2004). Otrzyma\u0142 honorowe cz\u0142onkostwo Stowarzyszenia \u201eMusica Sacra\u201d (2004) i Towarzystwa im. Karola Nicze (2006). W roku 2008 otrzyma\u0142 Honorow\u0105 Nagrod\u0119 Zwi\u0105zku Kompozytor\u00f3w Polskich oraz Srebrny Medal \u201eZas\u0142u\u017cony Kulturze Polskiej \u2013 Gloria Artis\u201d. W 2009 otrzyma\u0142 Nagrod\u0119 im. \u015bw. Brata Alberta, a w 2010 Medal \u201eZa zas\u0142ugi dla Uniwersytetu Muzycznego Fryderyka Chopina\u201d oraz Nagrod\u0119 Stowarzyszenia Autor\u00f3w ZAiKS.<\/p><p>W roku 2011 otrzyma\u0142 Nagrod\u0119 Akademii Fonograficznej FRYDERYK w kategorii \u201eKompozytor Roku\u201d. W roku 2012 zosta\u0142 odznaczony Medalem Komisji Edukacji Narodowej i otrzyma\u0142 \u201eGrand Prix\u201d Rektora Uniwersytetu Muzycznego Fryderyka Chopina w Warszawie.<\/p><p><em>\u00a0<\/em><\/p>\t\t\t\t\t\t\t\t<\/div>\n\t\t\t\t<\/div>\n\t\t\t\t\t<\/div>\n\t\t<\/div>\n\t\t\t\t\t<\/div>\n\t\t<\/section>\n\t\t\t\t<\/div>\n\t\t","protected":false},"excerpt":{"rendered":"<p>Marian Borkowski fot. Andrzej \u015awietlik urodzi\u0142 si\u0119 17 sierpnia 1934 w Pabianicach. Kompozytor, muzykolog, pianista, pedagog oraz animator i organizator \u017cycia muzycznego. Studia muzyczne odby\u0142&hellip;<\/p>\n","protected":false},"author":1,"featured_media":0,"parent":0,"menu_order":0,"comment_status":"closed","ping_status":"closed","template":"","meta":{"footnotes":""},"class_list":["post-3878","page","type-page","status-publish","hentry"],"_links":{"self":[{"href":"https:\/\/wsm.art.pl\/index.php?rest_route=\/wp\/v2\/pages\/3878","targetHints":{"allow":["GET"]}}],"collection":[{"href":"https:\/\/wsm.art.pl\/index.php?rest_route=\/wp\/v2\/pages"}],"about":[{"href":"https:\/\/wsm.art.pl\/index.php?rest_route=\/wp\/v2\/types\/page"}],"author":[{"embeddable":true,"href":"https:\/\/wsm.art.pl\/index.php?rest_route=\/wp\/v2\/users\/1"}],"replies":[{"embeddable":true,"href":"https:\/\/wsm.art.pl\/index.php?rest_route=%2Fwp%2Fv2%2Fcomments&post=3878"}],"version-history":[{"count":40,"href":"https:\/\/wsm.art.pl\/index.php?rest_route=\/wp\/v2\/pages\/3878\/revisions"}],"predecessor-version":[{"id":6441,"href":"https:\/\/wsm.art.pl\/index.php?rest_route=\/wp\/v2\/pages\/3878\/revisions\/6441"}],"wp:attachment":[{"href":"https:\/\/wsm.art.pl\/index.php?rest_route=%2Fwp%2Fv2%2Fmedia&parent=3878"}],"curies":[{"name":"wp","href":"https:\/\/api.w.org\/{rel}","templated":true}]}}

<div data-elementor-type="wp-page" data-elementor-id="3878" class="elementor elementor-3878">
						<section class="elementor-section elementor-top-section elementor-element elementor-element-24110ddb elementor-section-boxed elementor-section-height-default elementor-section-height-default" data-id="24110ddb" data-element_type="section">
						<div class="elementor-container elementor-column-gap-default">
					<div class="elementor-column elementor-col-100 elementor-top-column elementor-element elementor-element-54220d03" data-id="54220d03" data-element_type="column">
			<div class="elementor-widget-wrap elementor-element-populated">
						<div class="elementor-element elementor-element-214fb19e elementor-widget elementor-widget-heading" data-id="214fb19e" data-element_type="widget" data-widget_type="heading.default">
				<div class="elementor-widget-container">
					<h2 class="elementor-heading-title elementor-size-default">Marian Borkowski</h2>				</div>
				</div>
					</div>
		</div>
					</div>
		</section>
				<section class="elementor-section elementor-top-section elementor-element elementor-element-208796d2 elementor-section-boxed elementor-section-height-default elementor-section-height-default" data-id="208796d2" data-element_type="section">
						<div class="elementor-container elementor-column-gap-default">
					<div class="elementor-column elementor-col-50 elementor-top-column elementor-element elementor-element-2998c263" data-id="2998c263" data-element_type="column">
			<div class="elementor-widget-wrap elementor-element-populated">
						<div class="elementor-element elementor-element-4f2be069 elementor-widget elementor-widget-image" data-id="4f2be069" data-element_type="widget" data-widget_type="image.default">
				<div class="elementor-widget-container">
												<figure class="wp-caption">
										<img decoding="async" src="https://wsm.art.pl/wp-content/uploads/elementor/thumbs/BorkowskiMarian-fot.-Andrzej-Swietlik-pok6oa3fukk3psljlzil9o28e7mlvzb7i2uims1ls8.jpg" title="BorkowskiMarian fot. Andrzej Świetlik" alt="BorkowskiMarian fot. Andrzej Świetlik" loading="lazy" />											<figcaption class="widget-image-caption wp-caption-text">fot. Andrzej Świetlik</figcaption>
										</figure>
									</div>
				</div>
					</div>
		</div>
				<div class="elementor-column elementor-col-50 elementor-top-column elementor-element elementor-element-22045959" data-id="22045959" data-element_type="column">
			<div class="elementor-widget-wrap elementor-element-populated">
						<div class="elementor-element elementor-element-20a87065 elementor-widget elementor-widget-text-editor" data-id="20a87065" data-element_type="widget" data-widget_type="text-editor.default">
				<div class="elementor-widget-container">
									<p>urodził się 17 sierpnia 1934 w Pabianicach. Kompozytor, muzykolog, pianista, pedagog oraz animator i organizator życia muzycznego. Studia muzyczne odbył w latach 1959-65 w Państwowej Wyższej Szkole Muzycznej w Warszawie w klasie kompozycji Kazimierza Sikorskiego oraz w klasach fortepianu Jana Ekiera i Natalii Hornowskiej. W tym samym czasie studiował muzykologię na Uniwersytecie Warszawskim, którą ukończył pod kierunkiem Józefa M. Chomińskiego w roku 1966. W latach 1966-1968, jako stypendysta rządu francuskiego, kontynuował studia kompozytorskie u Nadii Boulanger i Oliviera Messiaena w Konserwatorium Paryskim, a także w Konserwatorium Amerykańskim w Fontainebleau oraz u Iannisa Xenakisa w École Pratique des Hautes Études, jak również studia muzykologiczne pod kierunkiem Jacquesa Chailley i Barry S. Brooka na Université Sorbonne w Paryżu. Jednocześnie studiował filozofię u Jeana Hyppolite i Julesa Vuillemina w Sorbonie oraz w Collège de France.</p><p>Brał udział w Międzynarodowych Kursach Nowej Muzyki w Darmstadt (1972, 1974) oraz w Accademia Musicale Chigiana w Sienie (1973, 1975 –  Diploma di Merito), pracując w zakresie kompozycji pod kierunkiem György Ligetiego, Iannisa Xenakisa, Karlheinza Stockhausena i Franco Donatoniego.</p><p>Od roku 1968 wykładowca kompozycji i instrumentacji symfonicznej w Akademii Muzycznej im. Fryderyka Chopina w Warszawie. Od 1989 profesor sztuk muzycznych. Był prodziekanem Wydziału Kompozycji, Dyrygentury i Teorii Muzyki (1975-1978), prorektorem Akademii (1978-1981, 1987-1990), kierownikiem Katedry Teorii Muzyki (1993-1999), dziekanem Wydziału Kompozycji, Dyrygentury i Teorii Muzyki (1996-1999), kierownikiem Katedry Kompozycji (1999-2004), organizatorem i kierownikiem Podyplomowych Studiów Teorii Muzyki (1998-2008) oraz Podyplomowych Studiów Kompozycji (2000-2008). Od roku 2010 wykładał także kompozycję w Akademii Muzycznej im. Feliksa Nowowiejskiego w Bydgoszczy. Ponadto, był wykładowcą na wielu kursach mistrzowskich i sympozjach kompozytorskich. Wykładał kompozycję jako <em>visiting professor</em> i <em>guest artist</em> na wielu uczelniach na całym świecie. Wykształcił grono kilkudziesięciu kompozytorów polskich i zagranicznych.</p><p>Jego utwory były wykonywane na koncertach kameralnych i symfonicznych na całym świecie, a wiele z nich zostało nagranych w radio i telewizji (w ponad 25 krajach) oraz na ponad 50 płytach analogowych i CD wydanych przez Acte Préalable, DUX, Global Sound Media (Seoul), GM Records, MTJ, Musica Sacra Edition, Olympia (Londyn), Polonia Records, Polskie Nagrania, Muza, ProViva Intersound (Monachium), Sound-Pol, Gamma CD, Veriton.</p><p>Jako pianista koncertował w kraju i za granicą. Dokonał nagrań radiowych, telewizyjnych i płytowych utworów własnych i innych kompozytorów polskich.</p><p>Jego dorobek naukowy obejmuje ponad 20 prac teoretycznych z zakresu teorii muzyki XX i XXI wieku, współczesnych technik kompozytorskich, współczesnej techniki orkiestracyjnej, sonologii, dodekafonii (a zwłaszcza warsztatu kompozytorskiego Antona Weberna), muzyki polskiej XX i XXI wieku i pedagogiki kompozycji. Marian Borkowski uczestniczył w ponad 70 międzynarodowych kongresach, konferencjach, sympozjach, sesjach naukowych i festiwalach w kraju i za granicą.</p><p>Jest członkiem wielu organizacji muzycznych w Polsce, Belgii, Japonii i USA. W latach 1971-77 był wiceprezesem Oddziału Warszawskiego Związku Kompozytorów Polskich. Od 1985 jest twórcą i dyrektorem artystycznym Festiwalu Laboratorium Muzyki Współczesnej, a od 1995 prezesem Stowarzyszenia Laboratorium Muzyki Współczesnej. Był członkiem jury wielu krajowych (w ponad 70) i zagranicznych (w ponad 20) konkursów kompozytorskich i wykonawczych.</p><p>Jest laureatem wielu nagród w konkursach kompozytorskich, Nagród Ministra Kultury i Sztuki (1976, 1980, 1982, 2004, 2008).</p><p>Odznaczony Srebrnym Krzyżem Zasługi (1977), Srebrnym Medalem Premio Vittorio Gui (Włochy, 1979), Medalem Akademii Muzycznej im. Fryderyka Chopina (1981), Krzyżem Kawalerskim Orderu Odrodzenia Polski (1984), odznaką Zasłużony Działacz Kultury (1985), Medalem Uniwersytetu Narodowego w Seulu (1988), Krzyżem Komandorskim Orderu Odrodzenia Polski (2002), Honorowej Plakiety Akademii Muzycznej im. F. Chopina (2004), Medalem honorowym Pontificia Universidad Católica de Valparaíso (Chile, 2004) oraz Srebrnym Wawrzynem Olimpijskim (2004). Otrzymał honorowe członkostwo Stowarzyszenia „Musica Sacra” (2004) i Towarzystwa im. Karola Nicze (2006). W roku 2008 otrzymał Honorową Nagrodę Związku Kompozytorów Polskich oraz Srebrny Medal „Zasłużony Kulturze Polskiej – Gloria Artis”. W 2009 otrzymał Nagrodę im. św. Brata Alberta, a w 2010 Medal „Za zasługi dla Uniwersytetu Muzycznego Fryderyka Chopina” oraz Nagrodę Stowarzyszenia Autorów ZAiKS.</p><p>W roku 2011 otrzymał Nagrodę Akademii Fonograficznej FRYDERYK w kategorii „Kompozytor Roku”. W roku 2012 został odznaczony Medalem Komisji Edukacji Narodowej i otrzymał „Grand Prix” Rektora Uniwersytetu Muzycznego Fryderyka Chopina w Warszawie.</p><p><em> </em></p>								</div>
				</div>
					</div>
		</div>
					</div>
		</section>
				</div>

<p>Marian Borkowski fot. Andrzej Świetlik urodził się 17 sierpnia 1934 w Pabianicach. Kompozytor, muzykolog, pianista, pedagog oraz animator i organizator życia muzycznego. Studia muzyczne odbył&hellip;</p>
