{"id":3420,"date":"2021-05-01T10:03:39","date_gmt":"2021-05-01T10:03:39","guid":{"rendered":"https:\/\/wsm.art.pl\/?page_id=3420"},"modified":"2021-05-06T13:56:06","modified_gmt":"2021-05-06T13:56:06","slug":"jan-milosz-zarzycki-en","status":"publish","type":"page","link":"https:\/\/wsm.art.pl\/?page_id=3420","title":{"rendered":"Jan Mi\u0142osz Zarzycki EN"},"content":{"rendered":"\t\t<div data-elementor-type=\"wp-page\" data-elementor-id=\"3420\" class=\"elementor elementor-3420\">\n\t\t\t\t\t\t<section class=\"elementor-section elementor-top-section elementor-element elementor-element-24110ddb elementor-section-boxed elementor-section-height-default elementor-section-height-default\" data-id=\"24110ddb\" data-element_type=\"section\">\n\t\t\t\t\t\t<div class=\"elementor-container elementor-column-gap-default\">\n\t\t\t\t\t<div class=\"elementor-column elementor-col-100 elementor-top-column elementor-element elementor-element-54220d03\" data-id=\"54220d03\" data-element_type=\"column\">\n\t\t\t<div class=\"elementor-widget-wrap elementor-element-populated\">\n\t\t\t\t\t\t<div class=\"elementor-element elementor-element-214fb19e elementor-widget elementor-widget-heading\" data-id=\"214fb19e\" data-element_type=\"widget\" data-widget_type=\"heading.default\">\n\t\t\t\t<div class=\"elementor-widget-container\">\n\t\t\t\t\t<h2 class=\"elementor-heading-title elementor-size-default\">Jan Mi\u0142osz Zarzycki<\/h2>\t\t\t\t<\/div>\n\t\t\t\t<\/div>\n\t\t\t\t\t<\/div>\n\t\t<\/div>\n\t\t\t\t\t<\/div>\n\t\t<\/section>\n\t\t\t\t<section class=\"elementor-section elementor-top-section elementor-element elementor-element-208796d2 elementor-section-boxed elementor-section-height-default elementor-section-height-default\" data-id=\"208796d2\" data-element_type=\"section\">\n\t\t\t\t\t\t<div class=\"elementor-container elementor-column-gap-default\">\n\t\t\t\t\t<div class=\"elementor-column elementor-col-50 elementor-top-column elementor-element elementor-element-2998c263\" data-id=\"2998c263\" data-element_type=\"column\">\n\t\t\t<div class=\"elementor-widget-wrap elementor-element-populated\">\n\t\t\t\t\t\t<div class=\"elementor-element elementor-element-4f2be069 elementor-widget elementor-widget-image\" data-id=\"4f2be069\" data-element_type=\"widget\" data-widget_type=\"image.default\">\n\t\t\t\t<div class=\"elementor-widget-container\">\n\t\t\t\t\t\t\t\t\t\t\t\t<figure class=\"wp-caption\">\n\t\t\t\t\t\t\t\t\t\t<img fetchpriority=\"high\" decoding=\"async\" width=\"515\" height=\"714\" src=\"https:\/\/wsm.art.pl\/wp-content\/uploads\/2021\/04\/Jan-Milosz-Zarzycki-1-1.jpg\" class=\"attachment-medium_large size-medium_large wp-image-2379\" alt=\"\" srcset=\"https:\/\/wsm.art.pl\/wp-content\/uploads\/2021\/04\/Jan-Milosz-Zarzycki-1-1.jpg 515w, https:\/\/wsm.art.pl\/wp-content\/uploads\/2021\/04\/Jan-Milosz-Zarzycki-1-1-216x300.jpg 216w\" sizes=\"(max-width: 515px) 100vw, 515px\" \/>\t\t\t\t\t\t\t\t\t\t\t<figcaption class=\"widget-image-caption wp-caption-text\">fot. Jerzy Chaberek<\/figcaption>\n\t\t\t\t\t\t\t\t\t\t<\/figure>\n\t\t\t\t\t\t\t\t\t<\/div>\n\t\t\t\t<\/div>\n\t\t\t\t\t<\/div>\n\t\t<\/div>\n\t\t\t\t<div class=\"elementor-column elementor-col-50 elementor-top-column elementor-element elementor-element-22045959\" data-id=\"22045959\" data-element_type=\"column\">\n\t\t\t<div class=\"elementor-widget-wrap elementor-element-populated\">\n\t\t\t\t\t\t<div class=\"elementor-element elementor-element-20a87065 elementor-widget elementor-widget-text-editor\" data-id=\"20a87065\" data-element_type=\"widget\" data-widget_type=\"text-editor.default\">\n\t\t\t\t<div class=\"elementor-widget-container\">\n\t\t\t\t\t\t\t\t\t<p>Managing and Artistic Director of the Witold Lutos\u0142awski Chamber Philharmonic in \u0141om\u017ca. He is also a Professor at the Fryderyk Chopin University of Music in Warsaw. He is a prize winner of international competitions in Italy, Spain and Hungary.<br \/>He studied conducting with Marek Pijarowski at the Music Academy in Wroc\u0142aw, gaining a diploma with distinction in 1994. He continued his studies in Vienna and Berlin, under the guidance of such famous conductors as Seiji Ozawa, Kurt Masur and Claudio Abbado. Before taking up conducting, he had graduated in violin performance from the Music Academy in Katowice (in 1990) and won several awards at violin competitions. He also finished Post-graduate Studies for Artists and Culture Animators at the Department of Management of Warsaw University.<br \/>In 1988 he became Music Director of the Jeunesses Musicales Student Chamber Orchestra at the Music Academy in Katowice, and in 1992-1993 he worked closely with the State Opera in Wroc\u0142aw. He was one of the two First Prize winners at the First Witold Lutos\u0142awski National Conductors\u2019 Competition in Bia\u0142ystok in 1994, receiving also three special awards (including the Award from the Orchestra). Having won Third Prize at the 7th Arturo Toscanini International Conductors\u2019 Competition in Parma in 1997, he was invited to conduct the Arturo Toscanini Symphony Orchestra of Emilia Romagna on a tour of Italy.<br \/>He has worked with the National Polish Radio Symphony Orchestra in Katowice, Sinfonia Varsovia, the Warsaw Chamber Opera. In 1999 he was nominated the lecturer and a member of Conducting Faculty at Fryderyk Chopin University of Music in Warsaw. From this time on, he has also been conducting International Youth Music Workshop in Szczecin (as its artistic director and conductor). In 2004 he won the competition for the post of the head and artistic manager of \u0141om\u017ca Chamber Orchestra.<br \/>He has conducted all of Poland\u2019s symphony orchestras. Foreign tours have taken him to Germany, France, Austria, Holland, the Czech Republic, Russia, Italy, Ukraine, Macedonia, the United States, Portugal, Mexico, Lebanon, Spain, Norway, Belgium, Lithuania and Belarus. So far, he has recorded 20 albums, one of which won the Fryderyk Award 2019 of the Polish recording industry, five won a nomination to the Fryderyk Award and two to the International Classical Music Awards. He is regularly invited to be part of jury committees of international music competitions in Italy and Bulgaria.<br \/>His honours include a Special Award from the Minister of Culture and National Heritage in recognition of the invaluable contribution to Polish musical culture (2008) and a diploma for his outstanding achievements in the preservation of Chopin&#8217;s legacy (2011 and 2013). Furthermore, in 2013 he was honoured with Medal for Merit to Culture &#8211; Gloria Artis Medal, Podlaskie Voivodeship Marshal&#8217;s Award for extraordinary achievements in the field of artistic creation, popularisation and preservation of culture and the President of the Lomza Award for special achievements in the field of culture. In 2014 by the decision of the Polish president, Jan Mi\u0142osz Zarzycki has become the Professor of Musical Arts.<\/p>\t\t\t\t\t\t\t\t<\/div>\n\t\t\t\t<\/div>\n\t\t\t\t\t<\/div>\n\t\t<\/div>\n\t\t\t\t\t<\/div>\n\t\t<\/section>\n\t\t\t\t<\/div>\n\t\t","protected":false},"excerpt":{"rendered":"<p>Jan Mi\u0142osz Zarzycki fot. Jerzy Chaberek Managing and Artistic Director of the Witold Lutos\u0142awski Chamber Philharmonic in \u0141om\u017ca. He is also a Professor at the&hellip;<\/p>\n","protected":false},"author":1,"featured_media":0,"parent":0,"menu_order":0,"comment_status":"closed","ping_status":"closed","template":"","meta":{"footnotes":""},"class_list":["post-3420","page","type-page","status-publish","hentry"],"_links":{"self":[{"href":"https:\/\/wsm.art.pl\/index.php?rest_route=\/wp\/v2\/pages\/3420","targetHints":{"allow":["GET"]}}],"collection":[{"href":"https:\/\/wsm.art.pl\/index.php?rest_route=\/wp\/v2\/pages"}],"about":[{"href":"https:\/\/wsm.art.pl\/index.php?rest_route=\/wp\/v2\/types\/page"}],"author":[{"embeddable":true,"href":"https:\/\/wsm.art.pl\/index.php?rest_route=\/wp\/v2\/users\/1"}],"replies":[{"embeddable":true,"href":"https:\/\/wsm.art.pl\/index.php?rest_route=%2Fwp%2Fv2%2Fcomments&post=3420"}],"version-history":[{"count":8,"href":"https:\/\/wsm.art.pl\/index.php?rest_route=\/wp\/v2\/pages\/3420\/revisions"}],"predecessor-version":[{"id":4240,"href":"https:\/\/wsm.art.pl\/index.php?rest_route=\/wp\/v2\/pages\/3420\/revisions\/4240"}],"wp:attachment":[{"href":"https:\/\/wsm.art.pl\/index.php?rest_route=%2Fwp%2Fv2%2Fmedia&parent=3420"}],"curies":[{"name":"wp","href":"https:\/\/api.w.org\/{rel}","templated":true}]}}

Jan Miłosz Zarzycki EN

<div data-elementor-type="wp-page" data-elementor-id="3420" class="elementor elementor-3420">
						<section class="elementor-section elementor-top-section elementor-element elementor-element-24110ddb elementor-section-boxed elementor-section-height-default elementor-section-height-default" data-id="24110ddb" data-element_type="section">
						<div class="elementor-container elementor-column-gap-default">
					<div class="elementor-column elementor-col-100 elementor-top-column elementor-element elementor-element-54220d03" data-id="54220d03" data-element_type="column">
			<div class="elementor-widget-wrap elementor-element-populated">
						<div class="elementor-element elementor-element-214fb19e elementor-widget elementor-widget-heading" data-id="214fb19e" data-element_type="widget" data-widget_type="heading.default">
				<div class="elementor-widget-container">
					<h2 class="elementor-heading-title elementor-size-default">Jan Miłosz Zarzycki</h2>				</div>
				</div>
					</div>
		</div>
					</div>
		</section>
				<section class="elementor-section elementor-top-section elementor-element elementor-element-208796d2 elementor-section-boxed elementor-section-height-default elementor-section-height-default" data-id="208796d2" data-element_type="section">
						<div class="elementor-container elementor-column-gap-default">
					<div class="elementor-column elementor-col-50 elementor-top-column elementor-element elementor-element-2998c263" data-id="2998c263" data-element_type="column">
			<div class="elementor-widget-wrap elementor-element-populated">
						<div class="elementor-element elementor-element-4f2be069 elementor-widget elementor-widget-image" data-id="4f2be069" data-element_type="widget" data-widget_type="image.default">
				<div class="elementor-widget-container">
												<figure class="wp-caption">
										<img fetchpriority="high" decoding="async" width="515" height="714" src="https://wsm.art.pl/wp-content/uploads/2021/04/Jan-Milosz-Zarzycki-1-1.jpg" class="attachment-medium_large size-medium_large wp-image-2379" alt="" srcset="https://wsm.art.pl/wp-content/uploads/2021/04/Jan-Milosz-Zarzycki-1-1.jpg 515w, https://wsm.art.pl/wp-content/uploads/2021/04/Jan-Milosz-Zarzycki-1-1-216x300.jpg 216w" sizes="(max-width: 515px) 100vw, 515px" />											<figcaption class="widget-image-caption wp-caption-text">fot. Jerzy Chaberek</figcaption>
										</figure>
									</div>
				</div>
					</div>
		</div>
				<div class="elementor-column elementor-col-50 elementor-top-column elementor-element elementor-element-22045959" data-id="22045959" data-element_type="column">
			<div class="elementor-widget-wrap elementor-element-populated">
						<div class="elementor-element elementor-element-20a87065 elementor-widget elementor-widget-text-editor" data-id="20a87065" data-element_type="widget" data-widget_type="text-editor.default">
				<div class="elementor-widget-container">
									<p>Managing and Artistic Director of the Witold Lutosławski Chamber Philharmonic in Łomża. He is also a Professor at the Fryderyk Chopin University of Music in Warsaw. He is a prize winner of international competitions in Italy, Spain and Hungary.<br />He studied conducting with Marek Pijarowski at the Music Academy in Wrocław, gaining a diploma with distinction in 1994. He continued his studies in Vienna and Berlin, under the guidance of such famous conductors as Seiji Ozawa, Kurt Masur and Claudio Abbado. Before taking up conducting, he had graduated in violin performance from the Music Academy in Katowice (in 1990) and won several awards at violin competitions. He also finished Post-graduate Studies for Artists and Culture Animators at the Department of Management of Warsaw University.<br />In 1988 he became Music Director of the Jeunesses Musicales Student Chamber Orchestra at the Music Academy in Katowice, and in 1992-1993 he worked closely with the State Opera in Wrocław. He was one of the two First Prize winners at the First Witold Lutosławski National Conductors’ Competition in Białystok in 1994, receiving also three special awards (including the Award from the Orchestra). Having won Third Prize at the 7th Arturo Toscanini International Conductors’ Competition in Parma in 1997, he was invited to conduct the Arturo Toscanini Symphony Orchestra of Emilia Romagna on a tour of Italy.<br />He has worked with the National Polish Radio Symphony Orchestra in Katowice, Sinfonia Varsovia, the Warsaw Chamber Opera. In 1999 he was nominated the lecturer and a member of Conducting Faculty at Fryderyk Chopin University of Music in Warsaw. From this time on, he has also been conducting International Youth Music Workshop in Szczecin (as its artistic director and conductor). In 2004 he won the competition for the post of the head and artistic manager of Łomża Chamber Orchestra.<br />He has conducted all of Poland’s symphony orchestras. Foreign tours have taken him to Germany, France, Austria, Holland, the Czech Republic, Russia, Italy, Ukraine, Macedonia, the United States, Portugal, Mexico, Lebanon, Spain, Norway, Belgium, Lithuania and Belarus. So far, he has recorded 20 albums, one of which won the Fryderyk Award 2019 of the Polish recording industry, five won a nomination to the Fryderyk Award and two to the International Classical Music Awards. He is regularly invited to be part of jury committees of international music competitions in Italy and Bulgaria.<br />His honours include a Special Award from the Minister of Culture and National Heritage in recognition of the invaluable contribution to Polish musical culture (2008) and a diploma for his outstanding achievements in the preservation of Chopin&#8217;s legacy (2011 and 2013). Furthermore, in 2013 he was honoured with Medal for Merit to Culture &#8211; Gloria Artis Medal, Podlaskie Voivodeship Marshal&#8217;s Award for extraordinary achievements in the field of artistic creation, popularisation and preservation of culture and the President of the Lomza Award for special achievements in the field of culture. In 2014 by the decision of the Polish president, Jan Miłosz Zarzycki has become the Professor of Musical Arts.</p>								</div>
				</div>
					</div>
		</div>
					</div>
		</section>
				</div>

<p>Jan Miłosz Zarzycki fot. Jerzy Chaberek Managing and Artistic Director of the Witold Lutosławski Chamber Philharmonic in Łomża. He is also a Professor at the&hellip;</p>
