{"id":17487,"date":"2025-04-29T20:33:01","date_gmt":"2025-04-29T20:33:01","guid":{"rendered":"https:\/\/wsm.art.pl\/?page_id=17487"},"modified":"2025-05-10T16:18:25","modified_gmt":"2025-05-10T16:18:25","slug":"2025-wielecki","status":"publish","type":"page","link":"https:\/\/wsm.art.pl\/?page_id=17487","title":{"rendered":"2025 WIELECKI Tadeusz"},"content":{"rendered":"\t\t<div data-elementor-type=\"wp-page\" data-elementor-id=\"17487\" class=\"elementor elementor-17487\">\n\t\t\t\t\t\t<section class=\"elementor-section elementor-top-section elementor-element elementor-element-8b249b1 elementor-section-boxed elementor-section-height-default elementor-section-height-default\" data-id=\"8b249b1\" data-element_type=\"section\">\n\t\t\t\t\t\t<div class=\"elementor-container elementor-column-gap-default\">\n\t\t\t\t\t<div class=\"elementor-column elementor-col-100 elementor-top-column elementor-element elementor-element-1aeb34e\" data-id=\"1aeb34e\" data-element_type=\"column\">\n\t\t\t<div class=\"elementor-widget-wrap elementor-element-populated\">\n\t\t\t\t\t\t<div class=\"elementor-element elementor-element-90cdfe6 elementor-widget elementor-widget-heading\" data-id=\"90cdfe6\" data-element_type=\"widget\" data-widget_type=\"heading.default\">\n\t\t\t\t<div class=\"elementor-widget-container\">\n\t\t\t\t\t<h2 class=\"elementor-heading-title elementor-size-default\">Tadeusz Wielecki<\/h2>\t\t\t\t<\/div>\n\t\t\t\t<\/div>\n\t\t\t\t\t<\/div>\n\t\t<\/div>\n\t\t\t\t\t<\/div>\n\t\t<\/section>\n\t\t\t\t<section class=\"elementor-section elementor-top-section elementor-element elementor-element-208796d2 elementor-section-boxed elementor-section-height-default elementor-section-height-default\" data-id=\"208796d2\" data-element_type=\"section\">\n\t\t\t\t\t\t<div class=\"elementor-container elementor-column-gap-default\">\n\t\t\t\t\t<div class=\"elementor-column elementor-col-50 elementor-top-column elementor-element elementor-element-2998c263\" data-id=\"2998c263\" data-element_type=\"column\">\n\t\t\t<div class=\"elementor-widget-wrap elementor-element-populated\">\n\t\t\t\t\t\t<div class=\"elementor-element elementor-element-4f2be069 elementor-widget__width-initial elementor-widget elementor-widget-image\" data-id=\"4f2be069\" data-element_type=\"widget\" data-widget_type=\"image.default\">\n\t\t\t\t<div class=\"elementor-widget-container\">\n\t\t\t\t\t\t\t\t\t\t\t\t<figure class=\"wp-caption\">\n\t\t\t\t\t\t\t\t\t\t<img fetchpriority=\"high\" decoding=\"async\" width=\"768\" height=\"1024\" src=\"https:\/\/wsm.art.pl\/wp-content\/uploads\/2025\/05\/Tadeusz-Wielecki-fot.-Julia-Knap-small-768x1024.jpg\" class=\"attachment-medium_large size-medium_large wp-image-17641\" alt=\"\" srcset=\"https:\/\/wsm.art.pl\/wp-content\/uploads\/2025\/05\/Tadeusz-Wielecki-fot.-Julia-Knap-small-768x1024.jpg 768w, https:\/\/wsm.art.pl\/wp-content\/uploads\/2025\/05\/Tadeusz-Wielecki-fot.-Julia-Knap-small-225x300.jpg 225w, https:\/\/wsm.art.pl\/wp-content\/uploads\/2025\/05\/Tadeusz-Wielecki-fot.-Julia-Knap-small.jpg 900w\" sizes=\"(max-width: 768px) 100vw, 768px\" \/>\t\t\t\t\t\t\t\t\t\t\t<figcaption class=\"widget-image-caption wp-caption-text\">fot. Julia Knap<\/figcaption>\n\t\t\t\t\t\t\t\t\t\t<\/figure>\n\t\t\t\t\t\t\t\t\t<\/div>\n\t\t\t\t<\/div>\n\t\t\t\t\t<\/div>\n\t\t<\/div>\n\t\t\t\t<div class=\"elementor-column elementor-col-50 elementor-top-column elementor-element elementor-element-22045959\" data-id=\"22045959\" data-element_type=\"column\">\n\t\t\t<div class=\"elementor-widget-wrap elementor-element-populated\">\n\t\t\t\t\t\t<div class=\"elementor-element elementor-element-3dba0b4 elementor-widget__width-initial elementor-widget elementor-widget-text-editor\" data-id=\"3dba0b4\" data-element_type=\"widget\" data-widget_type=\"text-editor.default\">\n\t\t\t\t<div class=\"elementor-widget-container\">\n\t\t\t\t\t\t\t\t\t<p class=\"western\" style=\"text-align: left;\" align=\"justify\"><span style=\"font-family: Arial, sans-serif;\"><span style=\"font-size: medium;\"><span lang=\"pl-PL\">U<\/span><\/span><\/span><span style=\"font-family: Arial, sans-serif;\"><span style=\"font-size: medium;\"><span lang=\"pl-PL\">r. w 1954 roku w Warszawie, studiowa\u0142 kompozycj\u0119 u W\u0142odzimierza Koto\u0144skiego oraz gr\u0119 na kontrabasie u Alfreda Wieczorka i Andrzeja Mysi\u0144skiego w warszawskiej Akademii Muzycznej. W 1986 otrzyma\u0142 stypendium Witolda Lutos\u0142awskiego, dzi\u0119ki kt\u00f3remu w latach 1986-87 kontynuowa\u0142 studia kompozytorskie u Isanga Yuna w Berlinie Zachodnim i Klausa Hubera we Fryburgu Bryzgowijskim. <\/span><\/span><\/span><\/p><p>Jako kontrabasista koncertowa\u0142 w wielu krajach Europy, a tak\u017ce w Azji i Stanach Zjednoczonych, prezentuj\u0105c wsp\u00f3\u0142czesny repertuar solowy. Uprawia r\u00f3wnie\u017c muzyk\u0119 improwizowan\u0105, graj\u0105c z zespo\u0142ami Kawalerowie B\u0142otni i Laterna. W 1995 jego <span style=\"font-family: Arial, sans-serif;\"><span style=\"font-size: medium;\"><span lang=\"pl-PL\"><i>Historia bardzo prawdziwa<\/i><\/span><\/span><\/span><span style=\"font-family: Arial, sans-serif;\"><span style=\"font-size: medium;\"><span lang=\"pl-PL\"> na ta\u015bm\u0119 uzyska\u0142a drug\u0105 nagrod\u0119 (pierwszej nie przyznano) w konkursie radiowym EAR w Budapeszcie, a w 1999 <\/span><\/span><\/span><span style=\"font-family: Arial, sans-serif;\"><span style=\"font-size: medium;\"><span lang=\"pl-PL\"><i>Koncert \u00e0 rebours<\/i><\/span><\/span><\/span><span style=\"font-family: Arial, sans-serif;\"><span style=\"font-size: medium;\"><span lang=\"pl-PL\"> na skrzypce i orkiestr\u0119 otrzyma\u0142 rekomendacj\u0119 Mi\u0119dzynarodowej Trybuny Kompozytor\u00f3w UNESCO w Pary\u017cu. Tadeusz Wielecki zajmuje si\u0119 tak\u017ce propagowaniem muzyki wsp\u00f3\u0142czesnej i edukacj\u0105 artystyczn\u0105. W Polskim Radiu prowadzi\u0142 autorskie audycje dla dzieci i m\u0142odzie\u017cy <\/span><\/span><\/span><span style=\"font-family: Arial, sans-serif;\"><span style=\"font-size: medium;\"><span lang=\"pl-PL\"><i>Co\u015b z niczego<\/i><\/span><\/span><\/span><span style=\"font-family: Arial, sans-serif;\"><span style=\"font-size: medium;\"><span lang=\"pl-PL\">, <\/span><\/span><\/span><span style=\"font-family: Arial, sans-serif;\"><span style=\"font-size: medium;\"><span lang=\"pl-PL\"><i>D\u017awi\u0119kowdzi\u0119ki<\/i><\/span><\/span><\/span><span style=\"font-family: Arial, sans-serif;\"><span style=\"font-size: medium;\"><span lang=\"pl-PL\"> i <\/span><\/span><\/span><span style=\"font-family: Arial, sans-serif;\"><span style=\"font-size: medium;\"><span lang=\"pl-PL\"><i>Przeboje muzyki wsp\u00f3\u0142czesnej<\/i><\/span><\/span><\/span><span style=\"font-family: Arial, sans-serif;\"><span style=\"font-size: medium;\"><span lang=\"pl-PL\">. Wsp\u00f3\u0142pracowa\u0142 z Centrum Sztuki Dziecka w Poznaniu i ze Stowarzyszeniem Kultury i Edukacji w Warszawie. Przewodniczy\u0142 Komitetowi Artystycznemu festiwalu Mi\u0119dzynarodowego Towarzystwa Muzyki Wsp\u00f3\u0142czesnej \u015awiatowe Dni Muzyki, kt\u00f3ry w 1992 odbywa\u0142 si\u0119 w Warszawie. W 2004 zosta\u0142 zaproszony jako wyk\u0142adowca na Mi\u0119dzynarodowe Wakacyjne Kursy Nowej Muzyki w Darmstadcie. <\/span><\/span><\/span><\/p><p>Komponowa\u0142 na zam\u00f3wienie tych kurs\u00f3w, a tak\u017ce Warszawskiej Jesieni, Filharmonii Pozna\u0144skiej, Polskiego Radia i Polskiej Orkiestry Radiowej, festiwalu Klangspuren w Schwaz (Austria), festiwalu Ad Libitum w Warszawie, Orkiestry Symfonicznej w Hiroszimie, Klangforum Wien, Orkiestry Muzyki Nowej w Katowicach, Towarzystwa im. Szymanowskiego, Forbidden City Chamber Orchestra w Pekinie, Plural Ensemble w Madrycie, holenderskiej Orkest De Ereprijs oraz dla Ensemble Intercontemporain, Warsztatu Muzycznego, Kwartetu \u015al\u0105skiego, Kwartludium, TwoGether Duo, Polskiej Orkiestry Radiowej, Narodowej Orkiestry Symfonicznej Polskiego Radia w Katowicach i innych zespo\u0142\u00f3w i instytucji.<\/p><p class=\"western\" style=\"text-align: left;\" align=\"justify\"><span style=\"font-family: Arial, sans-serif;\"><span style=\"font-size: medium;\">W latach 1999-2016 Tadeusz Wielecki by\u0142 dyrektorem Mi\u0119dzynarodowego Festiwalu Muzyki Wsp\u00f3\u0142czesnej Warszawska Jesie\u0144.<\/span><\/span><\/p>\t\t\t\t\t\t\t\t<\/div>\n\t\t\t\t<\/div>\n\t\t\t\t\t<\/div>\n\t\t<\/div>\n\t\t\t\t\t<\/div>\n\t\t<\/section>\n\t\t\t\t<\/div>\n\t\t","protected":false},"excerpt":{"rendered":"<p>Tadeusz Wielecki fot. Julia Knap Ur. w 1954 roku w Warszawie, studiowa\u0142 kompozycj\u0119 u W\u0142odzimierza Koto\u0144skiego oraz gr\u0119 na kontrabasie u Alfreda Wieczorka i Andrzeja&hellip;<\/p>\n","protected":false},"author":1,"featured_media":0,"parent":0,"menu_order":0,"comment_status":"closed","ping_status":"closed","template":"","meta":{"footnotes":""},"class_list":["post-17487","page","type-page","status-publish","hentry"],"_links":{"self":[{"href":"https:\/\/wsm.art.pl\/index.php?rest_route=\/wp\/v2\/pages\/17487","targetHints":{"allow":["GET"]}}],"collection":[{"href":"https:\/\/wsm.art.pl\/index.php?rest_route=\/wp\/v2\/pages"}],"about":[{"href":"https:\/\/wsm.art.pl\/index.php?rest_route=\/wp\/v2\/types\/page"}],"author":[{"embeddable":true,"href":"https:\/\/wsm.art.pl\/index.php?rest_route=\/wp\/v2\/users\/1"}],"replies":[{"embeddable":true,"href":"https:\/\/wsm.art.pl\/index.php?rest_route=%2Fwp%2Fv2%2Fcomments&post=17487"}],"version-history":[{"count":10,"href":"https:\/\/wsm.art.pl\/index.php?rest_route=\/wp\/v2\/pages\/17487\/revisions"}],"predecessor-version":[{"id":17647,"href":"https:\/\/wsm.art.pl\/index.php?rest_route=\/wp\/v2\/pages\/17487\/revisions\/17647"}],"wp:attachment":[{"href":"https:\/\/wsm.art.pl\/index.php?rest_route=%2Fwp%2Fv2%2Fmedia&parent=17487"}],"curies":[{"name":"wp","href":"https:\/\/api.w.org\/{rel}","templated":true}]}}

<div data-elementor-type="wp-page" data-elementor-id="17487" class="elementor elementor-17487">
						<section class="elementor-section elementor-top-section elementor-element elementor-element-8b249b1 elementor-section-boxed elementor-section-height-default elementor-section-height-default" data-id="8b249b1" data-element_type="section">
						<div class="elementor-container elementor-column-gap-default">
					<div class="elementor-column elementor-col-100 elementor-top-column elementor-element elementor-element-1aeb34e" data-id="1aeb34e" data-element_type="column">
			<div class="elementor-widget-wrap elementor-element-populated">
						<div class="elementor-element elementor-element-90cdfe6 elementor-widget elementor-widget-heading" data-id="90cdfe6" data-element_type="widget" data-widget_type="heading.default">
				<div class="elementor-widget-container">
					<h2 class="elementor-heading-title elementor-size-default">Tadeusz Wielecki</h2>				</div>
				</div>
					</div>
		</div>
					</div>
		</section>
				<section class="elementor-section elementor-top-section elementor-element elementor-element-208796d2 elementor-section-boxed elementor-section-height-default elementor-section-height-default" data-id="208796d2" data-element_type="section">
						<div class="elementor-container elementor-column-gap-default">
					<div class="elementor-column elementor-col-50 elementor-top-column elementor-element elementor-element-2998c263" data-id="2998c263" data-element_type="column">
			<div class="elementor-widget-wrap elementor-element-populated">
						<div class="elementor-element elementor-element-4f2be069 elementor-widget__width-initial elementor-widget elementor-widget-image" data-id="4f2be069" data-element_type="widget" data-widget_type="image.default">
				<div class="elementor-widget-container">
												<figure class="wp-caption">
										<img fetchpriority="high" decoding="async" width="768" height="1024" src="https://wsm.art.pl/wp-content/uploads/2025/05/Tadeusz-Wielecki-fot.-Julia-Knap-small-768x1024.jpg" class="attachment-medium_large size-medium_large wp-image-17641" alt="" srcset="https://wsm.art.pl/wp-content/uploads/2025/05/Tadeusz-Wielecki-fot.-Julia-Knap-small-768x1024.jpg 768w, https://wsm.art.pl/wp-content/uploads/2025/05/Tadeusz-Wielecki-fot.-Julia-Knap-small-225x300.jpg 225w, https://wsm.art.pl/wp-content/uploads/2025/05/Tadeusz-Wielecki-fot.-Julia-Knap-small.jpg 900w" sizes="(max-width: 768px) 100vw, 768px" />											<figcaption class="widget-image-caption wp-caption-text">fot. Julia Knap</figcaption>
										</figure>
									</div>
				</div>
					</div>
		</div>
				<div class="elementor-column elementor-col-50 elementor-top-column elementor-element elementor-element-22045959" data-id="22045959" data-element_type="column">
			<div class="elementor-widget-wrap elementor-element-populated">
						<div class="elementor-element elementor-element-3dba0b4 elementor-widget__width-initial elementor-widget elementor-widget-text-editor" data-id="3dba0b4" data-element_type="widget" data-widget_type="text-editor.default">
				<div class="elementor-widget-container">
									<p class="western" style="text-align: left;" align="justify"><span style="font-family: Arial, sans-serif;"><span style="font-size: medium;"><span lang="pl-PL">U</span></span></span><span style="font-family: Arial, sans-serif;"><span style="font-size: medium;"><span lang="pl-PL">r. w 1954 roku w Warszawie, studiował kompozycję u Włodzimierza Kotońskiego oraz grę na kontrabasie u Alfreda Wieczorka i Andrzeja Mysińskiego w warszawskiej Akademii Muzycznej. W 1986 otrzymał stypendium Witolda Lutosławskiego, dzięki któremu w latach 1986-87 kontynuował studia kompozytorskie u Isanga Yuna w Berlinie Zachodnim i Klausa Hubera we Fryburgu Bryzgowijskim. </span></span></span></p><p>Jako kontrabasista koncertował w wielu krajach Europy, a także w Azji i Stanach Zjednoczonych, prezentując współczesny repertuar solowy. Uprawia również muzykę improwizowaną, grając z zespołami Kawalerowie Błotni i Laterna. W 1995 jego <span style="font-family: Arial, sans-serif;"><span style="font-size: medium;"><span lang="pl-PL"><i>Historia bardzo prawdziwa</i></span></span></span><span style="font-family: Arial, sans-serif;"><span style="font-size: medium;"><span lang="pl-PL"> na taśmę uzyskała drugą nagrodę (pierwszej nie przyznano) w konkursie radiowym EAR w Budapeszcie, a w 1999 </span></span></span><span style="font-family: Arial, sans-serif;"><span style="font-size: medium;"><span lang="pl-PL"><i>Koncert à rebours</i></span></span></span><span style="font-family: Arial, sans-serif;"><span style="font-size: medium;"><span lang="pl-PL"> na skrzypce i orkiestrę otrzymał rekomendację Międzynarodowej Trybuny Kompozytorów UNESCO w Paryżu. Tadeusz Wielecki zajmuje się także propagowaniem muzyki współczesnej i edukacją artystyczną. W Polskim Radiu prowadził autorskie audycje dla dzieci i młodzieży </span></span></span><span style="font-family: Arial, sans-serif;"><span style="font-size: medium;"><span lang="pl-PL"><i>Coś z niczego</i></span></span></span><span style="font-family: Arial, sans-serif;"><span style="font-size: medium;"><span lang="pl-PL">, </span></span></span><span style="font-family: Arial, sans-serif;"><span style="font-size: medium;"><span lang="pl-PL"><i>Dźwiękowdzięki</i></span></span></span><span style="font-family: Arial, sans-serif;"><span style="font-size: medium;"><span lang="pl-PL"> i </span></span></span><span style="font-family: Arial, sans-serif;"><span style="font-size: medium;"><span lang="pl-PL"><i>Przeboje muzyki współczesnej</i></span></span></span><span style="font-family: Arial, sans-serif;"><span style="font-size: medium;"><span lang="pl-PL">. Współpracował z Centrum Sztuki Dziecka w Poznaniu i ze Stowarzyszeniem Kultury i Edukacji w Warszawie. Przewodniczył Komitetowi Artystycznemu festiwalu Międzynarodowego Towarzystwa Muzyki Współczesnej Światowe Dni Muzyki, który w 1992 odbywał się w Warszawie. W 2004 został zaproszony jako wykładowca na Międzynarodowe Wakacyjne Kursy Nowej Muzyki w Darmstadcie. </span></span></span></p><p>Komponował na zamówienie tych kursów, a także Warszawskiej Jesieni, Filharmonii Poznańskiej, Polskiego Radia i Polskiej Orkiestry Radiowej, festiwalu Klangspuren w Schwaz (Austria), festiwalu Ad Libitum w Warszawie, Orkiestry Symfonicznej w Hiroszimie, Klangforum Wien, Orkiestry Muzyki Nowej w Katowicach, Towarzystwa im. Szymanowskiego, Forbidden City Chamber Orchestra w Pekinie, Plural Ensemble w Madrycie, holenderskiej Orkest De Ereprijs oraz dla Ensemble Intercontemporain, Warsztatu Muzycznego, Kwartetu Śląskiego, Kwartludium, TwoGether Duo, Polskiej Orkiestry Radiowej, Narodowej Orkiestry Symfonicznej Polskiego Radia w Katowicach i innych zespołów i instytucji.</p><p class="western" style="text-align: left;" align="justify"><span style="font-family: Arial, sans-serif;"><span style="font-size: medium;">W latach 1999-2016 Tadeusz Wielecki był dyrektorem Międzynarodowego Festiwalu Muzyki Współczesnej Warszawska Jesień.</span></span></p>								</div>
				</div>
					</div>
		</div>
					</div>
		</section>
				</div>

<p>Tadeusz Wielecki fot. Julia Knap Ur. w 1954 roku w Warszawie, studiował kompozycję u Włodzimierza Kotońskiego oraz grę na kontrabasie u Alfreda Wieczorka i Andrzeja&hellip;</p>
