{"id":17451,"date":"2025-04-29T20:09:28","date_gmt":"2025-04-29T20:09:28","guid":{"rendered":"https:\/\/wsm.art.pl\/?page_id=17451"},"modified":"2025-04-29T20:10:47","modified_gmt":"2025-04-29T20:10:47","slug":"2025-panta","status":"publish","type":"page","link":"https:\/\/wsm.art.pl\/?page_id=17451","title":{"rendered":"2025 PA\u0143TA Pawe\u0142"},"content":{"rendered":"\t\t<div data-elementor-type=\"wp-page\" data-elementor-id=\"17451\" class=\"elementor elementor-17451\">\n\t\t\t\t\t\t<section class=\"elementor-section elementor-top-section elementor-element elementor-element-8b249b1 elementor-section-boxed elementor-section-height-default elementor-section-height-default\" data-id=\"8b249b1\" data-element_type=\"section\">\n\t\t\t\t\t\t<div class=\"elementor-container elementor-column-gap-default\">\n\t\t\t\t\t<div class=\"elementor-column elementor-col-100 elementor-top-column elementor-element elementor-element-1aeb34e\" data-id=\"1aeb34e\" data-element_type=\"column\">\n\t\t\t<div class=\"elementor-widget-wrap elementor-element-populated\">\n\t\t\t\t\t\t<div class=\"elementor-element elementor-element-90cdfe6 elementor-widget elementor-widget-heading\" data-id=\"90cdfe6\" data-element_type=\"widget\" data-widget_type=\"heading.default\">\n\t\t\t\t<div class=\"elementor-widget-container\">\n\t\t\t\t\t<h2 class=\"elementor-heading-title elementor-size-default\">Pawe\u0142 Pa\u0144ta<\/h2>\t\t\t\t<\/div>\n\t\t\t\t<\/div>\n\t\t\t\t\t<\/div>\n\t\t<\/div>\n\t\t\t\t\t<\/div>\n\t\t<\/section>\n\t\t\t\t<section class=\"elementor-section elementor-top-section elementor-element elementor-element-208796d2 elementor-section-boxed elementor-section-height-default elementor-section-height-default\" data-id=\"208796d2\" data-element_type=\"section\">\n\t\t\t\t\t\t<div class=\"elementor-container elementor-column-gap-default\">\n\t\t\t\t\t<div class=\"elementor-column elementor-col-50 elementor-top-column elementor-element elementor-element-2998c263\" data-id=\"2998c263\" data-element_type=\"column\">\n\t\t\t<div class=\"elementor-widget-wrap elementor-element-populated\">\n\t\t\t\t\t\t<div class=\"elementor-element elementor-element-4f2be069 elementor-widget elementor-widget-image\" data-id=\"4f2be069\" data-element_type=\"widget\" data-widget_type=\"image.default\">\n\t\t\t\t<div class=\"elementor-widget-container\">\n\t\t\t\t\t\t\t\t\t\t\t\t<figure class=\"wp-caption\">\n\t\t\t\t\t\t\t\t\t\t<img fetchpriority=\"high\" decoding=\"async\" width=\"843\" height=\"562\" src=\"https:\/\/wsm.art.pl\/wp-content\/uploads\/2025\/04\/Pawel-Panta-fot.-Przemek-Wozny-small-1024x683.jpg\" class=\"attachment-large size-large wp-image-17453\" alt=\"\" srcset=\"https:\/\/wsm.art.pl\/wp-content\/uploads\/2025\/04\/Pawel-Panta-fot.-Przemek-Wozny-small-1024x683.jpg 1024w, https:\/\/wsm.art.pl\/wp-content\/uploads\/2025\/04\/Pawel-Panta-fot.-Przemek-Wozny-small-300x200.jpg 300w, https:\/\/wsm.art.pl\/wp-content\/uploads\/2025\/04\/Pawel-Panta-fot.-Przemek-Wozny-small-768x512.jpg 768w, https:\/\/wsm.art.pl\/wp-content\/uploads\/2025\/04\/Pawel-Panta-fot.-Przemek-Wozny-small.jpg 1200w\" sizes=\"(max-width: 843px) 100vw, 843px\" \/>\t\t\t\t\t\t\t\t\t\t\t<figcaption class=\"widget-image-caption wp-caption-text\">fot. Przemek Wo\u017any<\/figcaption>\n\t\t\t\t\t\t\t\t\t\t<\/figure>\n\t\t\t\t\t\t\t\t\t<\/div>\n\t\t\t\t<\/div>\n\t\t\t\t\t<\/div>\n\t\t<\/div>\n\t\t\t\t<div class=\"elementor-column elementor-col-50 elementor-top-column elementor-element elementor-element-22045959\" data-id=\"22045959\" data-element_type=\"column\">\n\t\t\t<div class=\"elementor-widget-wrap\">\n\t\t\t\t\t\t\t<\/div>\n\t\t<\/div>\n\t\t\t\t\t<\/div>\n\t\t<\/section>\n\t\t\t\t<section class=\"elementor-section elementor-top-section elementor-element elementor-element-9295c6a elementor-section-boxed elementor-section-height-default elementor-section-height-default\" data-id=\"9295c6a\" data-element_type=\"section\">\n\t\t\t\t\t\t<div class=\"elementor-container elementor-column-gap-default\">\n\t\t\t\t\t<div class=\"elementor-column elementor-col-100 elementor-top-column elementor-element elementor-element-5b6c180\" data-id=\"5b6c180\" data-element_type=\"column\">\n\t\t\t<div class=\"elementor-widget-wrap elementor-element-populated\">\n\t\t\t\t\t\t<div class=\"elementor-element elementor-element-7926094 elementor-widget elementor-widget-text-editor\" data-id=\"7926094\" data-element_type=\"widget\" data-widget_type=\"text-editor.default\">\n\t\t\t\t<div class=\"elementor-widget-container\">\n\t\t\t\t\t\t\t\t\t<p style=\"text-align: left;\" align=\"justify\"><span style=\"font-family: Arial, sans-serif;\"><span style=\"font-size: medium;\">Kontrabasista i gitarzysta basowy, laureat nagrody Grammy. Uko\u0144czy\u0142 Akademi\u0119 Muzyczn\u0105 im. Fryderyka Chopina w klasie Andrzeja Mysi\u0144skiego oraz Policealne Studium Jazzu u Zbigniewa Wegehaupta. W 1995 roku nale\u017ca\u0142 do Gustav Mahler Jugendorchester, za\u0142o\u017conej i prowadzonej przez Claudia Abbado. W latach 1996-1998 wsp\u00f3\u0142pracowa\u0142 z orkiestr\u0105 Philharmonie der Nationen, z kt\u00f3r\u0105 zagra\u0142 ponad sto koncert\u00f3w. By\u0142 cz\u0142onkiem kwintetu I Solisti di Varsawia oraz wsp\u00f3\u0142pracuje z kwartetem Prima Vista. Wielokrotnie koncertowa\u0142 z wybitnymi solistami, takimi jak Piotr Paleczny, Karol Radziwonowicz, W\u0142adys\u0142aw K\u0142osiewicz, Konstanty Andrzej Kulka czy Jan Stanienda.<\/span><\/span><\/p><p style=\"text-align: left;\" align=\"justify\"><span style=\"font-family: Arial, sans-serif;\"><span style=\"font-size: medium;\">Uczestniczy\u0142 w nagraniu oko\u0142o stu p\u0142yt, zar\u00f3wno z muzyk\u0105 klasyczn\u0105, jak i rozrywkow\u0105. Wsp\u00f3\u0142pracowa\u0142 z czo\u0142\u00f3wk\u0105 polskiego jazzu oraz z gwiazdami \u015bwiatowego formatu: Randym Breckerem, Mikiem Sternem, Gregorym Porterem, Troy\u2019em Millerem i Markiem Soskinem. By\u0142 cz\u0142onkiem Andrzej Kurylewicz Trio i W\u0142odek Pawlik Trio, obecnie jest aktywny w zespo\u0142ach Janusza Strobla, Janusza Bogackiego, Garry\u2019ego Guthmana, Wojciecha Gogolewskiego i Filipa Wojciechowskiego. Artysta jest r\u00f3wnie\u017c producentem muzycznym p\u0142yt: <\/span><\/span><span style=\"font-family: Arial, sans-serif;\"><span style=\"font-size: medium;\"><i>Pa\u0144ta, Dys, Szma\u0144da play Bach, Beethoven, Chopin, Ma\u0142ecki, Kostov, Pa\u0144ta, Konrad Trio: Konwersacje, Karolak Piano Trio: MOONtag, Agnieszka Hekiert: Soulnation, Nula Stankiewicz: \u015apiewam, <\/i><\/span><\/span><span style=\"font-family: Arial, sans-serif;\"><span style=\"font-size: medium;\">Ho\u0142ownia, Pa\u0144ta: <\/span><\/span><span style=\"font-family: Arial, sans-serif;\"><span style=\"font-size: medium;\"><i>To nie przypadek. <\/i><\/span><\/span><span style=\"font-family: Arial, sans-serif;\"><span style=\"font-size: medium;\">W sierpniu 2022 ukaza\u0142a si\u0119 jego pierwsza solowa p\u0142yta \u2013 <\/span><\/span><span style=\"font-family: Arial, sans-serif;\"><span style=\"font-size: medium;\"><i>Pawe\u0142 Pa\u0144ta Trio: M\u0142odo\u015b\u0107. <\/i><\/span><\/span><span style=\"font-family: Arial, sans-serif;\"><span style=\"font-size: medium;\">Od 2018 roku pe\u0142ni funkcj\u0119 asystenta w zakresie kontrabasu i gitary basowej na wydziale Jazzu i Muzyki Estradowej UMFC.<\/span><\/span><\/p>\t\t\t\t\t\t\t\t<\/div>\n\t\t\t\t<\/div>\n\t\t\t\t\t<\/div>\n\t\t<\/div>\n\t\t\t\t\t<\/div>\n\t\t<\/section>\n\t\t\t\t<\/div>\n\t\t","protected":false},"excerpt":{"rendered":"<p>Pawe\u0142 Pa\u0144ta fot. Przemek Wo\u017any Kontrabasista i gitarzysta basowy, laureat nagrody Grammy. Uko\u0144czy\u0142 Akademi\u0119 Muzyczn\u0105 im. Fryderyka Chopina w klasie Andrzeja Mysi\u0144skiego oraz Policealne Studium&hellip;<\/p>\n","protected":false},"author":1,"featured_media":0,"parent":0,"menu_order":0,"comment_status":"closed","ping_status":"closed","template":"","meta":{"footnotes":""},"class_list":["post-17451","page","type-page","status-publish","hentry"],"_links":{"self":[{"href":"https:\/\/wsm.art.pl\/index.php?rest_route=\/wp\/v2\/pages\/17451","targetHints":{"allow":["GET"]}}],"collection":[{"href":"https:\/\/wsm.art.pl\/index.php?rest_route=\/wp\/v2\/pages"}],"about":[{"href":"https:\/\/wsm.art.pl\/index.php?rest_route=\/wp\/v2\/types\/page"}],"author":[{"embeddable":true,"href":"https:\/\/wsm.art.pl\/index.php?rest_route=\/wp\/v2\/users\/1"}],"replies":[{"embeddable":true,"href":"https:\/\/wsm.art.pl\/index.php?rest_route=%2Fwp%2Fv2%2Fcomments&post=17451"}],"version-history":[{"count":4,"href":"https:\/\/wsm.art.pl\/index.php?rest_route=\/wp\/v2\/pages\/17451\/revisions"}],"predecessor-version":[{"id":17456,"href":"https:\/\/wsm.art.pl\/index.php?rest_route=\/wp\/v2\/pages\/17451\/revisions\/17456"}],"wp:attachment":[{"href":"https:\/\/wsm.art.pl\/index.php?rest_route=%2Fwp%2Fv2%2Fmedia&parent=17451"}],"curies":[{"name":"wp","href":"https:\/\/api.w.org\/{rel}","templated":true}]}}

2025 PAŃTA Paweł

<div data-elementor-type="wp-page" data-elementor-id="17451" class="elementor elementor-17451">
						<section class="elementor-section elementor-top-section elementor-element elementor-element-8b249b1 elementor-section-boxed elementor-section-height-default elementor-section-height-default" data-id="8b249b1" data-element_type="section">
						<div class="elementor-container elementor-column-gap-default">
					<div class="elementor-column elementor-col-100 elementor-top-column elementor-element elementor-element-1aeb34e" data-id="1aeb34e" data-element_type="column">
			<div class="elementor-widget-wrap elementor-element-populated">
						<div class="elementor-element elementor-element-90cdfe6 elementor-widget elementor-widget-heading" data-id="90cdfe6" data-element_type="widget" data-widget_type="heading.default">
				<div class="elementor-widget-container">
					<h2 class="elementor-heading-title elementor-size-default">Paweł Pańta</h2>				</div>
				</div>
					</div>
		</div>
					</div>
		</section>
				<section class="elementor-section elementor-top-section elementor-element elementor-element-208796d2 elementor-section-boxed elementor-section-height-default elementor-section-height-default" data-id="208796d2" data-element_type="section">
						<div class="elementor-container elementor-column-gap-default">
					<div class="elementor-column elementor-col-50 elementor-top-column elementor-element elementor-element-2998c263" data-id="2998c263" data-element_type="column">
			<div class="elementor-widget-wrap elementor-element-populated">
						<div class="elementor-element elementor-element-4f2be069 elementor-widget elementor-widget-image" data-id="4f2be069" data-element_type="widget" data-widget_type="image.default">
				<div class="elementor-widget-container">
												<figure class="wp-caption">
										<img fetchpriority="high" decoding="async" width="843" height="562" src="https://wsm.art.pl/wp-content/uploads/2025/04/Pawel-Panta-fot.-Przemek-Wozny-small-1024x683.jpg" class="attachment-large size-large wp-image-17453" alt="" srcset="https://wsm.art.pl/wp-content/uploads/2025/04/Pawel-Panta-fot.-Przemek-Wozny-small-1024x683.jpg 1024w, https://wsm.art.pl/wp-content/uploads/2025/04/Pawel-Panta-fot.-Przemek-Wozny-small-300x200.jpg 300w, https://wsm.art.pl/wp-content/uploads/2025/04/Pawel-Panta-fot.-Przemek-Wozny-small-768x512.jpg 768w, https://wsm.art.pl/wp-content/uploads/2025/04/Pawel-Panta-fot.-Przemek-Wozny-small.jpg 1200w" sizes="(max-width: 843px) 100vw, 843px" />											<figcaption class="widget-image-caption wp-caption-text">fot. Przemek Woźny</figcaption>
										</figure>
									</div>
				</div>
					</div>
		</div>
				<div class="elementor-column elementor-col-50 elementor-top-column elementor-element elementor-element-22045959" data-id="22045959" data-element_type="column">
			<div class="elementor-widget-wrap">
							</div>
		</div>
					</div>
		</section>
				<section class="elementor-section elementor-top-section elementor-element elementor-element-9295c6a elementor-section-boxed elementor-section-height-default elementor-section-height-default" data-id="9295c6a" data-element_type="section">
						<div class="elementor-container elementor-column-gap-default">
					<div class="elementor-column elementor-col-100 elementor-top-column elementor-element elementor-element-5b6c180" data-id="5b6c180" data-element_type="column">
			<div class="elementor-widget-wrap elementor-element-populated">
						<div class="elementor-element elementor-element-7926094 elementor-widget elementor-widget-text-editor" data-id="7926094" data-element_type="widget" data-widget_type="text-editor.default">
				<div class="elementor-widget-container">
									<p style="text-align: left;" align="justify"><span style="font-family: Arial, sans-serif;"><span style="font-size: medium;">Kontrabasista i gitarzysta basowy, laureat nagrody Grammy. Ukończył Akademię Muzyczną im. Fryderyka Chopina w klasie Andrzeja Mysińskiego oraz Policealne Studium Jazzu u Zbigniewa Wegehaupta. W 1995 roku należał do Gustav Mahler Jugendorchester, założonej i prowadzonej przez Claudia Abbado. W latach 1996-1998 współpracował z orkiestrą Philharmonie der Nationen, z którą zagrał ponad sto koncertów. Był członkiem kwintetu I Solisti di Varsawia oraz współpracuje z kwartetem Prima Vista. Wielokrotnie koncertował z wybitnymi solistami, takimi jak Piotr Paleczny, Karol Radziwonowicz, Władysław Kłosiewicz, Konstanty Andrzej Kulka czy Jan Stanienda.</span></span></p><p style="text-align: left;" align="justify"><span style="font-family: Arial, sans-serif;"><span style="font-size: medium;">Uczestniczył w nagraniu około stu płyt, zarówno z muzyką klasyczną, jak i rozrywkową. Współpracował z czołówką polskiego jazzu oraz z gwiazdami światowego formatu: Randym Breckerem, Mikiem Sternem, Gregorym Porterem, Troy’em Millerem i Markiem Soskinem. Był członkiem Andrzej Kurylewicz Trio i Włodek Pawlik Trio, obecnie jest aktywny w zespołach Janusza Strobla, Janusza Bogackiego, Garry’ego Guthmana, Wojciecha Gogolewskiego i Filipa Wojciechowskiego. Artysta jest również producentem muzycznym płyt: </span></span><span style="font-family: Arial, sans-serif;"><span style="font-size: medium;"><i>Pańta, Dys, Szmańda play Bach, Beethoven, Chopin, Małecki, Kostov, Pańta, Konrad Trio: Konwersacje, Karolak Piano Trio: MOONtag, Agnieszka Hekiert: Soulnation, Nula Stankiewicz: Śpiewam, </i></span></span><span style="font-family: Arial, sans-serif;"><span style="font-size: medium;">Hołownia, Pańta: </span></span><span style="font-family: Arial, sans-serif;"><span style="font-size: medium;"><i>To nie przypadek. </i></span></span><span style="font-family: Arial, sans-serif;"><span style="font-size: medium;">W sierpniu 2022 ukazała się jego pierwsza solowa płyta – </span></span><span style="font-family: Arial, sans-serif;"><span style="font-size: medium;"><i>Paweł Pańta Trio: Młodość. </i></span></span><span style="font-family: Arial, sans-serif;"><span style="font-size: medium;">Od 2018 roku pełni funkcję asystenta w zakresie kontrabasu i gitary basowej na wydziale Jazzu i Muzyki Estradowej UMFC.</span></span></p>								</div>
				</div>
					</div>
		</div>
					</div>
		</section>
				</div>

<p>Paweł Pańta fot. Przemek Woźny Kontrabasista i gitarzysta basowy, laureat nagrody Grammy. Ukończył Akademię Muzyczną im. Fryderyka Chopina w klasie Andrzeja Mysińskiego oraz Policealne Studium&hellip;</p>
