{"id":17409,"date":"2025-04-29T19:47:12","date_gmt":"2025-04-29T19:47:12","guid":{"rendered":"https:\/\/wsm.art.pl\/?page_id=17409"},"modified":"2025-04-29T19:48:49","modified_gmt":"2025-04-29T19:48:49","slug":"2025-latecki-2","status":"publish","type":"page","link":"https:\/\/wsm.art.pl\/?page_id=17409","title":{"rendered":"2025 LATECKI Ryszard"},"content":{"rendered":"\t\t<div data-elementor-type=\"wp-page\" data-elementor-id=\"17409\" class=\"elementor elementor-17409\">\n\t\t\t\t\t\t<section class=\"elementor-section elementor-top-section elementor-element elementor-element-8b249b1 elementor-section-boxed elementor-section-height-default elementor-section-height-default\" data-id=\"8b249b1\" data-element_type=\"section\">\n\t\t\t\t\t\t<div class=\"elementor-container elementor-column-gap-default\">\n\t\t\t\t\t<div class=\"elementor-column elementor-col-100 elementor-top-column elementor-element elementor-element-1aeb34e\" data-id=\"1aeb34e\" data-element_type=\"column\">\n\t\t\t<div class=\"elementor-widget-wrap elementor-element-populated\">\n\t\t\t\t\t\t<div class=\"elementor-element elementor-element-90cdfe6 elementor-widget elementor-widget-heading\" data-id=\"90cdfe6\" data-element_type=\"widget\" data-widget_type=\"heading.default\">\n\t\t\t\t<div class=\"elementor-widget-container\">\n\t\t\t\t\t<h2 class=\"elementor-heading-title elementor-size-default\">Ryszard Latecki<\/h2>\t\t\t\t<\/div>\n\t\t\t\t<\/div>\n\t\t\t\t\t<\/div>\n\t\t<\/div>\n\t\t\t\t\t<\/div>\n\t\t<\/section>\n\t\t\t\t<section class=\"elementor-section elementor-top-section elementor-element elementor-element-208796d2 elementor-section-boxed elementor-section-height-default elementor-section-height-default\" data-id=\"208796d2\" data-element_type=\"section\">\n\t\t\t\t\t\t<div class=\"elementor-container elementor-column-gap-default\">\n\t\t\t\t\t<div class=\"elementor-column elementor-col-50 elementor-top-column elementor-element elementor-element-2998c263\" data-id=\"2998c263\" data-element_type=\"column\">\n\t\t\t<div class=\"elementor-widget-wrap elementor-element-populated\">\n\t\t\t\t\t\t<div class=\"elementor-element elementor-element-4f2be069 elementor-widget elementor-widget-image\" data-id=\"4f2be069\" data-element_type=\"widget\" data-widget_type=\"image.default\">\n\t\t\t\t<div class=\"elementor-widget-container\">\n\t\t\t\t\t\t\t\t\t\t\t\t<figure class=\"wp-caption\">\n\t\t\t\t\t\t\t\t\t\t<img fetchpriority=\"high\" decoding=\"async\" width=\"768\" height=\"577\" src=\"https:\/\/wsm.art.pl\/wp-content\/uploads\/2025\/04\/Ryszard-Latecki-fot.-Oleg-Panov-small-768x577.jpg\" class=\"attachment-medium_large size-medium_large wp-image-17411\" alt=\"\" srcset=\"https:\/\/wsm.art.pl\/wp-content\/uploads\/2025\/04\/Ryszard-Latecki-fot.-Oleg-Panov-small-768x577.jpg 768w, https:\/\/wsm.art.pl\/wp-content\/uploads\/2025\/04\/Ryszard-Latecki-fot.-Oleg-Panov-small-300x226.jpg 300w, https:\/\/wsm.art.pl\/wp-content\/uploads\/2025\/04\/Ryszard-Latecki-fot.-Oleg-Panov-small-1024x770.jpg 1024w, https:\/\/wsm.art.pl\/wp-content\/uploads\/2025\/04\/Ryszard-Latecki-fot.-Oleg-Panov-small-1536x1155.jpg 1536w, https:\/\/wsm.art.pl\/wp-content\/uploads\/2025\/04\/Ryszard-Latecki-fot.-Oleg-Panov-small.jpg 1800w\" sizes=\"(max-width: 768px) 100vw, 768px\" \/>\t\t\t\t\t\t\t\t\t\t\t<figcaption class=\"widget-image-caption wp-caption-text\">fot. Oleg Panov<\/figcaption>\n\t\t\t\t\t\t\t\t\t\t<\/figure>\n\t\t\t\t\t\t\t\t\t<\/div>\n\t\t\t\t<\/div>\n\t\t\t\t\t<\/div>\n\t\t<\/div>\n\t\t\t\t<div class=\"elementor-column elementor-col-50 elementor-top-column elementor-element elementor-element-22045959\" data-id=\"22045959\" data-element_type=\"column\">\n\t\t\t<div class=\"elementor-widget-wrap\">\n\t\t\t\t\t\t\t<\/div>\n\t\t<\/div>\n\t\t\t\t\t<\/div>\n\t\t<\/section>\n\t\t\t\t<section class=\"elementor-section elementor-top-section elementor-element elementor-element-e9b4925 elementor-section-boxed elementor-section-height-default elementor-section-height-default\" data-id=\"e9b4925\" data-element_type=\"section\">\n\t\t\t\t\t\t<div class=\"elementor-container elementor-column-gap-default\">\n\t\t\t\t\t<div class=\"elementor-column elementor-col-100 elementor-top-column elementor-element elementor-element-6e2d0a3\" data-id=\"6e2d0a3\" data-element_type=\"column\">\n\t\t\t<div class=\"elementor-widget-wrap elementor-element-populated\">\n\t\t\t\t\t\t<div class=\"elementor-element elementor-element-fca46ec elementor-widget elementor-widget-text-editor\" data-id=\"fca46ec\" data-element_type=\"widget\" data-widget_type=\"text-editor.default\">\n\t\t\t\t<div class=\"elementor-widget-container\">\n\t\t\t\t\t\t\t\t\t<p class=\"western\" style=\"text-align: left;\" align=\"justify\"><span style=\"font-family: Arial, sans-serif;\">M<\/span><span style=\"font-family: Arial, sans-serif;\">ultinstrumentalista, wynalazca p\u00f3\u0142progowej gitary <\/span><span style=\"font-family: Arial, sans-serif;\">Latary<\/span><span style=\"font-family: Arial, sans-serif;\">, tw\u00f3rca wielu formacji muzycznych (zesp\u00f3\u0142 Laterna), wsp\u00f3\u0142tw\u00f3rca grupy <\/span><span style=\"font-family: Arial, sans-serif;\">Kawalerowie B\u0142otni<\/span><span style=\"font-family: Arial, sans-serif;\">, aktywny szczeg\u00f3lnie na scenach alternatywnych.<\/span><\/p><p class=\"western\" style=\"text-align: left;\" align=\"justify\"><span style=\"font-family: Arial, sans-serif;\">Jest autorem i wykonawc\u0105 licznych muzycznych performance\u2019\u00f3w i instalacji, autorem <\/span><span style=\"font-family: Arial, sans-serif;\">Klepsydry<\/span><b> <\/b><span style=\"font-family: Arial, sans-serif;\">D\u017cwi\u0119kowej<\/span><span style=\"font-family: Arial, sans-serif;\"> (\u201eprzesypuje\u201d si\u0119 w niej d\u017awi\u0119k a kolejne harmoniczne interwa\u0142y odmierzaj\u0105 czas), <\/span><span style=\"font-family: Arial, sans-serif;\">Sejsmofonu<\/span><span style=\"font-family: Arial, sans-serif;\"> (drgania Ziemi transformowane s\u0105 na muzyczn\u0105 form\u0119), koncepcji harmonizowania ha\u0142asu metra oraz kompletnie nowej koncepcji tworzenia muzyki \u2013 <\/span><span style=\"font-family: Arial, sans-serif;\">Muzyki Rewersyjnej<\/span><b> <\/b><span style=\"font-family: Arial, sans-serif;\">(polega ona na odejmowaniu d\u017awi\u0119ku &#8211; \u201eociosywaniu\u201d ha\u0142asu tak, aby uzyska\u0107 muzyczn\u0105 form\u0119).<\/span><\/p><p class=\"western\" style=\"text-align: left;\" align=\"justify\"><span style=\"font-family: Arial, sans-serif;\">Ryszard Latecki realizuje r\u00f3wnie\u017c autorski program warsztat\u00f3w pt. <\/span><span style=\"font-family: Arial, sans-serif;\"><i>D\u017awi\u0119kowa Przestrze\u0144<\/i><\/span><b> <\/b><span style=\"font-family: Arial, sans-serif;\"><i>Niewerbalna,<\/i><\/span><b> <\/b><span style=\"font-family: Arial, sans-serif;\">autorski program koncertowy <\/span><span style=\"font-family: Arial, sans-serif;\"><i>Partytury Fotograficzne<\/i><\/span><b> <\/b><span style=\"font-family: Arial, sans-serif;\">oraz aktywnie pracuje w <\/span><span style=\"font-family: Arial, sans-serif;\">Wytw\u00f3rni B\u0142\u0119kitu<\/span><span style=\"font-family: Arial, sans-serif;\"> w podziemiach kamedulskich na warszawskich Bielanach. <\/span><\/p><p class=\"western\" style=\"text-align: left;\" align=\"justify\"><span style=\"font-family: Arial, sans-serif;\">Nagra\u0142 i wyda\u0142,w wydawnictwie OBUH Records, kilka autorskich p\u0142yt. Ma w swoim dorobku dziewi\u0119\u0107 Zam\u00f3wie\u0144 Kompozytorskich Instytutu Muzyki i Ta\u0144ca i kilka artystycznych stypendi\u00f3w MKiDN oraz Miasta st. Warszawy. Za dzia\u0142alno\u015b\u0107 w latach 80-tych na rzecz Wolnego S\u0142owa odznaczony zosta\u0142 Krzy\u017cem Oficerskim Orderu Odrodzenia Polski (Polonia Restituta).<\/span><\/p><p class=\"western\" style=\"text-align: left;\" align=\"justify\"><span style=\"font-family: Arial, sans-serif;\">Jest Wiceprezesem <\/span><span style=\"font-family: Arial, sans-serif;\">Polskiego Towarzystwa Muzyki Wsp\u00f3\u0142czesnej.<\/span><\/p><p class=\"western\" style=\"text-align: left;\" align=\"justify\">\u201e<span style=\"font-family: Arial, sans-serif;\"><i>Dzia\u0142alno\u015b\u0107 artystyczna Ryszarda Lateckiego pozwala odkrywa\u0107 i unaocznia\u0107 powi\u0105zania pomi\u0119dzy licznymi dziedzinami sztuki, \u0142\u0105czy \u015bwiat kultury wysokiej z kultur\u0105 offow\u0105, pozwala redefiniowa\u0107 historyczne i obecne zjawiska kulturowe\u201d.<\/i><\/span><\/p><p class=\"western\" style=\"text-align: left;\" align=\"right\"><span style=\"font-family: Arial, sans-serif;\"><i>Jerzy Kornowicz<\/i><\/span><\/p>\t\t\t\t\t\t\t\t<\/div>\n\t\t\t\t<\/div>\n\t\t\t\t\t<\/div>\n\t\t<\/div>\n\t\t\t\t\t<\/div>\n\t\t<\/section>\n\t\t\t\t<\/div>\n\t\t","protected":false},"excerpt":{"rendered":"<p>Ryszard Latecki fot. Oleg Panov Multinstrumentalista, wynalazca p\u00f3\u0142progowej gitary Latary, tw\u00f3rca wielu formacji muzycznych (zesp\u00f3\u0142 Laterna), wsp\u00f3\u0142tw\u00f3rca grupy Kawalerowie B\u0142otni, aktywny szczeg\u00f3lnie na scenach alternatywnych.&hellip;<\/p>\n","protected":false},"author":1,"featured_media":0,"parent":0,"menu_order":0,"comment_status":"closed","ping_status":"closed","template":"","meta":{"footnotes":""},"class_list":["post-17409","page","type-page","status-publish","hentry"],"_links":{"self":[{"href":"https:\/\/wsm.art.pl\/index.php?rest_route=\/wp\/v2\/pages\/17409","targetHints":{"allow":["GET"]}}],"collection":[{"href":"https:\/\/wsm.art.pl\/index.php?rest_route=\/wp\/v2\/pages"}],"about":[{"href":"https:\/\/wsm.art.pl\/index.php?rest_route=\/wp\/v2\/types\/page"}],"author":[{"embeddable":true,"href":"https:\/\/wsm.art.pl\/index.php?rest_route=\/wp\/v2\/users\/1"}],"replies":[{"embeddable":true,"href":"https:\/\/wsm.art.pl\/index.php?rest_route=%2Fwp%2Fv2%2Fcomments&post=17409"}],"version-history":[{"count":7,"href":"https:\/\/wsm.art.pl\/index.php?rest_route=\/wp\/v2\/pages\/17409\/revisions"}],"predecessor-version":[{"id":17417,"href":"https:\/\/wsm.art.pl\/index.php?rest_route=\/wp\/v2\/pages\/17409\/revisions\/17417"}],"wp:attachment":[{"href":"https:\/\/wsm.art.pl\/index.php?rest_route=%2Fwp%2Fv2%2Fmedia&parent=17409"}],"curies":[{"name":"wp","href":"https:\/\/api.w.org\/{rel}","templated":true}]}}