{"id":17359,"date":"2025-04-29T19:11:54","date_gmt":"2025-04-29T19:11:54","guid":{"rendered":"https:\/\/wsm.art.pl\/?page_id=17359"},"modified":"2025-04-29T19:16:54","modified_gmt":"2025-04-29T19:16:54","slug":"2025-gralla","status":"publish","type":"page","link":"https:\/\/wsm.art.pl\/?page_id=17359","title":{"rendered":"2025 GRALLA Jan"},"content":{"rendered":"\t\t<div data-elementor-type=\"wp-page\" data-elementor-id=\"17359\" class=\"elementor elementor-17359\">\n\t\t\t\t\t\t<section class=\"elementor-section elementor-top-section elementor-element elementor-element-8b249b1 elementor-section-boxed elementor-section-height-default elementor-section-height-default\" data-id=\"8b249b1\" data-element_type=\"section\">\n\t\t\t\t\t\t<div class=\"elementor-container elementor-column-gap-default\">\n\t\t\t\t\t<div class=\"elementor-column elementor-col-100 elementor-top-column elementor-element elementor-element-1aeb34e\" data-id=\"1aeb34e\" data-element_type=\"column\">\n\t\t\t<div class=\"elementor-widget-wrap elementor-element-populated\">\n\t\t\t\t\t\t<div class=\"elementor-element elementor-element-90cdfe6 elementor-widget elementor-widget-heading\" data-id=\"90cdfe6\" data-element_type=\"widget\" data-widget_type=\"heading.default\">\n\t\t\t\t<div class=\"elementor-widget-container\">\n\t\t\t\t\t<h2 class=\"elementor-heading-title elementor-size-default\">Jan Gralla<\/h2>\t\t\t\t<\/div>\n\t\t\t\t<\/div>\n\t\t\t\t\t<\/div>\n\t\t<\/div>\n\t\t\t\t\t<\/div>\n\t\t<\/section>\n\t\t\t\t<section class=\"elementor-section elementor-top-section elementor-element elementor-element-208796d2 elementor-section-boxed elementor-section-height-default elementor-section-height-default\" data-id=\"208796d2\" data-element_type=\"section\">\n\t\t\t\t\t\t<div class=\"elementor-container elementor-column-gap-default\">\n\t\t\t\t\t<div class=\"elementor-column elementor-col-50 elementor-top-column elementor-element elementor-element-2998c263\" data-id=\"2998c263\" data-element_type=\"column\">\n\t\t\t<div class=\"elementor-widget-wrap elementor-element-populated\">\n\t\t\t\t\t\t<div class=\"elementor-element elementor-element-4f2be069 elementor-widget elementor-widget-image\" data-id=\"4f2be069\" data-element_type=\"widget\" data-widget_type=\"image.default\">\n\t\t\t\t<div class=\"elementor-widget-container\">\n\t\t\t\t\t\t\t\t\t\t\t\t<figure class=\"wp-caption\">\n\t\t\t\t\t\t\t\t\t\t<img fetchpriority=\"high\" decoding=\"async\" width=\"511\" height=\"768\" src=\"https:\/\/wsm.art.pl\/wp-content\/uploads\/2025\/04\/Jan-Gralla-fot.-Mateusz-Zaboklicki.jpg\" class=\"attachment-medium_large size-medium_large wp-image-17361\" alt=\"\" srcset=\"https:\/\/wsm.art.pl\/wp-content\/uploads\/2025\/04\/Jan-Gralla-fot.-Mateusz-Zaboklicki.jpg 511w, https:\/\/wsm.art.pl\/wp-content\/uploads\/2025\/04\/Jan-Gralla-fot.-Mateusz-Zaboklicki-200x300.jpg 200w\" sizes=\"(max-width: 511px) 100vw, 511px\" \/>\t\t\t\t\t\t\t\t\t\t\t<figcaption class=\"widget-image-caption wp-caption-text\">fot. Mateusz \u017baboklicki<\/figcaption>\n\t\t\t\t\t\t\t\t\t\t<\/figure>\n\t\t\t\t\t\t\t\t\t<\/div>\n\t\t\t\t<\/div>\n\t\t\t\t\t<\/div>\n\t\t<\/div>\n\t\t\t\t<div class=\"elementor-column elementor-col-50 elementor-top-column elementor-element elementor-element-22045959\" data-id=\"22045959\" data-element_type=\"column\">\n\t\t\t<div class=\"elementor-widget-wrap elementor-element-populated\">\n\t\t\t\t\t\t<div class=\"elementor-element elementor-element-20a87065 elementor-widget elementor-widget-text-editor\" data-id=\"20a87065\" data-element_type=\"widget\" data-widget_type=\"text-editor.default\">\n\t\t\t\t<div class=\"elementor-widget-container\">\n\t\t\t\t\t\t\t\t\t<p class=\"western\" style=\"text-align: left;\" align=\"justify\"><span style=\"color: #222222;\"><span style=\"font-family: Arial, sans-serif;\"><span style=\"font-size: medium;\">P<\/span><\/span><\/span><span style=\"color: #222222;\"><span style=\"font-family: Arial, sans-serif;\"><span style=\"font-size: medium;\">erkusista urodzony w Olsztynie. Absolwent Pa\u0144stwowej Szko\u0142y Muzycznej I i II st. im. Fryderyka Chopina w Olsztynie, w klasie mgr. Karola Jurczaka. Studiowa\u0142 na Uniwersytecie Muzycznym Fryderyka Chopina w klasie perkusji profesora Henryka Miko\u0142ajczyka oraz Mi\u0142osza P\u0119kali. Podczas studi\u00f3w wsp\u00f3\u0142pracowa\u0142 z zespo\u0142em muzyki nowej Chopin University Modern Ensemble, z kt\u00f3rym mia\u0142 przyjemno\u015b\u0107 nagra\u0107 debiutanck\u0105 p\u0142yt\u0119, nominowan\u0105 do Nagrody FRYDERYK. Doskonali\u0142 swe umiej\u0119tno\u015bci podczas European Workshop for Contemporary Music u boku znakomitych muzyk\u00f3w z Ensemble Recherche i Ensemble Musikfabrik.<\/span><\/span><\/span><\/p><p class=\"western\" style=\"text-align: left;\" align=\"justify\"><span style=\"color: #222222;\"><span style=\"font-family: Arial, sans-serif;\"><span style=\"font-size: medium;\">Wsp\u00f3\u0142pracowa\u0142 z Chopin University Chamber Orchestra, z kt\u00f3r\u0105 koncertowa\u0142 m. in. w Pa\u0142acu Narod\u00f3w w Genewie oraz odby\u0142 miesi\u0119czn\u0105 tras\u0119 koncertow\u0105 po Chinach. Regularnie wsp\u00f3\u0142pracuje z orkiestr\u0105 Sinfonia Varsovia, z kt\u00f3r\u0105 kilkukrotnie wyst\u0119powa\u0142 na mi\u0119dzynarodowych festiwalach w Nantes oraz La Roque we Francji. Wsp\u00f3\u0142pracowa\u0142 r\u00f3wnie\u017c z Polsk\u0105 Oper\u0105 Kr\u00f3lewsk\u0105, Orkiestr\u0105 Polskiego Radia, Chain Ensemble, ch\u00f3rem Collegium Musicum oraz orkiestr\u0105 Radzimira D\u0119bskiego.<\/span><\/span><\/span><\/p><p class=\"western\" style=\"text-align: left;\" align=\"justify\"><span style=\"font-family: Arial, sans-serif;\">Wyst\u0119powa\u0142 na takich festiwalach jak Warszawska Jesie\u0144, Chopin i jego Europa, Szalone Dni Muzyki, Mi\u0119dzynarodowy Festiwal Muzyki Europy \u015arodkowo-Wschodniej \u201eEufonie\u201d, Muzyka Naszych Czas\u00f3w, Wielkanocny Festiwal Ludwika van Beethovena. W 2021 roku do\u0142\u0105czy\u0142 do olszty\u0144skiej grupy blackmetalowej Varmia, w kt\u00f3rej pe\u0142ni rol\u0119 multiinstrumentalisty oraz drugiego wokalisty. Od 2022 roku jest muzykiem Polskiej Orkiestry Sinfonia Iuventus. Jest cz\u0142onkiem Akademii Fonograficznej ZPAV.<\/span><\/p>\t\t\t\t\t\t\t\t<\/div>\n\t\t\t\t<\/div>\n\t\t\t\t\t<\/div>\n\t\t<\/div>\n\t\t\t\t\t<\/div>\n\t\t<\/section>\n\t\t\t\t<\/div>\n\t\t","protected":false},"excerpt":{"rendered":"<p>Jan Gralla fot. Mateusz \u017baboklicki Perkusista urodzony w Olsztynie. Absolwent Pa\u0144stwowej Szko\u0142y Muzycznej I i II st. im. Fryderyka Chopina w Olsztynie, w klasie mgr.&hellip;<\/p>\n","protected":false},"author":1,"featured_media":0,"parent":0,"menu_order":0,"comment_status":"closed","ping_status":"closed","template":"","meta":{"footnotes":""},"class_list":["post-17359","page","type-page","status-publish","hentry"],"_links":{"self":[{"href":"https:\/\/wsm.art.pl\/index.php?rest_route=\/wp\/v2\/pages\/17359","targetHints":{"allow":["GET"]}}],"collection":[{"href":"https:\/\/wsm.art.pl\/index.php?rest_route=\/wp\/v2\/pages"}],"about":[{"href":"https:\/\/wsm.art.pl\/index.php?rest_route=\/wp\/v2\/types\/page"}],"author":[{"embeddable":true,"href":"https:\/\/wsm.art.pl\/index.php?rest_route=\/wp\/v2\/users\/1"}],"replies":[{"embeddable":true,"href":"https:\/\/wsm.art.pl\/index.php?rest_route=%2Fwp%2Fv2%2Fcomments&post=17359"}],"version-history":[{"count":7,"href":"https:\/\/wsm.art.pl\/index.php?rest_route=\/wp\/v2\/pages\/17359\/revisions"}],"predecessor-version":[{"id":17367,"href":"https:\/\/wsm.art.pl\/index.php?rest_route=\/wp\/v2\/pages\/17359\/revisions\/17367"}],"wp:attachment":[{"href":"https:\/\/wsm.art.pl\/index.php?rest_route=%2Fwp%2Fv2%2Fmedia&parent=17359"}],"curies":[{"name":"wp","href":"https:\/\/api.w.org\/{rel}","templated":true}]}}

<div data-elementor-type="wp-page" data-elementor-id="17359" class="elementor elementor-17359">
						<section class="elementor-section elementor-top-section elementor-element elementor-element-8b249b1 elementor-section-boxed elementor-section-height-default elementor-section-height-default" data-id="8b249b1" data-element_type="section">
						<div class="elementor-container elementor-column-gap-default">
					<div class="elementor-column elementor-col-100 elementor-top-column elementor-element elementor-element-1aeb34e" data-id="1aeb34e" data-element_type="column">
			<div class="elementor-widget-wrap elementor-element-populated">
						<div class="elementor-element elementor-element-90cdfe6 elementor-widget elementor-widget-heading" data-id="90cdfe6" data-element_type="widget" data-widget_type="heading.default">
				<div class="elementor-widget-container">
					<h2 class="elementor-heading-title elementor-size-default">Jan Gralla</h2>				</div>
				</div>
					</div>
		</div>
					</div>
		</section>
				<section class="elementor-section elementor-top-section elementor-element elementor-element-208796d2 elementor-section-boxed elementor-section-height-default elementor-section-height-default" data-id="208796d2" data-element_type="section">
						<div class="elementor-container elementor-column-gap-default">
					<div class="elementor-column elementor-col-50 elementor-top-column elementor-element elementor-element-2998c263" data-id="2998c263" data-element_type="column">
			<div class="elementor-widget-wrap elementor-element-populated">
						<div class="elementor-element elementor-element-4f2be069 elementor-widget elementor-widget-image" data-id="4f2be069" data-element_type="widget" data-widget_type="image.default">
				<div class="elementor-widget-container">
												<figure class="wp-caption">
										<img fetchpriority="high" decoding="async" width="511" height="768" src="https://wsm.art.pl/wp-content/uploads/2025/04/Jan-Gralla-fot.-Mateusz-Zaboklicki.jpg" class="attachment-medium_large size-medium_large wp-image-17361" alt="" srcset="https://wsm.art.pl/wp-content/uploads/2025/04/Jan-Gralla-fot.-Mateusz-Zaboklicki.jpg 511w, https://wsm.art.pl/wp-content/uploads/2025/04/Jan-Gralla-fot.-Mateusz-Zaboklicki-200x300.jpg 200w" sizes="(max-width: 511px) 100vw, 511px" />											<figcaption class="widget-image-caption wp-caption-text">fot. Mateusz Żaboklicki</figcaption>
										</figure>
									</div>
				</div>
					</div>
		</div>
				<div class="elementor-column elementor-col-50 elementor-top-column elementor-element elementor-element-22045959" data-id="22045959" data-element_type="column">
			<div class="elementor-widget-wrap elementor-element-populated">
						<div class="elementor-element elementor-element-20a87065 elementor-widget elementor-widget-text-editor" data-id="20a87065" data-element_type="widget" data-widget_type="text-editor.default">
				<div class="elementor-widget-container">
									<p class="western" style="text-align: left;" align="justify"><span style="color: #222222;"><span style="font-family: Arial, sans-serif;"><span style="font-size: medium;">P</span></span></span><span style="color: #222222;"><span style="font-family: Arial, sans-serif;"><span style="font-size: medium;">erkusista urodzony w Olsztynie. Absolwent Państwowej Szkoły Muzycznej I i II st. im. Fryderyka Chopina w Olsztynie, w klasie mgr. Karola Jurczaka. Studiował na Uniwersytecie Muzycznym Fryderyka Chopina w klasie perkusji profesora Henryka Mikołajczyka oraz Miłosza Pękali. Podczas studiów współpracował z zespołem muzyki nowej Chopin University Modern Ensemble, z którym miał przyjemność nagrać debiutancką płytę, nominowaną do Nagrody FRYDERYK. Doskonalił swe umiejętności podczas European Workshop for Contemporary Music u boku znakomitych muzyków z Ensemble Recherche i Ensemble Musikfabrik.</span></span></span></p><p class="western" style="text-align: left;" align="justify"><span style="color: #222222;"><span style="font-family: Arial, sans-serif;"><span style="font-size: medium;">Współpracował z Chopin University Chamber Orchestra, z którą koncertował m. in. w Pałacu Narodów w Genewie oraz odbył miesięczną trasę koncertową po Chinach. Regularnie współpracuje z orkiestrą Sinfonia Varsovia, z którą kilkukrotnie występował na międzynarodowych festiwalach w Nantes oraz La Roque we Francji. Współpracował również z Polską Operą Królewską, Orkiestrą Polskiego Radia, Chain Ensemble, chórem Collegium Musicum oraz orkiestrą Radzimira Dębskiego.</span></span></span></p><p class="western" style="text-align: left;" align="justify"><span style="font-family: Arial, sans-serif;">Występował na takich festiwalach jak Warszawska Jesień, Chopin i jego Europa, Szalone Dni Muzyki, Międzynarodowy Festiwal Muzyki Europy Środkowo-Wschodniej „Eufonie”, Muzyka Naszych Czasów, Wielkanocny Festiwal Ludwika van Beethovena. W 2021 roku dołączył do olsztyńskiej grupy blackmetalowej Varmia, w której pełni rolę multiinstrumentalisty oraz drugiego wokalisty. Od 2022 roku jest muzykiem Polskiej Orkiestry Sinfonia Iuventus. Jest członkiem Akademii Fonograficznej ZPAV.</span></p>								</div>
				</div>
					</div>
		</div>
					</div>
		</section>
				</div>

<p>Jan Gralla fot. Mateusz Żaboklicki Perkusista urodzony w Olsztynie. Absolwent Państwowej Szkoły Muzycznej I i II st. im. Fryderyka Chopina w Olsztynie, w klasie mgr.&hellip;</p>
