{"id":17346,"date":"2025-04-29T18:58:41","date_gmt":"2025-04-29T18:58:41","guid":{"rendered":"https:\/\/wsm.art.pl\/?page_id=17346"},"modified":"2025-04-29T19:02:05","modified_gmt":"2025-04-29T19:02:05","slug":"2025-bilinska-aleksandra","status":"publish","type":"page","link":"https:\/\/wsm.art.pl\/?page_id=17346","title":{"rendered":"2025 BILI\u0143SKA Aleksandra"},"content":{"rendered":"\t\t<div data-elementor-type=\"wp-page\" data-elementor-id=\"17346\" class=\"elementor elementor-17346\">\n\t\t\t\t\t\t<section class=\"elementor-section elementor-top-section elementor-element elementor-element-8b249b1 elementor-section-boxed elementor-section-height-default elementor-section-height-default\" data-id=\"8b249b1\" data-element_type=\"section\">\n\t\t\t\t\t\t<div class=\"elementor-container elementor-column-gap-default\">\n\t\t\t\t\t<div class=\"elementor-column elementor-col-100 elementor-top-column elementor-element elementor-element-1aeb34e\" data-id=\"1aeb34e\" data-element_type=\"column\">\n\t\t\t<div class=\"elementor-widget-wrap elementor-element-populated\">\n\t\t\t\t\t\t<div class=\"elementor-element elementor-element-90cdfe6 elementor-widget elementor-widget-heading\" data-id=\"90cdfe6\" data-element_type=\"widget\" data-widget_type=\"heading.default\">\n\t\t\t\t<div class=\"elementor-widget-container\">\n\t\t\t\t\t<h2 class=\"elementor-heading-title elementor-size-default\">Aleksandra Bili\u0144ska<\/h2>\t\t\t\t<\/div>\n\t\t\t\t<\/div>\n\t\t\t\t\t<\/div>\n\t\t<\/div>\n\t\t\t\t\t<\/div>\n\t\t<\/section>\n\t\t\t\t<section class=\"elementor-section elementor-top-section elementor-element elementor-element-208796d2 elementor-section-boxed elementor-section-height-default elementor-section-height-default\" data-id=\"208796d2\" data-element_type=\"section\">\n\t\t\t\t\t\t<div class=\"elementor-container elementor-column-gap-default\">\n\t\t\t\t\t<div class=\"elementor-column elementor-col-50 elementor-top-column elementor-element elementor-element-2998c263\" data-id=\"2998c263\" data-element_type=\"column\">\n\t\t\t<div class=\"elementor-widget-wrap elementor-element-populated\">\n\t\t\t\t\t\t<div class=\"elementor-element elementor-element-4f2be069 elementor-widget elementor-widget-image\" data-id=\"4f2be069\" data-element_type=\"widget\" data-widget_type=\"image.default\">\n\t\t\t\t<div class=\"elementor-widget-container\">\n\t\t\t\t\t\t\t\t\t\t\t\t<figure class=\"wp-caption\">\n\t\t\t\t\t\t\t\t\t\t<img fetchpriority=\"high\" decoding=\"async\" width=\"521\" height=\"348\" src=\"https:\/\/wsm.art.pl\/wp-content\/uploads\/2025\/04\/Aleksandra-Bilinska.jpg\" class=\"attachment-large size-large wp-image-17348\" alt=\"\" srcset=\"https:\/\/wsm.art.pl\/wp-content\/uploads\/2025\/04\/Aleksandra-Bilinska.jpg 521w, https:\/\/wsm.art.pl\/wp-content\/uploads\/2025\/04\/Aleksandra-Bilinska-300x200.jpg 300w\" sizes=\"(max-width: 521px) 100vw, 521px\" \/>\t\t\t\t\t\t\t\t\t\t\t<figcaption class=\"widget-image-caption wp-caption-text\">fot. archiwum<\/figcaption>\n\t\t\t\t\t\t\t\t\t\t<\/figure>\n\t\t\t\t\t\t\t\t\t<\/div>\n\t\t\t\t<\/div>\n\t\t\t\t\t<\/div>\n\t\t<\/div>\n\t\t\t\t<div class=\"elementor-column elementor-col-50 elementor-top-column elementor-element elementor-element-22045959\" data-id=\"22045959\" data-element_type=\"column\">\n\t\t\t<div class=\"elementor-widget-wrap\">\n\t\t\t\t\t\t\t<\/div>\n\t\t<\/div>\n\t\t\t\t\t<\/div>\n\t\t<\/section>\n\t\t\t\t<section class=\"elementor-section elementor-top-section elementor-element elementor-element-9295c6a elementor-section-boxed elementor-section-height-default elementor-section-height-default\" data-id=\"9295c6a\" data-element_type=\"section\">\n\t\t\t\t\t\t<div class=\"elementor-container elementor-column-gap-default\">\n\t\t\t\t\t<div class=\"elementor-column elementor-col-100 elementor-top-column elementor-element elementor-element-5b6c180\" data-id=\"5b6c180\" data-element_type=\"column\">\n\t\t\t<div class=\"elementor-widget-wrap elementor-element-populated\">\n\t\t\t\t\t\t<div class=\"elementor-element elementor-element-7926094 elementor-widget elementor-widget-text-editor\" data-id=\"7926094\" data-element_type=\"widget\" data-widget_type=\"text-editor.default\">\n\t\t\t\t<div class=\"elementor-widget-container\">\n\t\t\t\t\t\t\t\t\t<p class=\"western\" style=\"text-align: left;\" align=\"justify\"><span style=\"color: #262626;\"><span style=\"font-family: Arial, sans-serif;\"><span style=\"font-size: medium;\">K<\/span><\/span><\/span><span style=\"color: #262626;\"><span style=\"font-family: Arial, sans-serif;\"><span style=\"font-size: medium;\">ompozytorka, teoretyk muzyki, improwizatorka, etnomuzykolog. Absolwentka Wydzia\u0142u Kompozycji, Dyrygentury i Teorii Muzyki katowickiej Akademii Muzycznej oraz Podyplomowych Studi\u00f3w Etnomuzykologicznych Uniwersytetu Warszawskiego.<\/span><\/span><\/span><\/p><p class=\"western\" style=\"text-align: left;\" align=\"justify\"><span style=\"color: #262626;\"><span style=\"font-family: Arial, sans-serif;\"><span style=\"font-size: medium;\">Nale\u017cy do nielicznego grona kompozytorek polskich specjalizuj\u0105cych si\u0119 w muzyce tworzonej specjalnie dla teatru ta\u0144ca wsp\u00f3\u0142czesnego. Napisa\u0142a muzyk\u0119 oraz scenariusze do kilkunastu spektakli baletowych z choreografi\u0105 wybitnych polskich choreograf\u00f3w, m.in. Ewy Wycichowskiej Aleksandry Dziurosz, Jacka Przyby\u0142owicza, Andrzeja Morawca, Wojciecha Mochnieja, wsp\u00f3\u0142pracowa\u0142a tak\u017ce z Ulrike Hager.<\/span><\/span><\/span><\/p><p class=\"western\" style=\"text-align: left;\" align=\"justify\"><span style=\"color: #262626;\"><span style=\"font-family: Arial, sans-serif;\"><span style=\"font-size: medium;\">Jest tak\u017ce autork\u0105 szeregu kompozycji instrumentalnych. Jej kompozycje autonomiczne wykonywane by\u0142y w wielu krajach europejskich, Ameryce Po\u0142udniowej, na Tajwanie, a tak\u017ce Stanach Zjednoczonych, w tym na najwa\u017cniejszych festiwalach muzyki wsp\u00f3\u0142czesnej, takich jak: June in Buffalo, w Buffalo; Annual CSUF New Music Festival, Fullerton; New York City Electroacoustic Music Festival w Nowym Yorku oraz w Kanadzie: Montreal\/Nouvelles Musiques, w Montrealu.<\/span><\/span><\/span><\/p><p class=\"western\" style=\"text-align: left;\" align=\"justify\"><span style=\"color: #262626;\"><span style=\"font-family: Arial, sans-serif;\"><span style=\"font-size: medium;\">Ponadto w ramach sfery naukowo-artystycznej, bierze udzia\u0142 w konferencjach naukowych jako teoretyk muzyki oraz sesjach warsztatowych prowadz\u0105c warsztaty z zakresu improwizacji fortepianowej. Jest autork\u0105 artyku\u0142\u00f3w i publikacji ksi\u0105\u017ckowych z zakresu teorii muzyki oraz edukacji muzycznej.<\/span><\/span><\/span><\/p><p class=\"western\" style=\"text-align: left;\" align=\"justify\"><span style=\"color: #262626;\"><span style=\"font-family: Arial, sans-serif;\"><span style=\"font-size: medium;\">Jako pedagog wsp\u00f3\u0142pracuje z Uniwersytetem Muzycznym Fryderyka Chopina w Warszawie oraz Akademi\u0105 Muzyczn\u0105 w Katowicach. Jest cz\u0142onkiem <\/span><\/span><\/span><span style=\"color: #262626;\"><span style=\"font-family: Arial, sans-serif;\"><span style=\"font-size: medium;\">Polskiego Stowarzyszenia Muzyki Elektroakustycznej<\/span><\/span><\/span><span style=\"color: #262626;\"><span style=\"font-family: Arial, sans-serif;\"><span style=\"font-size: medium;\">, stowarzyszenia <\/span><\/span><\/span><span style=\"color: #262626;\"><span style=\"font-family: Arial, sans-serif;\"><span style=\"font-size: medium;\">Strefa otwarta, ISME<\/span><\/span><\/span><span style=\"color: #262626;\"><span style=\"font-family: Arial, sans-serif;\"><span style=\"font-size: medium;\">.<\/span><\/span><\/span><\/p><p class=\"western\" style=\"text-align: left;\" align=\"justify\"><span style=\"color: #262626;\"><span style=\"font-family: Arial, sans-serif;\"><span style=\"font-size: medium;\">W sferze jej zainteresowa\u0144 pozostaj\u0105 techniki kompozytorskie muzyki XX i XXI wieku, muzyka elektroakustyczna, zagadnienia korespondencji sztuk, muzyka w formach interdyscyplinarnych, ze szczeg\u00f3lnym uwzgl\u0119dnieniem teatru ta\u0144ca wsp\u00f3\u0142czesnego, <\/span><\/span><\/span><span style=\"font-family: Arial, sans-serif;\"><span style=\"font-size: medium;\">a przede wszystkim tw\u00f3rczo\u015b\u0107 kompozytorek polskich, kt\u00f3rym po\u015bwi\u0119ci\u0142a swoj\u0105 prac\u0119 doktorsk\u0105 zatytu\u0142owan\u0105 <\/span><\/span><span style=\"font-family: Arial, sans-serif;\"><span style=\"font-size: medium;\"><i>Tw\u00f3rczo\u015b\u0107 instrumentalna kompozytorek polskich XX i XXI wieku i jej kontekst kulturowy. Wybrane przyk\u0142ady z lat 1945-2005,<\/i><\/span><\/span><span style=\"font-family: Arial, sans-serif;\"><span style=\"font-size: medium;\"> (Katowice 2018). Praca w formie ksi\u0105\u017cki uka\u017ce si\u0119 w bie\u017c\u0105cym roku kalendarzowym. Jest tak\u017ce autork\u0105 obszernego <\/span><\/span><span style=\"font-family: Arial, sans-serif;\"><span style=\"font-size: medium;\"><i>Katalogu polskich utwor\u00f3w inspirowanych folklorem,<\/i><\/span><\/span><span style=\"font-family: Arial, sans-serif;\"><span style=\"font-size: medium;\"> wyd. NIMiT.<\/span><\/span><\/p>\t\t\t\t\t\t\t\t<\/div>\n\t\t\t\t<\/div>\n\t\t\t\t\t<\/div>\n\t\t<\/div>\n\t\t\t\t\t<\/div>\n\t\t<\/section>\n\t\t\t\t<\/div>\n\t\t","protected":false},"excerpt":{"rendered":"<p>Aleksandra Bili\u0144ska fot. archiwum Kompozytorka, teoretyk muzyki, improwizatorka, etnomuzykolog. Absolwentka Wydzia\u0142u Kompozycji, Dyrygentury i Teorii Muzyki katowickiej Akademii Muzycznej oraz Podyplomowych Studi\u00f3w Etnomuzykologicznych Uniwersytetu Warszawskiego.&hellip;<\/p>\n","protected":false},"author":1,"featured_media":0,"parent":0,"menu_order":0,"comment_status":"closed","ping_status":"closed","template":"","meta":{"footnotes":""},"class_list":["post-17346","page","type-page","status-publish","hentry"],"_links":{"self":[{"href":"https:\/\/wsm.art.pl\/index.php?rest_route=\/wp\/v2\/pages\/17346","targetHints":{"allow":["GET"]}}],"collection":[{"href":"https:\/\/wsm.art.pl\/index.php?rest_route=\/wp\/v2\/pages"}],"about":[{"href":"https:\/\/wsm.art.pl\/index.php?rest_route=\/wp\/v2\/types\/page"}],"author":[{"embeddable":true,"href":"https:\/\/wsm.art.pl\/index.php?rest_route=\/wp\/v2\/users\/1"}],"replies":[{"embeddable":true,"href":"https:\/\/wsm.art.pl\/index.php?rest_route=%2Fwp%2Fv2%2Fcomments&post=17346"}],"version-history":[{"count":4,"href":"https:\/\/wsm.art.pl\/index.php?rest_route=\/wp\/v2\/pages\/17346\/revisions"}],"predecessor-version":[{"id":17351,"href":"https:\/\/wsm.art.pl\/index.php?rest_route=\/wp\/v2\/pages\/17346\/revisions\/17351"}],"wp:attachment":[{"href":"https:\/\/wsm.art.pl\/index.php?rest_route=%2Fwp%2Fv2%2Fmedia&parent=17346"}],"curies":[{"name":"wp","href":"https:\/\/api.w.org\/{rel}","templated":true}]}}

2025 BILIŃSKA Aleksandra

<div data-elementor-type="wp-page" data-elementor-id="17346" class="elementor elementor-17346">
						<section class="elementor-section elementor-top-section elementor-element elementor-element-8b249b1 elementor-section-boxed elementor-section-height-default elementor-section-height-default" data-id="8b249b1" data-element_type="section">
						<div class="elementor-container elementor-column-gap-default">
					<div class="elementor-column elementor-col-100 elementor-top-column elementor-element elementor-element-1aeb34e" data-id="1aeb34e" data-element_type="column">
			<div class="elementor-widget-wrap elementor-element-populated">
						<div class="elementor-element elementor-element-90cdfe6 elementor-widget elementor-widget-heading" data-id="90cdfe6" data-element_type="widget" data-widget_type="heading.default">
				<div class="elementor-widget-container">
					<h2 class="elementor-heading-title elementor-size-default">Aleksandra Bilińska</h2>				</div>
				</div>
					</div>
		</div>
					</div>
		</section>
				<section class="elementor-section elementor-top-section elementor-element elementor-element-208796d2 elementor-section-boxed elementor-section-height-default elementor-section-height-default" data-id="208796d2" data-element_type="section">
						<div class="elementor-container elementor-column-gap-default">
					<div class="elementor-column elementor-col-50 elementor-top-column elementor-element elementor-element-2998c263" data-id="2998c263" data-element_type="column">
			<div class="elementor-widget-wrap elementor-element-populated">
						<div class="elementor-element elementor-element-4f2be069 elementor-widget elementor-widget-image" data-id="4f2be069" data-element_type="widget" data-widget_type="image.default">
				<div class="elementor-widget-container">
												<figure class="wp-caption">
										<img fetchpriority="high" decoding="async" width="521" height="348" src="https://wsm.art.pl/wp-content/uploads/2025/04/Aleksandra-Bilinska.jpg" class="attachment-large size-large wp-image-17348" alt="" srcset="https://wsm.art.pl/wp-content/uploads/2025/04/Aleksandra-Bilinska.jpg 521w, https://wsm.art.pl/wp-content/uploads/2025/04/Aleksandra-Bilinska-300x200.jpg 300w" sizes="(max-width: 521px) 100vw, 521px" />											<figcaption class="widget-image-caption wp-caption-text">fot. archiwum</figcaption>
										</figure>
									</div>
				</div>
					</div>
		</div>
				<div class="elementor-column elementor-col-50 elementor-top-column elementor-element elementor-element-22045959" data-id="22045959" data-element_type="column">
			<div class="elementor-widget-wrap">
							</div>
		</div>
					</div>
		</section>
				<section class="elementor-section elementor-top-section elementor-element elementor-element-9295c6a elementor-section-boxed elementor-section-height-default elementor-section-height-default" data-id="9295c6a" data-element_type="section">
						<div class="elementor-container elementor-column-gap-default">
					<div class="elementor-column elementor-col-100 elementor-top-column elementor-element elementor-element-5b6c180" data-id="5b6c180" data-element_type="column">
			<div class="elementor-widget-wrap elementor-element-populated">
						<div class="elementor-element elementor-element-7926094 elementor-widget elementor-widget-text-editor" data-id="7926094" data-element_type="widget" data-widget_type="text-editor.default">
				<div class="elementor-widget-container">
									<p class="western" style="text-align: left;" align="justify"><span style="color: #262626;"><span style="font-family: Arial, sans-serif;"><span style="font-size: medium;">K</span></span></span><span style="color: #262626;"><span style="font-family: Arial, sans-serif;"><span style="font-size: medium;">ompozytorka, teoretyk muzyki, improwizatorka, etnomuzykolog. Absolwentka Wydziału Kompozycji, Dyrygentury i Teorii Muzyki katowickiej Akademii Muzycznej oraz Podyplomowych Studiów Etnomuzykologicznych Uniwersytetu Warszawskiego.</span></span></span></p><p class="western" style="text-align: left;" align="justify"><span style="color: #262626;"><span style="font-family: Arial, sans-serif;"><span style="font-size: medium;">Należy do nielicznego grona kompozytorek polskich specjalizujących się w muzyce tworzonej specjalnie dla teatru tańca współczesnego. Napisała muzykę oraz scenariusze do kilkunastu spektakli baletowych z choreografią wybitnych polskich choreografów, m.in. Ewy Wycichowskiej Aleksandry Dziurosz, Jacka Przybyłowicza, Andrzeja Morawca, Wojciecha Mochnieja, współpracowała także z Ulrike Hager.</span></span></span></p><p class="western" style="text-align: left;" align="justify"><span style="color: #262626;"><span style="font-family: Arial, sans-serif;"><span style="font-size: medium;">Jest także autorką szeregu kompozycji instrumentalnych. Jej kompozycje autonomiczne wykonywane były w wielu krajach europejskich, Ameryce Południowej, na Tajwanie, a także Stanach Zjednoczonych, w tym na najważniejszych festiwalach muzyki współczesnej, takich jak: June in Buffalo, w Buffalo; Annual CSUF New Music Festival, Fullerton; New York City Electroacoustic Music Festival w Nowym Yorku oraz w Kanadzie: Montreal/Nouvelles Musiques, w Montrealu.</span></span></span></p><p class="western" style="text-align: left;" align="justify"><span style="color: #262626;"><span style="font-family: Arial, sans-serif;"><span style="font-size: medium;">Ponadto w ramach sfery naukowo-artystycznej, bierze udział w konferencjach naukowych jako teoretyk muzyki oraz sesjach warsztatowych prowadząc warsztaty z zakresu improwizacji fortepianowej. Jest autorką artykułów i publikacji książkowych z zakresu teorii muzyki oraz edukacji muzycznej.</span></span></span></p><p class="western" style="text-align: left;" align="justify"><span style="color: #262626;"><span style="font-family: Arial, sans-serif;"><span style="font-size: medium;">Jako pedagog współpracuje z Uniwersytetem Muzycznym Fryderyka Chopina w Warszawie oraz Akademią Muzyczną w Katowicach. Jest członkiem </span></span></span><span style="color: #262626;"><span style="font-family: Arial, sans-serif;"><span style="font-size: medium;">Polskiego Stowarzyszenia Muzyki Elektroakustycznej</span></span></span><span style="color: #262626;"><span style="font-family: Arial, sans-serif;"><span style="font-size: medium;">, stowarzyszenia </span></span></span><span style="color: #262626;"><span style="font-family: Arial, sans-serif;"><span style="font-size: medium;">Strefa otwarta, ISME</span></span></span><span style="color: #262626;"><span style="font-family: Arial, sans-serif;"><span style="font-size: medium;">.</span></span></span></p><p class="western" style="text-align: left;" align="justify"><span style="color: #262626;"><span style="font-family: Arial, sans-serif;"><span style="font-size: medium;">W sferze jej zainteresowań pozostają techniki kompozytorskie muzyki XX i XXI wieku, muzyka elektroakustyczna, zagadnienia korespondencji sztuk, muzyka w formach interdyscyplinarnych, ze szczególnym uwzględnieniem teatru tańca współczesnego, </span></span></span><span style="font-family: Arial, sans-serif;"><span style="font-size: medium;">a przede wszystkim twórczość kompozytorek polskich, którym poświęciła swoją pracę doktorską zatytułowaną </span></span><span style="font-family: Arial, sans-serif;"><span style="font-size: medium;"><i>Twórczość instrumentalna kompozytorek polskich XX i XXI wieku i jej kontekst kulturowy. Wybrane przykłady z lat 1945-2005,</i></span></span><span style="font-family: Arial, sans-serif;"><span style="font-size: medium;"> (Katowice 2018). Praca w formie książki ukaże się w bieżącym roku kalendarzowym. Jest także autorką obszernego </span></span><span style="font-family: Arial, sans-serif;"><span style="font-size: medium;"><i>Katalogu polskich utworów inspirowanych folklorem,</i></span></span><span style="font-family: Arial, sans-serif;"><span style="font-size: medium;"> wyd. NIMiT.</span></span></p>								</div>
				</div>
					</div>
		</div>
					</div>
		</section>
				</div>

<p>Aleksandra Bilińska fot. archiwum Kompozytorka, teoretyk muzyki, improwizatorka, etnomuzykolog. Absolwentka Wydziału Kompozycji, Dyrygentury i Teorii Muzyki katowickiej Akademii Muzycznej oraz Podyplomowych Studiów Etnomuzykologicznych Uniwersytetu Warszawskiego.&hellip;</p>
