{"id":17336,"date":"2025-04-29T18:51:15","date_gmt":"2025-04-29T18:51:15","guid":{"rendered":"https:\/\/wsm.art.pl\/?page_id=17336"},"modified":"2025-04-29T18:53:46","modified_gmt":"2025-04-29T18:53:46","slug":"2026-bilinska-beata","status":"publish","type":"page","link":"https:\/\/wsm.art.pl\/?page_id=17336","title":{"rendered":"2025 BILI\u0143SKA Beata"},"content":{"rendered":"\t\t<div data-elementor-type=\"wp-page\" data-elementor-id=\"17336\" class=\"elementor elementor-17336\">\n\t\t\t\t\t\t<section class=\"elementor-section elementor-top-section elementor-element elementor-element-8b249b1 elementor-section-boxed elementor-section-height-default elementor-section-height-default\" data-id=\"8b249b1\" data-element_type=\"section\">\n\t\t\t\t\t\t<div class=\"elementor-container elementor-column-gap-default\">\n\t\t\t\t\t<div class=\"elementor-column elementor-col-100 elementor-top-column elementor-element elementor-element-1aeb34e\" data-id=\"1aeb34e\" data-element_type=\"column\">\n\t\t\t<div class=\"elementor-widget-wrap elementor-element-populated\">\n\t\t\t\t\t\t<div class=\"elementor-element elementor-element-90cdfe6 elementor-widget elementor-widget-heading\" data-id=\"90cdfe6\" data-element_type=\"widget\" data-widget_type=\"heading.default\">\n\t\t\t\t<div class=\"elementor-widget-container\">\n\t\t\t\t\t<h2 class=\"elementor-heading-title elementor-size-default\">Beata Bili\u0144ska<\/h2>\t\t\t\t<\/div>\n\t\t\t\t<\/div>\n\t\t\t\t\t<\/div>\n\t\t<\/div>\n\t\t\t\t\t<\/div>\n\t\t<\/section>\n\t\t\t\t<section class=\"elementor-section elementor-top-section elementor-element elementor-element-208796d2 elementor-section-boxed elementor-section-height-default elementor-section-height-default\" data-id=\"208796d2\" data-element_type=\"section\">\n\t\t\t\t\t\t<div class=\"elementor-container elementor-column-gap-default\">\n\t\t\t\t\t<div class=\"elementor-column elementor-col-50 elementor-top-column elementor-element elementor-element-2998c263\" data-id=\"2998c263\" data-element_type=\"column\">\n\t\t\t<div class=\"elementor-widget-wrap elementor-element-populated\">\n\t\t\t\t\t\t<div class=\"elementor-element elementor-element-4f2be069 elementor-widget elementor-widget-image\" data-id=\"4f2be069\" data-element_type=\"widget\" data-widget_type=\"image.default\">\n\t\t\t\t<div class=\"elementor-widget-container\">\n\t\t\t\t\t\t\t\t\t\t\t\t<figure class=\"wp-caption\">\n\t\t\t\t\t\t\t\t\t\t<img fetchpriority=\"high\" decoding=\"async\" width=\"735\" height=\"969\" src=\"https:\/\/wsm.art.pl\/wp-content\/uploads\/2025\/04\/Beata-Bilinska.jpg\" class=\"attachment-medium_large size-medium_large wp-image-17339\" alt=\"\" srcset=\"https:\/\/wsm.art.pl\/wp-content\/uploads\/2025\/04\/Beata-Bilinska.jpg 735w, https:\/\/wsm.art.pl\/wp-content\/uploads\/2025\/04\/Beata-Bilinska-228x300.jpg 228w\" sizes=\"(max-width: 735px) 100vw, 735px\" \/>\t\t\t\t\t\t\t\t\t\t\t<figcaption class=\"widget-image-caption wp-caption-text\">Beata Bili\u0144ska (www.bilinska.pl)<\/figcaption>\n\t\t\t\t\t\t\t\t\t\t<\/figure>\n\t\t\t\t\t\t\t\t\t<\/div>\n\t\t\t\t<\/div>\n\t\t\t\t\t<\/div>\n\t\t<\/div>\n\t\t\t\t<div class=\"elementor-column elementor-col-50 elementor-top-column elementor-element elementor-element-22045959\" data-id=\"22045959\" data-element_type=\"column\">\n\t\t\t<div class=\"elementor-widget-wrap elementor-element-populated\">\n\t\t\t\t\t\t<div class=\"elementor-element elementor-element-20a87065 elementor-widget elementor-widget-text-editor\" data-id=\"20a87065\" data-element_type=\"widget\" data-widget_type=\"text-editor.default\">\n\t\t\t\t<div class=\"elementor-widget-container\">\n\t\t\t\t\t\t\t\t\t<p class=\"western\" style=\"text-align: left;\" align=\"justify\"><span style=\"font-family: Arial, sans-serif;\"><span style=\"font-size: medium;\">Koncertuj\u0105ca pianistka, kameralistka, pedagog. Uko\u0144czy\u0142a Akademi\u0119 Muzyczn\u0105 im. Karola Szymanowskiego w Katowicach w klasie fortepianu prof. Andrzeja Jasi\u0144skiego, uzyskuj\u0105c dyplom z wyr\u00f3\u017cnieniem w 1996 roku. Swoje umiej\u0119tno\u015bci doskonali\u0142a r\u00f3wnie\u017c w berli\u0144skiej Hochschule der K\u00fcnste, studiuj\u0105c w klasie prof. Klausa Hellwiga. Bra\u0142a udzia\u0142 w kursach mistrzowskich, pracuj\u0105c pod kierunkiem wybitnych artyst\u00f3w, m.in. Lee Kum Singa, Johna Perry\u2019ego, Krystiana Zimermana. Jest laureatk\u0105 II nagrody na I Mi\u0119dzynarodowym Konkursie M\u0142odych Pianist\u00f3w Arthur Rubinstein in Memoriam w Bydgoszczy (1993) oraz finalistk\u0105 46. Mi\u0119dzynarodowego Konkursu Pianistycznego im. Feruccio Busoniego w Bolzano (W\u0142ochy, 1994). W 2002 roku zosta\u0142a laureatk\u0105 I nagrody oraz nagrody publiczno\u015bci na XVII Mi\u0119dzynarodowym Konkursie Pianistycznym Rina Sala Gallo w Monzy we W\u0142oszech.<\/span><\/span><\/p><p class=\"western\" style=\"text-align: left;\" align=\"justify\"><span style=\"font-family: Arial, sans-serif;\"><span style=\"font-size: medium;\">Doktor habilitowana sztuk muzycznych, profesor Akademii Muzycznej im. Karola Szymanowskiego w Katowicach. Od ponad dwudziestu lat prowadzi intensywn\u0105 dzia\u0142alno\u015b\u0107 artystyczn\u0105, wyst\u0119puj\u0105c z koncertami symfonicznymi, recitalami solowymi i kameralnymi w Polsce oraz za granic\u0105. Prowadzi r\u00f3wnie\u017c liczne kursy mistrzowskie, zasiada w jury og\u00f3lnopolskich i mi\u0119dzynarodowych konkurs\u00f3w pianistycznych, m.in. XVII International Chopin Piano Competition in Asia (2015-2018), Arthur Rubinstein in Memoriam w Bydgoszczy.<\/span><\/span><\/p><p class=\"western\" style=\"text-align: left;\" align=\"justify\"><span style=\"font-family: Arial, sans-serif;\"><span style=\"font-size: medium;\">Dwukrotnie by\u0142a nominowana do Paszportu \u201ePolityki\u201d oraz pi\u0119ciokrotnie do Nagrody Fryderyk. Statuetk\u0119 otrzyma\u0142a w 2015 roku za p\u0142yt\u0119 z <\/span><\/span><span style=\"font-family: Arial, sans-serif;\"><span style=\"font-size: medium;\"><i>II Koncertem fortepianowym<\/i><\/span><\/span><span style=\"font-family: Arial, sans-serif;\"><span style=\"font-size: medium;\"> Wojciecha Kilara (Aukso\/Mo\u015b\/2014). Za swoje pozosta\u0142e p\u0142yty otrzyma\u0142a liczne nagrody fonograficzne, m.in.: dwukrotnie Pizzicato Supersonic Award w Luxemburgu, Joker Award przyznawan\u0105 przez belgijskie Les Crescendo, Scherzo Award w Madrycie i Musica Award w Rzymie oraz najbardziej presti\u017cowe wyr\u00f3\u017cnienie fonograficzne Midem Classical Award w Cannes (2008).<\/span><\/span><\/p><p class=\"western\" style=\"text-align: left;\" align=\"justify\"><span style=\"font-family: Arial, sans-serif;\"><span style=\"font-size: medium;\">Wyst\u0119powa\u0142a na wielu presti\u017cowych festiwalach. Koncertowa\u0142a m.in. w Austrii, Argentynie, Bu\u0142garii, Czechach, Danii, Irlandii, Finlandii, Japonii, Mo\u0142dawii, Niemczech, Norwegii, Rosji, Rumunii, S\u0142owacji, Szwajcarii, Szwecji, USA, we Francji i W\u0142oszech, na Litwie, \u0141otwie i Ukrainie. Wsp\u00f3\u0142pracowa\u0142a z wi\u0119kszo\u015bci\u0105 polskich dyrygent\u00f3w oraz z zagranicznymi mistrzami batuty, takimi jak m.in. Massimiliano Caldi, Antal Matyas, Wolfgang Michel, Ji\u0159i Mikula, Dainius Pavilionis, Kriss Russmann, Brian Schembri, Christian Schumann, Lothar Seyfarth, Eugene Tzigane, Takao Ukigaya. Bra\u0142a udzia\u0142 w projektach kameralnych, m.in. wielokrotnie z Kwartetem \u015al\u0105skim i Krakowskim Kwintetem D\u0119tym oraz z instrumentalistami: Jakubem Jakowiczem, Konstantym Andrzejem Kulk\u0105, Rafa\u0142em Kwiatkowskim, Patrycj\u0105 Piekutowsk\u0105, Agat\u0105 Szymczewsk\u0105 i Marcinem Zdunikiem.<\/span><\/span><\/p><p class=\"western\" style=\"text-align: left;\" align=\"justify\"><span style=\"font-family: Arial, sans-serif;\"><span style=\"font-size: medium;\">W 2003 roku zadebiutowa\u0142a w Carnegie Hall, w g\u0142\u00f3wnej sali Isaac Stern Auditorium w Nowym Jorku. Jako pierwsza polska pianistka wykona\u0142a <\/span><\/span><span style=\"font-family: Arial, sans-serif;\"><span style=\"font-size: medium;\"><i>Koncert fortepianowy \u201eZmartwychwstanie\u201d<\/i><\/span><\/span><span style=\"font-family: Arial, sans-serif;\"><span style=\"font-size: medium;\"> Krzysztofa Pendereckiego (2005); jest te\u017c prawykonawczyni\u0105 <\/span><\/span><span style=\"font-family: Arial, sans-serif;\"><span style=\"font-size: medium;\"><i>II Koncertu fortepianowego<\/i><\/span><\/span><span style=\"font-family: Arial, sans-serif;\"><span style=\"font-size: medium;\"> Wojciecha Kilara (2011). <\/span><\/span><\/p><p class=\"western\" style=\"text-align: left;\" align=\"justify\"><span style=\"font-family: Arial, sans-serif;\"><span style=\"font-size: medium;\">W swoim dorobku posiada 12 p\u0142yt CD, na kt\u00f3rych znalaz\u0142y si\u0119 nagrania muzyki Ludwiga van Beethovena, Fryderyka Chopina, Sergiusza Rachmaninowa, Modesta Musorgskiego, Sergiusza Prokofiewa, Wojciecha Kilara. Krzysztofa Pendereckiego, kompozycje na skrzypce i fortepian polskich kompozytor\u00f3w XX wieku (Karola Szymanowskiego, Gra\u017cyny Bacewicz, Witolda Luto s\u0142awskiego) oraz utwory kameralne Wolfganga Amadeusza Mozarta, Francisa Poulenca i Aleksandra Tansmana.<\/span><\/span><\/p><p class=\"western\" style=\"text-align: left;\" align=\"justify\"><span style=\"font-family: Arial, sans-serif;\"><span style=\"font-size: medium;\">Poza prac\u0105 na macierzystej uczelni od 2014 roku prowadzi klas\u0119 fortepianu w PSM I i II st. im. M. Kar\u0142owicza w Katowicach oraz od 2017 roku w OSM I i II st. im. F. Chopina w Bytomiu. Jej wychowankowie zdobyli od tego czasu ponad 20 czo\u0142owych nagr\u00f3d na og\u00f3lnopolskich i zagranicznych konkursach pianistycznych.<\/span><\/span><\/p>\t\t\t\t\t\t\t\t<\/div>\n\t\t\t\t<\/div>\n\t\t\t\t\t<\/div>\n\t\t<\/div>\n\t\t\t\t\t<\/div>\n\t\t<\/section>\n\t\t\t\t<\/div>\n\t\t","protected":false},"excerpt":{"rendered":"<p>Beata Bili\u0144ska Beata Bili\u0144ska (www.bilinska.pl) Koncertuj\u0105ca pianistka, kameralistka, pedagog. Uko\u0144czy\u0142a Akademi\u0119 Muzyczn\u0105 im. Karola Szymanowskiego w Katowicach w klasie fortepianu prof. Andrzeja Jasi\u0144skiego, uzyskuj\u0105c dyplom&hellip;<\/p>\n","protected":false},"author":1,"featured_media":0,"parent":0,"menu_order":0,"comment_status":"closed","ping_status":"closed","template":"","meta":{"footnotes":""},"class_list":["post-17336","page","type-page","status-publish","hentry"],"_links":{"self":[{"href":"https:\/\/wsm.art.pl\/index.php?rest_route=\/wp\/v2\/pages\/17336","targetHints":{"allow":["GET"]}}],"collection":[{"href":"https:\/\/wsm.art.pl\/index.php?rest_route=\/wp\/v2\/pages"}],"about":[{"href":"https:\/\/wsm.art.pl\/index.php?rest_route=\/wp\/v2\/types\/page"}],"author":[{"embeddable":true,"href":"https:\/\/wsm.art.pl\/index.php?rest_route=\/wp\/v2\/users\/1"}],"replies":[{"embeddable":true,"href":"https:\/\/wsm.art.pl\/index.php?rest_route=%2Fwp%2Fv2%2Fcomments&post=17336"}],"version-history":[{"count":4,"href":"https:\/\/wsm.art.pl\/index.php?rest_route=\/wp\/v2\/pages\/17336\/revisions"}],"predecessor-version":[{"id":17342,"href":"https:\/\/wsm.art.pl\/index.php?rest_route=\/wp\/v2\/pages\/17336\/revisions\/17342"}],"wp:attachment":[{"href":"https:\/\/wsm.art.pl\/index.php?rest_route=%2Fwp%2Fv2%2Fmedia&parent=17336"}],"curies":[{"name":"wp","href":"https:\/\/api.w.org\/{rel}","templated":true}]}}

2025 BILIŃSKA Beata

<div data-elementor-type="wp-page" data-elementor-id="17336" class="elementor elementor-17336">
						<section class="elementor-section elementor-top-section elementor-element elementor-element-8b249b1 elementor-section-boxed elementor-section-height-default elementor-section-height-default" data-id="8b249b1" data-element_type="section">
						<div class="elementor-container elementor-column-gap-default">
					<div class="elementor-column elementor-col-100 elementor-top-column elementor-element elementor-element-1aeb34e" data-id="1aeb34e" data-element_type="column">
			<div class="elementor-widget-wrap elementor-element-populated">
						<div class="elementor-element elementor-element-90cdfe6 elementor-widget elementor-widget-heading" data-id="90cdfe6" data-element_type="widget" data-widget_type="heading.default">
				<div class="elementor-widget-container">
					<h2 class="elementor-heading-title elementor-size-default">Beata Bilińska</h2>				</div>
				</div>
					</div>
		</div>
					</div>
		</section>
				<section class="elementor-section elementor-top-section elementor-element elementor-element-208796d2 elementor-section-boxed elementor-section-height-default elementor-section-height-default" data-id="208796d2" data-element_type="section">
						<div class="elementor-container elementor-column-gap-default">
					<div class="elementor-column elementor-col-50 elementor-top-column elementor-element elementor-element-2998c263" data-id="2998c263" data-element_type="column">
			<div class="elementor-widget-wrap elementor-element-populated">
						<div class="elementor-element elementor-element-4f2be069 elementor-widget elementor-widget-image" data-id="4f2be069" data-element_type="widget" data-widget_type="image.default">
				<div class="elementor-widget-container">
												<figure class="wp-caption">
										<img fetchpriority="high" decoding="async" width="735" height="969" src="https://wsm.art.pl/wp-content/uploads/2025/04/Beata-Bilinska.jpg" class="attachment-medium_large size-medium_large wp-image-17339" alt="" srcset="https://wsm.art.pl/wp-content/uploads/2025/04/Beata-Bilinska.jpg 735w, https://wsm.art.pl/wp-content/uploads/2025/04/Beata-Bilinska-228x300.jpg 228w" sizes="(max-width: 735px) 100vw, 735px" />											<figcaption class="widget-image-caption wp-caption-text">Beata Bilińska (www.bilinska.pl)</figcaption>
										</figure>
									</div>
				</div>
					</div>
		</div>
				<div class="elementor-column elementor-col-50 elementor-top-column elementor-element elementor-element-22045959" data-id="22045959" data-element_type="column">
			<div class="elementor-widget-wrap elementor-element-populated">
						<div class="elementor-element elementor-element-20a87065 elementor-widget elementor-widget-text-editor" data-id="20a87065" data-element_type="widget" data-widget_type="text-editor.default">
				<div class="elementor-widget-container">
									<p class="western" style="text-align: left;" align="justify"><span style="font-family: Arial, sans-serif;"><span style="font-size: medium;">Koncertująca pianistka, kameralistka, pedagog. Ukończyła Akademię Muzyczną im. Karola Szymanowskiego w Katowicach w klasie fortepianu prof. Andrzeja Jasińskiego, uzyskując dyplom z wyróżnieniem w 1996 roku. Swoje umiejętności doskonaliła również w berlińskiej Hochschule der Künste, studiując w klasie prof. Klausa Hellwiga. Brała udział w kursach mistrzowskich, pracując pod kierunkiem wybitnych artystów, m.in. Lee Kum Singa, Johna Perry’ego, Krystiana Zimermana. Jest laureatką II nagrody na I Międzynarodowym Konkursie Młodych Pianistów Arthur Rubinstein in Memoriam w Bydgoszczy (1993) oraz finalistką 46. Międzynarodowego Konkursu Pianistycznego im. Feruccio Busoniego w Bolzano (Włochy, 1994). W 2002 roku została laureatką I nagrody oraz nagrody publiczności na XVII Międzynarodowym Konkursie Pianistycznym Rina Sala Gallo w Monzy we Włoszech.</span></span></p><p class="western" style="text-align: left;" align="justify"><span style="font-family: Arial, sans-serif;"><span style="font-size: medium;">Doktor habilitowana sztuk muzycznych, profesor Akademii Muzycznej im. Karola Szymanowskiego w Katowicach. Od ponad dwudziestu lat prowadzi intensywną działalność artystyczną, występując z koncertami symfonicznymi, recitalami solowymi i kameralnymi w Polsce oraz za granicą. Prowadzi również liczne kursy mistrzowskie, zasiada w jury ogólnopolskich i międzynarodowych konkursów pianistycznych, m.in. XVII International Chopin Piano Competition in Asia (2015-2018), Arthur Rubinstein in Memoriam w Bydgoszczy.</span></span></p><p class="western" style="text-align: left;" align="justify"><span style="font-family: Arial, sans-serif;"><span style="font-size: medium;">Dwukrotnie była nominowana do Paszportu „Polityki” oraz pięciokrotnie do Nagrody Fryderyk. Statuetkę otrzymała w 2015 roku za płytę z </span></span><span style="font-family: Arial, sans-serif;"><span style="font-size: medium;"><i>II Koncertem fortepianowym</i></span></span><span style="font-family: Arial, sans-serif;"><span style="font-size: medium;"> Wojciecha Kilara (Aukso/Moś/2014). Za swoje pozostałe płyty otrzymała liczne nagrody fonograficzne, m.in.: dwukrotnie Pizzicato Supersonic Award w Luxemburgu, Joker Award przyznawaną przez belgijskie Les Crescendo, Scherzo Award w Madrycie i Musica Award w Rzymie oraz najbardziej prestiżowe wyróżnienie fonograficzne Midem Classical Award w Cannes (2008).</span></span></p><p class="western" style="text-align: left;" align="justify"><span style="font-family: Arial, sans-serif;"><span style="font-size: medium;">Występowała na wielu prestiżowych festiwalach. Koncertowała m.in. w Austrii, Argentynie, Bułgarii, Czechach, Danii, Irlandii, Finlandii, Japonii, Mołdawii, Niemczech, Norwegii, Rosji, Rumunii, Słowacji, Szwajcarii, Szwecji, USA, we Francji i Włoszech, na Litwie, Łotwie i Ukrainie. Współpracowała z większością polskich dyrygentów oraz z zagranicznymi mistrzami batuty, takimi jak m.in. Massimiliano Caldi, Antal Matyas, Wolfgang Michel, Jiři Mikula, Dainius Pavilionis, Kriss Russmann, Brian Schembri, Christian Schumann, Lothar Seyfarth, Eugene Tzigane, Takao Ukigaya. Brała udział w projektach kameralnych, m.in. wielokrotnie z Kwartetem Śląskim i Krakowskim Kwintetem Dętym oraz z instrumentalistami: Jakubem Jakowiczem, Konstantym Andrzejem Kulką, Rafałem Kwiatkowskim, Patrycją Piekutowską, Agatą Szymczewską i Marcinem Zdunikiem.</span></span></p><p class="western" style="text-align: left;" align="justify"><span style="font-family: Arial, sans-serif;"><span style="font-size: medium;">W 2003 roku zadebiutowała w Carnegie Hall, w głównej sali Isaac Stern Auditorium w Nowym Jorku. Jako pierwsza polska pianistka wykonała </span></span><span style="font-family: Arial, sans-serif;"><span style="font-size: medium;"><i>Koncert fortepianowy „Zmartwychwstanie”</i></span></span><span style="font-family: Arial, sans-serif;"><span style="font-size: medium;"> Krzysztofa Pendereckiego (2005); jest też prawykonawczynią </span></span><span style="font-family: Arial, sans-serif;"><span style="font-size: medium;"><i>II Koncertu fortepianowego</i></span></span><span style="font-family: Arial, sans-serif;"><span style="font-size: medium;"> Wojciecha Kilara (2011). </span></span></p><p class="western" style="text-align: left;" align="justify"><span style="font-family: Arial, sans-serif;"><span style="font-size: medium;">W swoim dorobku posiada 12 płyt CD, na których znalazły się nagrania muzyki Ludwiga van Beethovena, Fryderyka Chopina, Sergiusza Rachmaninowa, Modesta Musorgskiego, Sergiusza Prokofiewa, Wojciecha Kilara. Krzysztofa Pendereckiego, kompozycje na skrzypce i fortepian polskich kompozytorów XX wieku (Karola Szymanowskiego, Grażyny Bacewicz, Witolda Luto sławskiego) oraz utwory kameralne Wolfganga Amadeusza Mozarta, Francisa Poulenca i Aleksandra Tansmana.</span></span></p><p class="western" style="text-align: left;" align="justify"><span style="font-family: Arial, sans-serif;"><span style="font-size: medium;">Poza pracą na macierzystej uczelni od 2014 roku prowadzi klasę fortepianu w PSM I i II st. im. M. Karłowicza w Katowicach oraz od 2017 roku w OSM I i II st. im. F. Chopina w Bytomiu. Jej wychowankowie zdobyli od tego czasu ponad 20 czołowych nagród na ogólnopolskich i zagranicznych konkursach pianistycznych.</span></span></p>								</div>
				</div>
					</div>
		</div>
					</div>
		</section>
				</div>

<p>Beata Bilińska Beata Bilińska (www.bilinska.pl) Koncertująca pianistka, kameralistka, pedagog. Ukończyła Akademię Muzyczną im. Karola Szymanowskiego w Katowicach w klasie fortepianu prof. Andrzeja Jasińskiego, uzyskując dyplom&hellip;</p>
