{"id":17250,"date":"2025-04-27T19:20:44","date_gmt":"2025-04-27T19:20:44","guid":{"rendered":"https:\/\/wsm.art.pl\/?page_id=17250"},"modified":"2025-04-27T19:24:54","modified_gmt":"2025-04-27T19:24:54","slug":"2025-szalowski","status":"publish","type":"page","link":"https:\/\/wsm.art.pl\/?page_id=17250","title":{"rendered":"2025 SZA\u0141OWSKI Antoni"},"content":{"rendered":"\t\t<div data-elementor-type=\"wp-page\" data-elementor-id=\"17250\" class=\"elementor elementor-17250\">\n\t\t\t\t\t\t<section class=\"elementor-section elementor-top-section elementor-element elementor-element-7da13de6 elementor-section-boxed elementor-section-height-default elementor-section-height-default\" data-id=\"7da13de6\" data-element_type=\"section\">\n\t\t\t\t\t\t<div class=\"elementor-container elementor-column-gap-default\">\n\t\t\t\t\t<div class=\"elementor-column elementor-col-100 elementor-top-column elementor-element elementor-element-23bcaf58\" data-id=\"23bcaf58\" data-element_type=\"column\">\n\t\t\t<div class=\"elementor-widget-wrap elementor-element-populated\">\n\t\t\t\t\t\t<div class=\"elementor-element elementor-element-4a64ab4c elementor-widget elementor-widget-heading\" data-id=\"4a64ab4c\" data-element_type=\"widget\" data-widget_type=\"heading.default\">\n\t\t\t\t<div class=\"elementor-widget-container\">\n\t\t\t\t\t<h2 class=\"elementor-heading-title elementor-size-default\">Antoni Sza\u0142owski (1907 - 1973)<\/h2>\t\t\t\t<\/div>\n\t\t\t\t<\/div>\n\t\t\t\t\t<\/div>\n\t\t<\/div>\n\t\t\t\t\t<\/div>\n\t\t<\/section>\n\t\t\t\t<section class=\"elementor-section elementor-top-section elementor-element elementor-element-46548e99 elementor-section-boxed elementor-section-height-default elementor-section-height-default\" data-id=\"46548e99\" data-element_type=\"section\">\n\t\t\t\t\t\t<div class=\"elementor-container elementor-column-gap-default\">\n\t\t\t\t\t<div class=\"elementor-column elementor-col-50 elementor-top-column elementor-element elementor-element-6381e498\" data-id=\"6381e498\" data-element_type=\"column\">\n\t\t\t<div class=\"elementor-widget-wrap elementor-element-populated\">\n\t\t\t\t\t\t<div class=\"elementor-element elementor-element-4a32b6e9 elementor-widget elementor-widget-image\" data-id=\"4a32b6e9\" data-element_type=\"widget\" data-widget_type=\"image.default\">\n\t\t\t\t<div class=\"elementor-widget-container\">\n\t\t\t\t\t\t\t\t\t\t\t\t<figure class=\"wp-caption\">\n\t\t\t\t\t\t\t\t\t\t<img fetchpriority=\"high\" decoding=\"async\" width=\"554\" height=\"554\" src=\"https:\/\/wsm.art.pl\/wp-content\/uploads\/2025\/04\/Antoni-Szalowski-aut.-Marcin-Wladyka.jpg\" class=\"attachment-medium_large size-medium_large wp-image-17252\" alt=\"\" srcset=\"https:\/\/wsm.art.pl\/wp-content\/uploads\/2025\/04\/Antoni-Szalowski-aut.-Marcin-Wladyka.jpg 554w, https:\/\/wsm.art.pl\/wp-content\/uploads\/2025\/04\/Antoni-Szalowski-aut.-Marcin-Wladyka-300x300.jpg 300w, https:\/\/wsm.art.pl\/wp-content\/uploads\/2025\/04\/Antoni-Szalowski-aut.-Marcin-Wladyka-150x150.jpg 150w\" sizes=\"(max-width: 554px) 100vw, 554px\" \/>\t\t\t\t\t\t\t\t\t\t\t<figcaption class=\"widget-image-caption wp-caption-text\">Portret Antoniego Sza\u0142owskiego autorstwa Marcina W\u0142adyki na podstawie fotografii nieznanego autora z archiwum Pierre'a Sza\u0142owskiego.<\/figcaption>\n\t\t\t\t\t\t\t\t\t\t<\/figure>\n\t\t\t\t\t\t\t\t\t<\/div>\n\t\t\t\t<\/div>\n\t\t\t\t\t<\/div>\n\t\t<\/div>\n\t\t\t\t<div class=\"elementor-column elementor-col-50 elementor-top-column elementor-element elementor-element-239de16a\" data-id=\"239de16a\" data-element_type=\"column\">\n\t\t\t<div class=\"elementor-widget-wrap elementor-element-populated\">\n\t\t\t\t\t\t<div class=\"elementor-element elementor-element-13eae2b9 elementor-widget elementor-widget-text-editor\" data-id=\"13eae2b9\" data-element_type=\"widget\" data-widget_type=\"text-editor.default\">\n\t\t\t\t<div class=\"elementor-widget-container\">\n\t\t\t\t\t\t\t\t\t<p class=\"western\" style=\"text-align: left;\" align=\"justify\"><span style=\"font-family: Arial, sans-serif;\"><span style=\"font-size: medium;\"><b>Antoni SZA\u0141OWSKI<\/b><\/span><\/span><span style=\"font-family: Arial, sans-serif;\"><span style=\"font-size: medium;\">, kompozytor; ur. 21 kwietnia 1907, Warszawa; zm. 21 marca 1973, Pary\u017c. Edukacj\u0119 muzyczn\u0105 rozpocz\u0105\u0142 nauk\u0105 gry na skrzypcach pod kierunkiem ojca, wybitnego skrzypka i pedagoga. W 1930 uko\u0144czy\u0142 z najwy\u017cszym odznaczeniem Konserwatorium Warszawskie, gdzie studiowa\u0142: kompozycj\u0119 w klasie Kazimierza Sikorskiego, dyrygentur\u0119 u Grzegorza Fitelberga oraz gr\u0119 na fortepianie pod kierunkiem Paw\u0142a Lewieckiego. W latach 1931-36 kontynuowa\u0142 studia w Pary\u017cu u Nadii Boulanger. W latach 1944 i 1946 otrzyma\u0142 stypendia Fundacji im. L. Boulanger w Bostonie. W latach 30-tych XX wieku osiad\u0142 we Francji, lecz obywatelstwo francuskie nadano mu dopiero w roku 1970, dzi\u0119ki protekcji N. Boulanger.<br \/><\/span><\/span><span style=\"font-family: Arial, sans-serif;\"><span style=\"font-size: medium;\">Od 1938 do 1948 by\u0142 prezesem Stowarzyszenia M\u0142odych Polskich Muzyk\u00f3w w Pary\u017cu. Po rozpocz\u0119ciu II wojny \u015bwiatowej zg\u0142osi\u0142 si\u0119 jako ochotnik do Armii Polskiej we Francji. Jednak w zwi\u0105zku z zawieszeniem broni w 1940 nie zosta\u0142 zmobilizowany. Po wojnie kontynuowa\u0142 dzia\u0142alno\u015b\u0107 kompozytorsk\u0105 w Pary\u017cu. Jego kompozycje by\u0142y prezentowane podczas licznych koncert\u00f3w oraz mi\u0119dzynarodowych festiwali muzyki wsp\u00f3\u0142czesnej w Europie Zachodniej, Australii i Stanach Zjednoczonych. <\/span><\/span><span style=\"font-family: Arial, sans-serif;\"><span style=\"font-size: medium;\"><i>Koncert skrzypcowy<\/i><\/span><\/span><span style=\"font-family: Arial, sans-serif;\"><span style=\"font-size: medium;\"> Sza\u0142owskiego wykonano w ramach Kongresu Kultury Polskiej w Pary\u017cu 1956. Wi\u0119kszo\u015b\u0107 powojennych utwor\u00f3w Sza\u0142owskiego powsta\u0142o na zam\u00f3wienie Radiodiffusion-Television Fran\u00e7aise.<br \/><\/span><\/span><span style=\"font-family: Arial, sans-serif;\"><span style=\"font-size: medium;\">Zdoby\u0142 presti\u017cowe nagrody za swoj\u0105 tw\u00f3rczo\u015b\u0107 kompozytorsk\u0105, m.in. z\u0142oty medal na Wystawie \u015awiatowej w Pary\u017cu w 1937 za <\/span><\/span><span style=\"font-family: Arial, sans-serif;\"><span style=\"font-size: medium;\"><i>Uwertur\u0119<\/i><\/span><\/span><span style=\"font-family: Arial, sans-serif;\"><span style=\"font-size: medium;\"> na orkiestr\u0119 (jeden z najpopularniejszych polskich utwor\u00f3w za granic\u0105 przed II wojn\u0105 \u015bwiatow\u0105); w 1955 &#8211; nagrod\u0119 muzyczn\u0105 Polskich Oddzia\u0142\u00f3w Wartowniczych przy Armii Ameryka\u0144skiej w Europie; w 1960 &#8211; I nagrod\u0119 Radiodiffusion-Television Fran\u00e7aise w Pary\u017cu za balet <\/span><\/span><span style=\"font-family: Arial, sans-serif;\"><span style=\"font-size: medium;\"><i>La femme t\u00eatue<\/i><\/span><\/span><span style=\"font-family: Arial, sans-serif;\"><span style=\"font-size: medium;\"> (pierwszy przypadek, gdy instytucja ta uhonorowa\u0142a artyst\u0119 nieb\u0119d\u0105cego w\u00f3wczas francuskim obywatelem); w 1972 &#8211; nagrod\u0119 fundacji im. A. Jurzykowskiego w Nowym Jorku.<br \/><\/span><\/span><span style=\"font-family: Arial, sans-serif;\"><span style=\"font-size: medium;\">Po 1949 roku, kiedy totalitarny re\u017cim komunistyczny sparali\u017cowa\u0142 polsk\u0105 kultur\u0119, tw\u00f3rczo\u015b\u0107 kompozytor\u00f3w emigrant\u00f3w, w tym Antoniego Sza\u0142owskiego, usuni\u0119to z program\u00f3w koncertowych w Polsce. W 1952 usuni\u0119to r\u00f3wnie\u017c Antoniego Sza\u0142owskiego z ZKP. Dopiero po \u015bmierci Stalina zmiany polityczne w PRL przynios\u0142y powr\u00f3t utwor\u00f3w Sza\u0142owskiego na estrady koncertowe: podczas I Festiwalu Muzyki Wsp\u00f3\u0142czesnej \u201eWarszawska Jesie\u0144\u201d, organizowanego przez Zwi\u0105zek Kompozytor\u00f3w Polskich, w 1956 wykonano jego s\u0142ynn\u0105 <\/span><\/span><span style=\"font-family: Arial, sans-serif;\"><span style=\"font-size: medium;\"><i>Uwertur\u0119<\/i><\/span><\/span><span style=\"font-family: Arial, sans-serif;\"><span style=\"font-size: medium;\">, nast\u0119pnie w ramach \u201eWarszawskiej Jesieni\u201d w 1959 zaprezentowano <\/span><\/span><span style=\"font-family: Arial, sans-serif;\"><span style=\"font-size: medium;\"><i>Trio<\/i><\/span><\/span><span style=\"font-family: Arial, sans-serif;\"><span style=\"font-size: medium;\"> na ob\u00f3j, klarnet i fagot. W roku 1962 w Operze Warszawskiej odby\u0142a si\u0119 polska premiera baletu <\/span><\/span><span style=\"font-family: Arial, sans-serif;\"><span style=\"font-size: medium;\"><i>Zaczarowana ober\u017ca<\/i><\/span><\/span><span style=\"font-family: Arial, sans-serif;\"><span style=\"font-size: medium;\">, jednak ze zmienionym przez bez wiedzy kompozytora librettem. Premiera jego <\/span><\/span><span style=\"font-family: Arial, sans-serif;\"><span style=\"font-size: medium;\"><i>Sze\u015bciu szkic\u00f3w<\/i><\/span><\/span><span style=\"font-family: Arial, sans-serif;\"><span style=\"font-size: medium;\"> na orkiestr\u0119 kameraln\u0105 odby\u0142a si\u0119 ju\u017c po \u015bmierci kompozytora w 1976 podczas XVI Pozna\u0144skiej Wiosny Muzycznej. W 1988 ZKP zorganizowa\u0142 w Warszawie konferencj\u0119 pt. <\/span><\/span><span style=\"font-family: Arial, sans-serif;\"><span style=\"font-size: medium;\"><i>Muzyka \u017ale obecna<\/i><\/span><\/span><span style=\"font-family: Arial, sans-serif;\"><span style=\"font-size: medium;\">, kt\u00f3ra zosta\u0142a po\u015bwi\u0119cona tw\u00f3rczo\u015bci czo\u0142owych polskich kompozytor\u00f3w emigracyjnych, ale wyk\u0142adu o muzyce Antoniego Sza\u0142owskiego nie zaplanowano (podczas konferencji odczytano list Palestra do organizator\u00f3w przedsi\u0119wzi\u0119cia, w kt\u00f3rym kompozytor okre\u015bli\u0142 \u201eswoistym skandalem\u201d brak referatu po\u015bwi\u0119conego tw\u00f3rczo\u015bci Sza\u0142owskiego, jako jednego z g\u0142\u00f3wnych przedstawicieli polskiego neoklasycyzmu).<\/span><\/span><\/p><p class=\"western\" style=\"text-align: right;\" align=\"right\"><span style=\"font-family: Arial, sans-serif;\"><span style=\"font-size: medium;\"><b>Polskie Centrum Informacji Muzycznej POLMIC<\/b><\/span><\/span><\/p>\t\t\t\t\t\t\t\t<\/div>\n\t\t\t\t<\/div>\n\t\t\t\t\t<\/div>\n\t\t<\/div>\n\t\t\t\t\t<\/div>\n\t\t<\/section>\n\t\t\t\t<\/div>\n\t\t","protected":false},"excerpt":{"rendered":"<p>Antoni Sza\u0142owski (1907 &#8211; 1973) Portret Antoniego Sza\u0142owskiego autorstwa Marcina W\u0142adyki na podstawie fotografii nieznanego autora z archiwum Pierre&#8217;a Sza\u0142owskiego. Antoni SZA\u0141OWSKI, kompozytor; ur. 21&hellip;<\/p>\n","protected":false},"author":1,"featured_media":0,"parent":0,"menu_order":0,"comment_status":"closed","ping_status":"closed","template":"","meta":{"footnotes":""},"class_list":["post-17250","page","type-page","status-publish","hentry"],"_links":{"self":[{"href":"https:\/\/wsm.art.pl\/index.php?rest_route=\/wp\/v2\/pages\/17250","targetHints":{"allow":["GET"]}}],"collection":[{"href":"https:\/\/wsm.art.pl\/index.php?rest_route=\/wp\/v2\/pages"}],"about":[{"href":"https:\/\/wsm.art.pl\/index.php?rest_route=\/wp\/v2\/types\/page"}],"author":[{"embeddable":true,"href":"https:\/\/wsm.art.pl\/index.php?rest_route=\/wp\/v2\/users\/1"}],"replies":[{"embeddable":true,"href":"https:\/\/wsm.art.pl\/index.php?rest_route=%2Fwp%2Fv2%2Fcomments&post=17250"}],"version-history":[{"count":4,"href":"https:\/\/wsm.art.pl\/index.php?rest_route=\/wp\/v2\/pages\/17250\/revisions"}],"predecessor-version":[{"id":17255,"href":"https:\/\/wsm.art.pl\/index.php?rest_route=\/wp\/v2\/pages\/17250\/revisions\/17255"}],"wp:attachment":[{"href":"https:\/\/wsm.art.pl\/index.php?rest_route=%2Fwp%2Fv2%2Fmedia&parent=17250"}],"curies":[{"name":"wp","href":"https:\/\/api.w.org\/{rel}","templated":true}]}}

2025 SZAŁOWSKI Antoni

<div data-elementor-type="wp-page" data-elementor-id="17250" class="elementor elementor-17250">
						<section class="elementor-section elementor-top-section elementor-element elementor-element-7da13de6 elementor-section-boxed elementor-section-height-default elementor-section-height-default" data-id="7da13de6" data-element_type="section">
						<div class="elementor-container elementor-column-gap-default">
					<div class="elementor-column elementor-col-100 elementor-top-column elementor-element elementor-element-23bcaf58" data-id="23bcaf58" data-element_type="column">
			<div class="elementor-widget-wrap elementor-element-populated">
						<div class="elementor-element elementor-element-4a64ab4c elementor-widget elementor-widget-heading" data-id="4a64ab4c" data-element_type="widget" data-widget_type="heading.default">
				<div class="elementor-widget-container">
					<h2 class="elementor-heading-title elementor-size-default">Antoni Szałowski (1907 - 1973)</h2>				</div>
				</div>
					</div>
		</div>
					</div>
		</section>
				<section class="elementor-section elementor-top-section elementor-element elementor-element-46548e99 elementor-section-boxed elementor-section-height-default elementor-section-height-default" data-id="46548e99" data-element_type="section">
						<div class="elementor-container elementor-column-gap-default">
					<div class="elementor-column elementor-col-50 elementor-top-column elementor-element elementor-element-6381e498" data-id="6381e498" data-element_type="column">
			<div class="elementor-widget-wrap elementor-element-populated">
						<div class="elementor-element elementor-element-4a32b6e9 elementor-widget elementor-widget-image" data-id="4a32b6e9" data-element_type="widget" data-widget_type="image.default">
				<div class="elementor-widget-container">
												<figure class="wp-caption">
										<img fetchpriority="high" decoding="async" width="554" height="554" src="https://wsm.art.pl/wp-content/uploads/2025/04/Antoni-Szalowski-aut.-Marcin-Wladyka.jpg" class="attachment-medium_large size-medium_large wp-image-17252" alt="" srcset="https://wsm.art.pl/wp-content/uploads/2025/04/Antoni-Szalowski-aut.-Marcin-Wladyka.jpg 554w, https://wsm.art.pl/wp-content/uploads/2025/04/Antoni-Szalowski-aut.-Marcin-Wladyka-300x300.jpg 300w, https://wsm.art.pl/wp-content/uploads/2025/04/Antoni-Szalowski-aut.-Marcin-Wladyka-150x150.jpg 150w" sizes="(max-width: 554px) 100vw, 554px" />											<figcaption class="widget-image-caption wp-caption-text">Portret Antoniego Szałowskiego autorstwa Marcina Władyki na podstawie fotografii nieznanego autora z archiwum Pierre'a Szałowskiego.</figcaption>
										</figure>
									</div>
				</div>
					</div>
		</div>
				<div class="elementor-column elementor-col-50 elementor-top-column elementor-element elementor-element-239de16a" data-id="239de16a" data-element_type="column">
			<div class="elementor-widget-wrap elementor-element-populated">
						<div class="elementor-element elementor-element-13eae2b9 elementor-widget elementor-widget-text-editor" data-id="13eae2b9" data-element_type="widget" data-widget_type="text-editor.default">
				<div class="elementor-widget-container">
									<p class="western" style="text-align: left;" align="justify"><span style="font-family: Arial, sans-serif;"><span style="font-size: medium;"><b>Antoni SZAŁOWSKI</b></span></span><span style="font-family: Arial, sans-serif;"><span style="font-size: medium;">, kompozytor; ur. 21 kwietnia 1907, Warszawa; zm. 21 marca 1973, Paryż. Edukację muzyczną rozpoczął nauką gry na skrzypcach pod kierunkiem ojca, wybitnego skrzypka i pedagoga. W 1930 ukończył z najwyższym odznaczeniem Konserwatorium Warszawskie, gdzie studiował: kompozycję w klasie Kazimierza Sikorskiego, dyrygenturę u Grzegorza Fitelberga oraz grę na fortepianie pod kierunkiem Pawła Lewieckiego. W latach 1931-36 kontynuował studia w Paryżu u Nadii Boulanger. W latach 1944 i 1946 otrzymał stypendia Fundacji im. L. Boulanger w Bostonie. W latach 30-tych XX wieku osiadł we Francji, lecz obywatelstwo francuskie nadano mu dopiero w roku 1970, dzięki protekcji N. Boulanger.<br /></span></span><span style="font-family: Arial, sans-serif;"><span style="font-size: medium;">Od 1938 do 1948 był prezesem Stowarzyszenia Młodych Polskich Muzyków w Paryżu. Po rozpoczęciu II wojny światowej zgłosił się jako ochotnik do Armii Polskiej we Francji. Jednak w związku z zawieszeniem broni w 1940 nie został zmobilizowany. Po wojnie kontynuował działalność kompozytorską w Paryżu. Jego kompozycje były prezentowane podczas licznych koncertów oraz międzynarodowych festiwali muzyki współczesnej w Europie Zachodniej, Australii i Stanach Zjednoczonych. </span></span><span style="font-family: Arial, sans-serif;"><span style="font-size: medium;"><i>Koncert skrzypcowy</i></span></span><span style="font-family: Arial, sans-serif;"><span style="font-size: medium;"> Szałowskiego wykonano w ramach Kongresu Kultury Polskiej w Paryżu 1956. Większość powojennych utworów Szałowskiego powstało na zamówienie Radiodiffusion-Television Française.<br /></span></span><span style="font-family: Arial, sans-serif;"><span style="font-size: medium;">Zdobył prestiżowe nagrody za swoją twórczość kompozytorską, m.in. złoty medal na Wystawie Światowej w Paryżu w 1937 za </span></span><span style="font-family: Arial, sans-serif;"><span style="font-size: medium;"><i>Uwerturę</i></span></span><span style="font-family: Arial, sans-serif;"><span style="font-size: medium;"> na orkiestrę (jeden z najpopularniejszych polskich utworów za granicą przed II wojną światową); w 1955 &#8211; nagrodę muzyczną Polskich Oddziałów Wartowniczych przy Armii Amerykańskiej w Europie; w 1960 &#8211; I nagrodę Radiodiffusion-Television Française w Paryżu za balet </span></span><span style="font-family: Arial, sans-serif;"><span style="font-size: medium;"><i>La femme têtue</i></span></span><span style="font-family: Arial, sans-serif;"><span style="font-size: medium;"> (pierwszy przypadek, gdy instytucja ta uhonorowała artystę niebędącego wówczas francuskim obywatelem); w 1972 &#8211; nagrodę fundacji im. A. Jurzykowskiego w Nowym Jorku.<br /></span></span><span style="font-family: Arial, sans-serif;"><span style="font-size: medium;">Po 1949 roku, kiedy totalitarny reżim komunistyczny sparaliżował polską kulturę, twórczość kompozytorów emigrantów, w tym Antoniego Szałowskiego, usunięto z programów koncertowych w Polsce. W 1952 usunięto również Antoniego Szałowskiego z ZKP. Dopiero po śmierci Stalina zmiany polityczne w PRL przyniosły powrót utworów Szałowskiego na estrady koncertowe: podczas I Festiwalu Muzyki Współczesnej „Warszawska Jesień”, organizowanego przez Związek Kompozytorów Polskich, w 1956 wykonano jego słynną </span></span><span style="font-family: Arial, sans-serif;"><span style="font-size: medium;"><i>Uwerturę</i></span></span><span style="font-family: Arial, sans-serif;"><span style="font-size: medium;">, następnie w ramach „Warszawskiej Jesieni” w 1959 zaprezentowano </span></span><span style="font-family: Arial, sans-serif;"><span style="font-size: medium;"><i>Trio</i></span></span><span style="font-family: Arial, sans-serif;"><span style="font-size: medium;"> na obój, klarnet i fagot. W roku 1962 w Operze Warszawskiej odbyła się polska premiera baletu </span></span><span style="font-family: Arial, sans-serif;"><span style="font-size: medium;"><i>Zaczarowana oberża</i></span></span><span style="font-family: Arial, sans-serif;"><span style="font-size: medium;">, jednak ze zmienionym przez bez wiedzy kompozytora librettem. Premiera jego </span></span><span style="font-family: Arial, sans-serif;"><span style="font-size: medium;"><i>Sześciu szkiców</i></span></span><span style="font-family: Arial, sans-serif;"><span style="font-size: medium;"> na orkiestrę kameralną odbyła się już po śmierci kompozytora w 1976 podczas XVI Poznańskiej Wiosny Muzycznej. W 1988 ZKP zorganizował w Warszawie konferencję pt. </span></span><span style="font-family: Arial, sans-serif;"><span style="font-size: medium;"><i>Muzyka źle obecna</i></span></span><span style="font-family: Arial, sans-serif;"><span style="font-size: medium;">, która została poświęcona twórczości czołowych polskich kompozytorów emigracyjnych, ale wykładu o muzyce Antoniego Szałowskiego nie zaplanowano (podczas konferencji odczytano list Palestra do organizatorów przedsięwzięcia, w którym kompozytor określił „swoistym skandalem” brak referatu poświęconego twórczości Szałowskiego, jako jednego z głównych przedstawicieli polskiego neoklasycyzmu).</span></span></p><p class="western" style="text-align: right;" align="right"><span style="font-family: Arial, sans-serif;"><span style="font-size: medium;"><b>Polskie Centrum Informacji Muzycznej POLMIC</b></span></span></p>								</div>
				</div>
					</div>
		</div>
					</div>
		</section>
				</div>

<p>Antoni Szałowski (1907 &#8211; 1973) Portret Antoniego Szałowskiego autorstwa Marcina Władyki na podstawie fotografii nieznanego autora z archiwum Pierre&#8217;a Szałowskiego. Antoni SZAŁOWSKI, kompozytor; ur. 21&hellip;</p>
