{"id":17219,"date":"2025-04-27T18:33:19","date_gmt":"2025-04-27T18:33:19","guid":{"rendered":"https:\/\/wsm.art.pl\/?page_id=17219"},"modified":"2025-04-27T18:38:28","modified_gmt":"2025-04-27T18:38:28","slug":"2025-slowinski","status":"publish","type":"page","link":"https:\/\/wsm.art.pl\/?page_id=17219","title":{"rendered":"2025 S\u0141OWI\u0143SKI W\u0142adys\u0142aw"},"content":{"rendered":"\t\t<div data-elementor-type=\"wp-page\" data-elementor-id=\"17219\" class=\"elementor elementor-17219\">\n\t\t\t\t\t\t<section class=\"elementor-section elementor-top-section elementor-element elementor-element-7da13de6 elementor-section-boxed elementor-section-height-default elementor-section-height-default\" data-id=\"7da13de6\" data-element_type=\"section\">\n\t\t\t\t\t\t<div class=\"elementor-container elementor-column-gap-default\">\n\t\t\t\t\t<div class=\"elementor-column elementor-col-100 elementor-top-column elementor-element elementor-element-23bcaf58\" data-id=\"23bcaf58\" data-element_type=\"column\">\n\t\t\t<div class=\"elementor-widget-wrap elementor-element-populated\">\n\t\t\t\t\t\t<div class=\"elementor-element elementor-element-4a64ab4c elementor-widget elementor-widget-heading\" data-id=\"4a64ab4c\" data-element_type=\"widget\" data-widget_type=\"heading.default\">\n\t\t\t\t<div class=\"elementor-widget-container\">\n\t\t\t\t\t<h2 class=\"elementor-heading-title elementor-size-default\">W\u0142adys\u0142aw S\u0142owi\u0144ski<\/h2>\t\t\t\t<\/div>\n\t\t\t\t<\/div>\n\t\t\t\t\t<\/div>\n\t\t<\/div>\n\t\t\t\t\t<\/div>\n\t\t<\/section>\n\t\t\t\t<section class=\"elementor-section elementor-top-section elementor-element elementor-element-46548e99 elementor-section-boxed elementor-section-height-default elementor-section-height-default\" data-id=\"46548e99\" data-element_type=\"section\">\n\t\t\t\t\t\t<div class=\"elementor-container elementor-column-gap-default\">\n\t\t\t\t\t<div class=\"elementor-column elementor-col-50 elementor-top-column elementor-element elementor-element-6381e498\" data-id=\"6381e498\" data-element_type=\"column\">\n\t\t\t<div class=\"elementor-widget-wrap elementor-element-populated\">\n\t\t\t\t\t\t<div class=\"elementor-element elementor-element-4a32b6e9 elementor-widget elementor-widget-image\" data-id=\"4a32b6e9\" data-element_type=\"widget\" data-widget_type=\"image.default\">\n\t\t\t\t<div class=\"elementor-widget-container\">\n\t\t\t\t\t\t\t\t\t\t\t\t<figure class=\"wp-caption\">\n\t\t\t\t\t\t\t\t\t\t<img fetchpriority=\"high\" decoding=\"async\" width=\"768\" height=\"1024\" src=\"https:\/\/wsm.art.pl\/wp-content\/uploads\/2025\/04\/slowiski-w.-fot.-magorzata-kosiska-768x1024-1.jpg\" class=\"attachment-medium_large size-medium_large wp-image-17221\" alt=\"\" srcset=\"https:\/\/wsm.art.pl\/wp-content\/uploads\/2025\/04\/slowiski-w.-fot.-magorzata-kosiska-768x1024-1.jpg 768w, https:\/\/wsm.art.pl\/wp-content\/uploads\/2025\/04\/slowiski-w.-fot.-magorzata-kosiska-768x1024-1-225x300.jpg 225w\" sizes=\"(max-width: 768px) 100vw, 768px\" \/>\t\t\t\t\t\t\t\t\t\t\t<figcaption class=\"widget-image-caption wp-caption-text\">fot. Ma\u0142gorzata Kosi\u0144ska<\/figcaption>\n\t\t\t\t\t\t\t\t\t\t<\/figure>\n\t\t\t\t\t\t\t\t\t<\/div>\n\t\t\t\t<\/div>\n\t\t\t\t\t<\/div>\n\t\t<\/div>\n\t\t\t\t<div class=\"elementor-column elementor-col-50 elementor-top-column elementor-element elementor-element-239de16a\" data-id=\"239de16a\" data-element_type=\"column\">\n\t\t\t<div class=\"elementor-widget-wrap elementor-element-populated\">\n\t\t\t\t\t\t<div class=\"elementor-element elementor-element-13eae2b9 elementor-widget elementor-widget-text-editor\" data-id=\"13eae2b9\" data-element_type=\"widget\" data-widget_type=\"text-editor.default\">\n\t\t\t\t<div class=\"elementor-widget-container\">\n\t\t\t\t\t\t\t\t\t<p class=\"western\" style=\"text-align: left;\" align=\"justify\"><span style=\"font-family: Arial, sans-serif;\"><span style=\"font-size: medium;\"><b>W\u0142adys\u0142aw S\u0141OWI\u0143SKI<\/b><\/span><\/span><span style=\"font-family: Arial, sans-serif;\"><span style=\"font-size: medium;\">, <\/span><\/span><span style=\"font-family: Arial, sans-serif;\"><span style=\"font-size: medium;\">kompozytor, dyrygent i organizator \u017cycia muzycznego; ur. 14 maja 1930, Sadlno; zm. 5 wrze\u015bnia 2024, Warszawa. W latach 1949-51 studiowa\u0142 muzykologi\u0119 pod kierunkiem Adolfa Chybi\u0144skiego na Uniwersytecie Adama Mickiewicza w Poznaniu. W latach 1950-54 odby\u0142 studia z zakresu kompozycji w klasie Tadeusza Szeligowskiego, a od 1951 do 1955 tak\u017ce dyrygentury u Waleriana Bierdiajewa i Stanis\u0142awa Wis\u0142ockiego w Pa\u0144stwowej Wy\u017cszej Szkole Muzycznej w Poznaniu.<br \/><\/span><\/span><span style=\"font-family: Arial, sans-serif;\"><span style=\"font-size: medium;\">W\u0142adys\u0142aw S\u0142owi\u0144ski zrekonstruowa\u0142 i zinstrumentowa\u0142 zaginion\u0105 partytur\u0119 opery <\/span><\/span><span style=\"font-family: Arial, sans-serif;\"><span style=\"font-size: medium;\"><i>Stara ba\u015b\u0144<\/i><\/span><\/span><span style=\"font-family: Arial, sans-serif;\"><span style=\"font-size: medium;\"> W\u0142adys\u0142awa \u017bele\u0144skiego (1959).<br \/><\/span><\/span><span style=\"font-family: Arial, sans-serif;\"><span style=\"font-size: medium;\">W latach 1954-64 by\u0142 dyrygentem w Operze Pozna\u0144skiej oraz wsp\u00f3\u0142pracowa\u0142 jednocze\u015bnie z wieloma orkiestrami symfonicznymi, g\u0142\u00f3wnie z Filharmoni\u0105 Pozna\u0144sk\u0105. P\u00f3\u017aniej wsp\u00f3\u0142pracowa\u0142 z Teatrem Wielkim w \u0141odzi oraz Teatrem Wielkim w Warszawie. W latach 1970-73 piastowa\u0142 stanowisko dyrektora artystycznego wytw\u00f3rni p\u0142ytowej Polskie Nagrania.<br \/><\/span><\/span><span style=\"font-family: Arial, sans-serif;\"><span style=\"font-size: medium;\">Od 1957 roku nale\u017ca\u0142 do Zwi\u0105zku Kompozytor\u00f3w Polskich. W latach 1973-1985 pe\u0142ni\u0142 obowi\u0105zki sekretarza generalnego Zwi\u0105zku Kompozytor\u00f3w Polskich, a od 1985 do 2001 by\u0142 prezesem Oddzia\u0142u Warszawskiego ZKP.<br \/><\/span><\/span><span style=\"font-family: Arial, sans-serif;\"><span style=\"font-size: medium;\">W 1986 powo\u0142a\u0142 do \u017cycia Warszawskie Spotkania Muzyczne i do 2016 roku pe\u0142ni\u0142 funkcj\u0119 dyrektora artystycznego Festiwalu, a w latach 2016-2024 &#8211; dyrektora honorowego.<br \/><\/span><\/span><span style=\"font-family: Arial, sans-serif;\"><span style=\"font-size: medium;\">Kompozycje W\u0142adys\u0142awa S\u0142owi\u0144skiego ukaza\u0142y si\u0119 na p\u0142ytach CD: <\/span><\/span><span style=\"font-family: Arial, sans-serif;\"><span style=\"font-size: medium;\"><i>Works for String Quartet<\/i><\/span><\/span><span style=\"font-family: Arial, sans-serif;\"><span style=\"font-size: medium;\"> (Acte Pr\u00e9alable, 2000), <\/span><\/span><span style=\"font-family: Arial, sans-serif;\"><span style=\"font-size: medium;\"><i>Chamber Works<\/i><\/span><\/span><span style=\"font-family: Arial, sans-serif;\"><span style=\"font-size: medium;\"> (Acte Pr\u00e9alable, 2000), <\/span><\/span><span style=\"font-family: Arial, sans-serif;\"><span style=\"font-size: medium;\"><i>Laks. S\u0142owi\u0144ski. Pstroko\u0144ska-Nawratil<\/i><\/span><\/span><span style=\"font-family: Arial, sans-serif;\"><span style=\"font-size: medium;\"> (DUX, 2012).<br \/><\/span><\/span><span style=\"font-family: Arial, sans-serif;\"><span style=\"font-size: medium;\">Za swoj\u0105 tw\u00f3rczo\u015b\u0107 oraz dzia\u0142alno\u015b\u0107 organizacyjn\u0105 otrzyma\u0142 wiele nagr\u00f3d i odznacze\u0144: 1975 \u2013 Z\u0142oty Krzy\u017c Zas\u0142ugi, 1977 \u2013 Nagrod\u0119 Prezesa Rady Ministr\u00f3w za tw\u00f3rczo\u015b\u0107 dla dzieci i m\u0142odzie\u017cy, 1980 \u2013 Krzy\u017c Kawalerski Orderu Odrodzenia Polski, 1986 \u2013 Z\u0142ot\u0105 Odznak\u0119 Honorow\u0105 \u201eZa zas\u0142ugi dla Warszawy\u201d, 1987 \u2013 Krzy\u017c Oficerski Orderu Odrodzenia Polski, 1990 \u2013 Nagrod\u0119 Wojewody Warszawskiego za ca\u0142okszta\u0142 dorobku tw\u00f3rczego, 1999 \u2013 doroczn\u0105 Nagrod\u0119 Zwi\u0105zku Kompozytor\u00f3w Polskich za tw\u00f3rczo\u015b\u0107 kompozytorsk\u0105, powo\u0142anie do \u017cycia Warszawskich Spotka\u0144 Muzycznych oraz zas\u0142ugi dla ZKP, 2001 \u2013 Nagrod\u0119 Marsza\u0142ka Wojew\u00f3dztwa Mazowieckiego za tw\u00f3rczo\u015b\u0107 kompozytorsk\u0105 i dzia\u0142alno\u015b\u0107 spo\u0142eczn\u0105, 2005 \u2013 Krzy\u017c Komandorski Orderu Odrodzenia Polski, 2006 \u2013 Srebrny Medal \u201eZas\u0142u\u017cony Kulturze Gloria Artis\u201d oraz Nagrod\u0119 Samorz\u0105du Wojew\u00f3dztwa Mazowieckiego im. Cypriana Kamila Norwida w dziedzinie muzyki, 2019 \u2013 Nagrod\u0119 100-lecia Stowarzyszenia Autor\u00f3w ZAiKS.<\/span><\/span><\/p><p class=\"western\" style=\"text-align: right;\" align=\"right\"><span style=\"font-family: Arial, sans-serif;\"><span style=\"font-size: medium;\"><b>Polskie Centrum Informacji Muzycznej POLMIC<\/b><\/span><\/span><\/p><p class=\"western\" style=\"text-align: left;\" align=\"justify\"><span style=\"font-size: medium;\">Utw\u00f3r <\/span><strong><span style=\"font-size: medium;\"><i>Ultima Volta<\/i><\/span><\/strong><span style=\"font-size: medium;\"> na orkiestr\u0119 symfoniczn\u0105 powsta\u0142 na zam\u00f3wienie Zwi\u0105zku Kompozytor\u00f3w Polskich w ramach programu \u201eZam\u00f3wienia kompozytorskie\u201d. Zosta\u0142 wykonany w Studiu Koncertowym PR im. Witolda Lutos\u0142awskiego przez Polsk\u0105 Orkiestr\u0119 Radiow\u0105 pod dyrekcj\u0105 Micha\u0142a Klauzy na koncercie organizowanym przez Polskie Radio w dniu 19 listopada 2017. Utw\u00f3r sk\u0142ada si\u0119 z dw\u00f3ch kontrastuj\u0105cych ze sob\u0105 pod wzgl\u0119dem wyrazowym cz\u0119\u015bci: powa\u017cnej i groteskowej. Kompozytor stara\u0142 si\u0119 jednak, aby obydwie stanowi\u0142y ca\u0142o\u015b\u0107 w zakresie formy utworu. W utworze wykorzystane s\u0105 tematy wcze\u015bniejszych kompozycji, s\u0105 jednak tylko podstaw\u0105 dla nowego ich uj\u0119cia.<\/span><\/p><p class=\"western\" style=\"text-align: right;\" align=\"justify\"><span style=\"font-size: medium;\"><strong>Krzysztof S\u0142owi\u0144ski<\/strong><\/span><\/p>\t\t\t\t\t\t\t\t<\/div>\n\t\t\t\t<\/div>\n\t\t\t\t\t<\/div>\n\t\t<\/div>\n\t\t\t\t\t<\/div>\n\t\t<\/section>\n\t\t\t\t<\/div>\n\t\t","protected":false},"excerpt":{"rendered":"<p>W\u0142adys\u0142aw S\u0142owi\u0144ski fot. Ma\u0142gorzata Kosi\u0144ska W\u0142adys\u0142aw S\u0141OWI\u0143SKI, kompozytor, dyrygent i organizator \u017cycia muzycznego; ur. 14 maja 1930, Sadlno; zm. 5 wrze\u015bnia 2024, Warszawa. W latach&hellip;<\/p>\n","protected":false},"author":1,"featured_media":0,"parent":0,"menu_order":0,"comment_status":"closed","ping_status":"closed","template":"","meta":{"footnotes":""},"class_list":["post-17219","page","type-page","status-publish","hentry"],"_links":{"self":[{"href":"https:\/\/wsm.art.pl\/index.php?rest_route=\/wp\/v2\/pages\/17219","targetHints":{"allow":["GET"]}}],"collection":[{"href":"https:\/\/wsm.art.pl\/index.php?rest_route=\/wp\/v2\/pages"}],"about":[{"href":"https:\/\/wsm.art.pl\/index.php?rest_route=\/wp\/v2\/types\/page"}],"author":[{"embeddable":true,"href":"https:\/\/wsm.art.pl\/index.php?rest_route=\/wp\/v2\/users\/1"}],"replies":[{"embeddable":true,"href":"https:\/\/wsm.art.pl\/index.php?rest_route=%2Fwp%2Fv2%2Fcomments&post=17219"}],"version-history":[{"count":4,"href":"https:\/\/wsm.art.pl\/index.php?rest_route=\/wp\/v2\/pages\/17219\/revisions"}],"predecessor-version":[{"id":17224,"href":"https:\/\/wsm.art.pl\/index.php?rest_route=\/wp\/v2\/pages\/17219\/revisions\/17224"}],"wp:attachment":[{"href":"https:\/\/wsm.art.pl\/index.php?rest_route=%2Fwp%2Fv2%2Fmedia&parent=17219"}],"curies":[{"name":"wp","href":"https:\/\/api.w.org\/{rel}","templated":true}]}}

2025 SŁOWIŃSKI Władysław

<div data-elementor-type="wp-page" data-elementor-id="17219" class="elementor elementor-17219">
						<section class="elementor-section elementor-top-section elementor-element elementor-element-7da13de6 elementor-section-boxed elementor-section-height-default elementor-section-height-default" data-id="7da13de6" data-element_type="section">
						<div class="elementor-container elementor-column-gap-default">
					<div class="elementor-column elementor-col-100 elementor-top-column elementor-element elementor-element-23bcaf58" data-id="23bcaf58" data-element_type="column">
			<div class="elementor-widget-wrap elementor-element-populated">
						<div class="elementor-element elementor-element-4a64ab4c elementor-widget elementor-widget-heading" data-id="4a64ab4c" data-element_type="widget" data-widget_type="heading.default">
				<div class="elementor-widget-container">
					<h2 class="elementor-heading-title elementor-size-default">Władysław Słowiński</h2>				</div>
				</div>
					</div>
		</div>
					</div>
		</section>
				<section class="elementor-section elementor-top-section elementor-element elementor-element-46548e99 elementor-section-boxed elementor-section-height-default elementor-section-height-default" data-id="46548e99" data-element_type="section">
						<div class="elementor-container elementor-column-gap-default">
					<div class="elementor-column elementor-col-50 elementor-top-column elementor-element elementor-element-6381e498" data-id="6381e498" data-element_type="column">
			<div class="elementor-widget-wrap elementor-element-populated">
						<div class="elementor-element elementor-element-4a32b6e9 elementor-widget elementor-widget-image" data-id="4a32b6e9" data-element_type="widget" data-widget_type="image.default">
				<div class="elementor-widget-container">
												<figure class="wp-caption">
										<img fetchpriority="high" decoding="async" width="768" height="1024" src="https://wsm.art.pl/wp-content/uploads/2025/04/slowiski-w.-fot.-magorzata-kosiska-768x1024-1.jpg" class="attachment-medium_large size-medium_large wp-image-17221" alt="" srcset="https://wsm.art.pl/wp-content/uploads/2025/04/slowiski-w.-fot.-magorzata-kosiska-768x1024-1.jpg 768w, https://wsm.art.pl/wp-content/uploads/2025/04/slowiski-w.-fot.-magorzata-kosiska-768x1024-1-225x300.jpg 225w" sizes="(max-width: 768px) 100vw, 768px" />											<figcaption class="widget-image-caption wp-caption-text">fot. Małgorzata Kosińska</figcaption>
										</figure>
									</div>
				</div>
					</div>
		</div>
				<div class="elementor-column elementor-col-50 elementor-top-column elementor-element elementor-element-239de16a" data-id="239de16a" data-element_type="column">
			<div class="elementor-widget-wrap elementor-element-populated">
						<div class="elementor-element elementor-element-13eae2b9 elementor-widget elementor-widget-text-editor" data-id="13eae2b9" data-element_type="widget" data-widget_type="text-editor.default">
				<div class="elementor-widget-container">
									<p class="western" style="text-align: left;" align="justify"><span style="font-family: Arial, sans-serif;"><span style="font-size: medium;"><b>Władysław SŁOWIŃSKI</b></span></span><span style="font-family: Arial, sans-serif;"><span style="font-size: medium;">, </span></span><span style="font-family: Arial, sans-serif;"><span style="font-size: medium;">kompozytor, dyrygent i organizator życia muzycznego; ur. 14 maja 1930, Sadlno; zm. 5 września 2024, Warszawa. W latach 1949-51 studiował muzykologię pod kierunkiem Adolfa Chybińskiego na Uniwersytecie Adama Mickiewicza w Poznaniu. W latach 1950-54 odbył studia z zakresu kompozycji w klasie Tadeusza Szeligowskiego, a od 1951 do 1955 także dyrygentury u Waleriana Bierdiajewa i Stanisława Wisłockiego w Państwowej Wyższej Szkole Muzycznej w Poznaniu.<br /></span></span><span style="font-family: Arial, sans-serif;"><span style="font-size: medium;">Władysław Słowiński zrekonstruował i zinstrumentował zaginioną partyturę opery </span></span><span style="font-family: Arial, sans-serif;"><span style="font-size: medium;"><i>Stara baśń</i></span></span><span style="font-family: Arial, sans-serif;"><span style="font-size: medium;"> Władysława Żeleńskiego (1959).<br /></span></span><span style="font-family: Arial, sans-serif;"><span style="font-size: medium;">W latach 1954-64 był dyrygentem w Operze Poznańskiej oraz współpracował jednocześnie z wieloma orkiestrami symfonicznymi, głównie z Filharmonią Poznańską. Później współpracował z Teatrem Wielkim w Łodzi oraz Teatrem Wielkim w Warszawie. W latach 1970-73 piastował stanowisko dyrektora artystycznego wytwórni płytowej Polskie Nagrania.<br /></span></span><span style="font-family: Arial, sans-serif;"><span style="font-size: medium;">Od 1957 roku należał do Związku Kompozytorów Polskich. W latach 1973-1985 pełnił obowiązki sekretarza generalnego Związku Kompozytorów Polskich, a od 1985 do 2001 był prezesem Oddziału Warszawskiego ZKP.<br /></span></span><span style="font-family: Arial, sans-serif;"><span style="font-size: medium;">W 1986 powołał do życia Warszawskie Spotkania Muzyczne i do 2016 roku pełnił funkcję dyrektora artystycznego Festiwalu, a w latach 2016-2024 &#8211; dyrektora honorowego.<br /></span></span><span style="font-family: Arial, sans-serif;"><span style="font-size: medium;">Kompozycje Władysława Słowińskiego ukazały się na płytach CD: </span></span><span style="font-family: Arial, sans-serif;"><span style="font-size: medium;"><i>Works for String Quartet</i></span></span><span style="font-family: Arial, sans-serif;"><span style="font-size: medium;"> (Acte Préalable, 2000), </span></span><span style="font-family: Arial, sans-serif;"><span style="font-size: medium;"><i>Chamber Works</i></span></span><span style="font-family: Arial, sans-serif;"><span style="font-size: medium;"> (Acte Préalable, 2000), </span></span><span style="font-family: Arial, sans-serif;"><span style="font-size: medium;"><i>Laks. Słowiński. Pstrokońska-Nawratil</i></span></span><span style="font-family: Arial, sans-serif;"><span style="font-size: medium;"> (DUX, 2012).<br /></span></span><span style="font-family: Arial, sans-serif;"><span style="font-size: medium;">Za swoją twórczość oraz działalność organizacyjną otrzymał wiele nagród i odznaczeń: 1975 – Złoty Krzyż Zasługi, 1977 – Nagrodę Prezesa Rady Ministrów za twórczość dla dzieci i młodzieży, 1980 – Krzyż Kawalerski Orderu Odrodzenia Polski, 1986 – Złotą Odznakę Honorową „Za zasługi dla Warszawy”, 1987 – Krzyż Oficerski Orderu Odrodzenia Polski, 1990 – Nagrodę Wojewody Warszawskiego za całokształ dorobku twórczego, 1999 – doroczną Nagrodę Związku Kompozytorów Polskich za twórczość kompozytorską, powołanie do życia Warszawskich Spotkań Muzycznych oraz zasługi dla ZKP, 2001 – Nagrodę Marszałka Województwa Mazowieckiego za twórczość kompozytorską i działalność społeczną, 2005 – Krzyż Komandorski Orderu Odrodzenia Polski, 2006 – Srebrny Medal „Zasłużony Kulturze Gloria Artis” oraz Nagrodę Samorządu Województwa Mazowieckiego im. Cypriana Kamila Norwida w dziedzinie muzyki, 2019 – Nagrodę 100-lecia Stowarzyszenia Autorów ZAiKS.</span></span></p><p class="western" style="text-align: right;" align="right"><span style="font-family: Arial, sans-serif;"><span style="font-size: medium;"><b>Polskie Centrum Informacji Muzycznej POLMIC</b></span></span></p><p class="western" style="text-align: left;" align="justify"><span style="font-size: medium;">Utwór </span><strong><span style="font-size: medium;"><i>Ultima Volta</i></span></strong><span style="font-size: medium;"> na orkiestrę symfoniczną powstał na zamówienie Związku Kompozytorów Polskich w ramach programu „Zamówienia kompozytorskie”. Został wykonany w Studiu Koncertowym PR im. Witolda Lutosławskiego przez Polską Orkiestrę Radiową pod dyrekcją Michała Klauzy na koncercie organizowanym przez Polskie Radio w dniu 19 listopada 2017. Utwór składa się z dwóch kontrastujących ze sobą pod względem wyrazowym części: poważnej i groteskowej. Kompozytor starał się jednak, aby obydwie stanowiły całość w zakresie formy utworu. W utworze wykorzystane są tematy wcześniejszych kompozycji, są jednak tylko podstawą dla nowego ich ujęcia.</span></p><p class="western" style="text-align: right;" align="justify"><span style="font-size: medium;"><strong>Krzysztof Słowiński</strong></span></p>								</div>
				</div>
					</div>
		</div>
					</div>
		</section>
				</div>

<p>Władysław Słowiński fot. Małgorzata Kosińska Władysław SŁOWIŃSKI, kompozytor, dyrygent i organizator życia muzycznego; ur. 14 maja 1930, Sadlno; zm. 5 września 2024, Warszawa. W latach&hellip;</p>
