{"id":17206,"date":"2025-04-27T18:13:20","date_gmt":"2025-04-27T18:13:20","guid":{"rendered":"https:\/\/wsm.art.pl\/?page_id=17206"},"modified":"2025-04-27T18:15:39","modified_gmt":"2025-04-27T18:15:39","slug":"2025-malecki","status":"publish","type":"page","link":"https:\/\/wsm.art.pl\/?page_id=17206","title":{"rendered":"2025 MA\u0141ECKI Maciej"},"content":{"rendered":"\t\t<div data-elementor-type=\"wp-page\" data-elementor-id=\"17206\" class=\"elementor elementor-17206\">\n\t\t\t\t\t\t<section class=\"elementor-section elementor-top-section elementor-element elementor-element-7da13de6 elementor-section-boxed elementor-section-height-default elementor-section-height-default\" data-id=\"7da13de6\" data-element_type=\"section\">\n\t\t\t\t\t\t<div class=\"elementor-container elementor-column-gap-default\">\n\t\t\t\t\t<div class=\"elementor-column elementor-col-100 elementor-top-column elementor-element elementor-element-23bcaf58\" data-id=\"23bcaf58\" data-element_type=\"column\">\n\t\t\t<div class=\"elementor-widget-wrap elementor-element-populated\">\n\t\t\t\t\t\t<div class=\"elementor-element elementor-element-4a64ab4c elementor-widget elementor-widget-heading\" data-id=\"4a64ab4c\" data-element_type=\"widget\" data-widget_type=\"heading.default\">\n\t\t\t\t<div class=\"elementor-widget-container\">\n\t\t\t\t\t<h2 class=\"elementor-heading-title elementor-size-default\">Maciej Ma\u0142ecki<\/h2>\t\t\t\t<\/div>\n\t\t\t\t<\/div>\n\t\t\t\t\t<\/div>\n\t\t<\/div>\n\t\t\t\t\t<\/div>\n\t\t<\/section>\n\t\t\t\t<section class=\"elementor-section elementor-top-section elementor-element elementor-element-46548e99 elementor-section-boxed elementor-section-height-default elementor-section-height-default\" data-id=\"46548e99\" data-element_type=\"section\">\n\t\t\t\t\t\t<div class=\"elementor-container elementor-column-gap-default\">\n\t\t\t\t\t<div class=\"elementor-column elementor-col-50 elementor-top-column elementor-element elementor-element-6381e498\" data-id=\"6381e498\" data-element_type=\"column\">\n\t\t\t<div class=\"elementor-widget-wrap elementor-element-populated\">\n\t\t\t\t\t\t<div class=\"elementor-element elementor-element-4a32b6e9 elementor-widget elementor-widget-image\" data-id=\"4a32b6e9\" data-element_type=\"widget\" data-widget_type=\"image.default\">\n\t\t\t\t<div class=\"elementor-widget-container\">\n\t\t\t\t\t\t\t\t\t\t\t\t<figure class=\"wp-caption\">\n\t\t\t\t\t\t\t\t\t\t<img fetchpriority=\"high\" decoding=\"async\" width=\"768\" height=\"1152\" src=\"https:\/\/wsm.art.pl\/wp-content\/uploads\/2025\/04\/Maciej-Malecki-fot.-Ewa-Modestowicz-small-768x1152.jpg\" class=\"attachment-medium_large size-medium_large wp-image-17208\" alt=\"\" srcset=\"https:\/\/wsm.art.pl\/wp-content\/uploads\/2025\/04\/Maciej-Malecki-fot.-Ewa-Modestowicz-small-768x1152.jpg 768w, https:\/\/wsm.art.pl\/wp-content\/uploads\/2025\/04\/Maciej-Malecki-fot.-Ewa-Modestowicz-small-200x300.jpg 200w, https:\/\/wsm.art.pl\/wp-content\/uploads\/2025\/04\/Maciej-Malecki-fot.-Ewa-Modestowicz-small-683x1024.jpg 683w, https:\/\/wsm.art.pl\/wp-content\/uploads\/2025\/04\/Maciej-Malecki-fot.-Ewa-Modestowicz-small-1024x1536.jpg 1024w, https:\/\/wsm.art.pl\/wp-content\/uploads\/2025\/04\/Maciej-Malecki-fot.-Ewa-Modestowicz-small.jpg 1067w\" sizes=\"(max-width: 768px) 100vw, 768px\" \/>\t\t\t\t\t\t\t\t\t\t\t<figcaption class=\"widget-image-caption wp-caption-text\">fot. Ewa Modestowicz <\/figcaption>\n\t\t\t\t\t\t\t\t\t\t<\/figure>\n\t\t\t\t\t\t\t\t\t<\/div>\n\t\t\t\t<\/div>\n\t\t\t\t\t<\/div>\n\t\t<\/div>\n\t\t\t\t<div class=\"elementor-column elementor-col-50 elementor-top-column elementor-element elementor-element-239de16a\" data-id=\"239de16a\" data-element_type=\"column\">\n\t\t\t<div class=\"elementor-widget-wrap elementor-element-populated\">\n\t\t\t\t\t\t<div class=\"elementor-element elementor-element-13eae2b9 elementor-widget elementor-widget-text-editor\" data-id=\"13eae2b9\" data-element_type=\"widget\" data-widget_type=\"text-editor.default\">\n\t\t\t\t<div class=\"elementor-widget-container\">\n\t\t\t\t\t\t\t\t\t<p class=\"western\" style=\"text-align: left;\" align=\"justify\"><span style=\"font-family: Arial, sans-serif;\"><span style=\"font-size: medium;\"><b>Maciej MA\u0141ECKI<\/b><\/span><\/span><span style=\"font-family: Arial, sans-serif;\"><span style=\"font-size: medium;\"> (ur. w 1940), kompozytor, pianista. Studiowa\u0142 w sto\u0142ecznej Pa\u0144stwowej Wy\u017cszej Szkole Muzycznej \u2013 kompozycj\u0119 u Kazimierza Sikorskiego i fortepian u Natalii Hornowskiej. Wykszta\u0142cenie uzupe\u0142nia\u0142 w Eastman School of Music w Rochester, USA. Po studiach przez kilka lat gra\u0142 w duecie fortepianowym z Jerzym Derflem.<br \/><\/span><\/span><span style=\"font-family: Arial, sans-serif;\"><span style=\"font-size: medium;\">W latach 70. komponowa\u0142 g\u0142\u00f3wnie dla teatru, radia, telewizji i filmu. W nast\u0119pnym dziesi\u0119cioleciu poszerzy\u0142 ten rodzaj tw\u00f3rczo\u015bci o muzyk\u0119 koncertow\u0105. W 1993 roku zosta\u0142 Prezesem Zwi\u0105zku Kompozytor\u00f3w Polskich i pe\u0142ni\u0142 t\u0119 funkcj\u0119 przez trzy kadencje.<br \/><\/span><\/span><span style=\"font-family: Arial, sans-serif;\"><span style=\"font-size: medium;\">Autor wielu kompozycji solowych i kameralnych (m.in. pi\u0119ciu kwartet\u00f3w smyczkowych), orkiestrowych (w\u015br\u00f3d nich trzy symfonie), kilkunastu utwor\u00f3w na instrumenty solo z orkiestr\u0105 , utwor\u00f3w na orkiestr\u0119 d\u0119t\u0105, pie\u015bni, pie\u015bni ch\u00f3ralnych, utwor\u00f3w scenicznych (opera, dwa balety, opera dzieci\u0119ca, dwa musicale, dzie\u0142a radiowo-estradowe), a tak\u017ce muzyki teatralnej, filmowej, piosenek, piosenek dla dzieci i szeregu opracowa\u0144.<br \/><\/span><\/span><span style=\"font-family: Arial, sans-serif;\"><span style=\"font-size: medium;\">Laureat nagr\u00f3d i wyr\u00f3\u017cnie\u0144. W 2013 zosta\u0142 uhonorowany Krzy\u017cem Kawalerskim Orderu Odrodzenia Polski.<\/span><\/span><\/p><p class=\"western\" style=\"text-align: left;\" align=\"justify\"><span style=\"font-family: Arial, sans-serif;\"><span style=\"font-size: medium;\"><b>Trio stroikowe <\/b><\/span><\/span><span style=\"font-family: Arial, sans-serif;\"><span style=\"font-size: medium;\"><i><b>Cztery Opowie\u015bci<br \/><\/b><\/i><\/span><\/span><span style=\"font-family: Arial, sans-serif;\"><span style=\"font-size: medium;\">Z inspiracji i na zam\u00f3wienie Marty Troicki &#8211; fagocistki polskiego pochodzenia dzia\u0142aj\u0105cej w USA &#8211; napisa\u0142em w 2020 roku <\/span><\/span><span style=\"font-family: Arial, sans-serif;\"><span style=\"font-size: medium;\"><i>Cztery Opowie\u015bci<\/i><\/span><\/span><span style=\"font-family: Arial, sans-serif;\"><span style=\"font-size: medium;\"> (<\/span><\/span><span style=\"font-family: Arial, sans-serif;\"><span style=\"font-size: medium;\"><i>Four Stories<\/i><\/span><\/span><span style=\"font-family: Arial, sans-serif;\"><span style=\"font-size: medium;\">) na ob\u00f3j, klarnet i fagot. Cz\u0119\u015bci utworu to <\/span><\/span><span style=\"font-family: Arial, sans-serif;\"><span style=\"font-size: medium;\"><i>Przygoda, Figle, Medytacje i Taniec<\/i><\/span><\/span><span style=\"font-family: Arial, sans-serif;\"><span style=\"font-size: medium;\">. Pierwsze wykonanie by\u0142o dzie\u0142em tria Sonora Winds &#8211; zespo\u0142u za\u0142o\u017conego przez Mart\u0119 Troicki.<br \/><\/span><\/span><span style=\"font-size: medium; font-family: Arial, sans-serif;\">Krakowskie Trio Stroikowe wprowadzi\u0142o utw\u00f3r do swego repertuaru. Polskie prawykonanie odby\u0142o si\u0119 na 34. Festiwalu M\u0142odych Laureat\u00f3w Konkurs\u00f3w Muzycznych w Studio Koncertowym Polskiego Radia Katowice 13. pa\u017adziernika 2024 roku.<\/span><\/p><p class=\"western\" style=\"text-align: right;\" align=\"right\"><span style=\"font-family: Arial, sans-serif;\"><span style=\"font-size: medium;\"><b>Maciej Ma\u0142ecki<\/b><\/span><\/span><\/p>\t\t\t\t\t\t\t\t<\/div>\n\t\t\t\t<\/div>\n\t\t\t\t\t<\/div>\n\t\t<\/div>\n\t\t\t\t\t<\/div>\n\t\t<\/section>\n\t\t\t\t<\/div>\n\t\t","protected":false},"excerpt":{"rendered":"<p>Maciej Ma\u0142ecki fot. Ewa Modestowicz Maciej MA\u0141ECKI (ur. w 1940), kompozytor, pianista. Studiowa\u0142 w sto\u0142ecznej Pa\u0144stwowej Wy\u017cszej Szkole Muzycznej \u2013 kompozycj\u0119 u Kazimierza Sikorskiego i&hellip;<\/p>\n","protected":false},"author":1,"featured_media":0,"parent":0,"menu_order":0,"comment_status":"closed","ping_status":"closed","template":"","meta":{"footnotes":""},"class_list":["post-17206","page","type-page","status-publish","hentry"],"_links":{"self":[{"href":"https:\/\/wsm.art.pl\/index.php?rest_route=\/wp\/v2\/pages\/17206","targetHints":{"allow":["GET"]}}],"collection":[{"href":"https:\/\/wsm.art.pl\/index.php?rest_route=\/wp\/v2\/pages"}],"about":[{"href":"https:\/\/wsm.art.pl\/index.php?rest_route=\/wp\/v2\/types\/page"}],"author":[{"embeddable":true,"href":"https:\/\/wsm.art.pl\/index.php?rest_route=\/wp\/v2\/users\/1"}],"replies":[{"embeddable":true,"href":"https:\/\/wsm.art.pl\/index.php?rest_route=%2Fwp%2Fv2%2Fcomments&post=17206"}],"version-history":[{"count":4,"href":"https:\/\/wsm.art.pl\/index.php?rest_route=\/wp\/v2\/pages\/17206\/revisions"}],"predecessor-version":[{"id":17211,"href":"https:\/\/wsm.art.pl\/index.php?rest_route=\/wp\/v2\/pages\/17206\/revisions\/17211"}],"wp:attachment":[{"href":"https:\/\/wsm.art.pl\/index.php?rest_route=%2Fwp%2Fv2%2Fmedia&parent=17206"}],"curies":[{"name":"wp","href":"https:\/\/api.w.org\/{rel}","templated":true}]}}

2025 MAŁECKI Maciej

<div data-elementor-type="wp-page" data-elementor-id="17206" class="elementor elementor-17206">
						<section class="elementor-section elementor-top-section elementor-element elementor-element-7da13de6 elementor-section-boxed elementor-section-height-default elementor-section-height-default" data-id="7da13de6" data-element_type="section">
						<div class="elementor-container elementor-column-gap-default">
					<div class="elementor-column elementor-col-100 elementor-top-column elementor-element elementor-element-23bcaf58" data-id="23bcaf58" data-element_type="column">
			<div class="elementor-widget-wrap elementor-element-populated">
						<div class="elementor-element elementor-element-4a64ab4c elementor-widget elementor-widget-heading" data-id="4a64ab4c" data-element_type="widget" data-widget_type="heading.default">
				<div class="elementor-widget-container">
					<h2 class="elementor-heading-title elementor-size-default">Maciej Małecki</h2>				</div>
				</div>
					</div>
		</div>
					</div>
		</section>
				<section class="elementor-section elementor-top-section elementor-element elementor-element-46548e99 elementor-section-boxed elementor-section-height-default elementor-section-height-default" data-id="46548e99" data-element_type="section">
						<div class="elementor-container elementor-column-gap-default">
					<div class="elementor-column elementor-col-50 elementor-top-column elementor-element elementor-element-6381e498" data-id="6381e498" data-element_type="column">
			<div class="elementor-widget-wrap elementor-element-populated">
						<div class="elementor-element elementor-element-4a32b6e9 elementor-widget elementor-widget-image" data-id="4a32b6e9" data-element_type="widget" data-widget_type="image.default">
				<div class="elementor-widget-container">
												<figure class="wp-caption">
										<img fetchpriority="high" decoding="async" width="768" height="1152" src="https://wsm.art.pl/wp-content/uploads/2025/04/Maciej-Malecki-fot.-Ewa-Modestowicz-small-768x1152.jpg" class="attachment-medium_large size-medium_large wp-image-17208" alt="" srcset="https://wsm.art.pl/wp-content/uploads/2025/04/Maciej-Malecki-fot.-Ewa-Modestowicz-small-768x1152.jpg 768w, https://wsm.art.pl/wp-content/uploads/2025/04/Maciej-Malecki-fot.-Ewa-Modestowicz-small-200x300.jpg 200w, https://wsm.art.pl/wp-content/uploads/2025/04/Maciej-Malecki-fot.-Ewa-Modestowicz-small-683x1024.jpg 683w, https://wsm.art.pl/wp-content/uploads/2025/04/Maciej-Malecki-fot.-Ewa-Modestowicz-small-1024x1536.jpg 1024w, https://wsm.art.pl/wp-content/uploads/2025/04/Maciej-Malecki-fot.-Ewa-Modestowicz-small.jpg 1067w" sizes="(max-width: 768px) 100vw, 768px" />											<figcaption class="widget-image-caption wp-caption-text">fot. Ewa Modestowicz </figcaption>
										</figure>
									</div>
				</div>
					</div>
		</div>
				<div class="elementor-column elementor-col-50 elementor-top-column elementor-element elementor-element-239de16a" data-id="239de16a" data-element_type="column">
			<div class="elementor-widget-wrap elementor-element-populated">
						<div class="elementor-element elementor-element-13eae2b9 elementor-widget elementor-widget-text-editor" data-id="13eae2b9" data-element_type="widget" data-widget_type="text-editor.default">
				<div class="elementor-widget-container">
									<p class="western" style="text-align: left;" align="justify"><span style="font-family: Arial, sans-serif;"><span style="font-size: medium;"><b>Maciej MAŁECKI</b></span></span><span style="font-family: Arial, sans-serif;"><span style="font-size: medium;"> (ur. w 1940), kompozytor, pianista. Studiował w stołecznej Państwowej Wyższej Szkole Muzycznej – kompozycję u Kazimierza Sikorskiego i fortepian u Natalii Hornowskiej. Wykształcenie uzupełniał w Eastman School of Music w Rochester, USA. Po studiach przez kilka lat grał w duecie fortepianowym z Jerzym Derflem.<br /></span></span><span style="font-family: Arial, sans-serif;"><span style="font-size: medium;">W latach 70. komponował głównie dla teatru, radia, telewizji i filmu. W następnym dziesięcioleciu poszerzył ten rodzaj twórczości o muzykę koncertową. W 1993 roku został Prezesem Związku Kompozytorów Polskich i pełnił tę funkcję przez trzy kadencje.<br /></span></span><span style="font-family: Arial, sans-serif;"><span style="font-size: medium;">Autor wielu kompozycji solowych i kameralnych (m.in. pięciu kwartetów smyczkowych), orkiestrowych (wśród nich trzy symfonie), kilkunastu utworów na instrumenty solo z orkiestrą , utworów na orkiestrę dętą, pieśni, pieśni chóralnych, utworów scenicznych (opera, dwa balety, opera dziecięca, dwa musicale, dzieła radiowo-estradowe), a także muzyki teatralnej, filmowej, piosenek, piosenek dla dzieci i szeregu opracowań.<br /></span></span><span style="font-family: Arial, sans-serif;"><span style="font-size: medium;">Laureat nagród i wyróżnień. W 2013 został uhonorowany Krzyżem Kawalerskim Orderu Odrodzenia Polski.</span></span></p><p class="western" style="text-align: left;" align="justify"><span style="font-family: Arial, sans-serif;"><span style="font-size: medium;"><b>Trio stroikowe </b></span></span><span style="font-family: Arial, sans-serif;"><span style="font-size: medium;"><i><b>Cztery Opowieści<br /></b></i></span></span><span style="font-family: Arial, sans-serif;"><span style="font-size: medium;">Z inspiracji i na zamówienie Marty Troicki &#8211; fagocistki polskiego pochodzenia działającej w USA &#8211; napisałem w 2020 roku </span></span><span style="font-family: Arial, sans-serif;"><span style="font-size: medium;"><i>Cztery Opowieści</i></span></span><span style="font-family: Arial, sans-serif;"><span style="font-size: medium;"> (</span></span><span style="font-family: Arial, sans-serif;"><span style="font-size: medium;"><i>Four Stories</i></span></span><span style="font-family: Arial, sans-serif;"><span style="font-size: medium;">) na obój, klarnet i fagot. Części utworu to </span></span><span style="font-family: Arial, sans-serif;"><span style="font-size: medium;"><i>Przygoda, Figle, Medytacje i Taniec</i></span></span><span style="font-family: Arial, sans-serif;"><span style="font-size: medium;">. Pierwsze wykonanie było dziełem tria Sonora Winds &#8211; zespołu założonego przez Martę Troicki.<br /></span></span><span style="font-size: medium; font-family: Arial, sans-serif;">Krakowskie Trio Stroikowe wprowadziło utwór do swego repertuaru. Polskie prawykonanie odbyło się na 34. Festiwalu Młodych Laureatów Konkursów Muzycznych w Studio Koncertowym Polskiego Radia Katowice 13. października 2024 roku.</span></p><p class="western" style="text-align: right;" align="right"><span style="font-family: Arial, sans-serif;"><span style="font-size: medium;"><b>Maciej Małecki</b></span></span></p>								</div>
				</div>
					</div>
		</div>
					</div>
		</section>
				</div>

<p>Maciej Małecki fot. Ewa Modestowicz Maciej MAŁECKI (ur. w 1940), kompozytor, pianista. Studiował w stołecznej Państwowej Wyższej Szkole Muzycznej – kompozycję u Kazimierza Sikorskiego i&hellip;</p>
