{"id":17119,"date":"2025-04-25T23:42:24","date_gmt":"2025-04-25T23:42:24","guid":{"rendered":"https:\/\/wsm.art.pl\/?page_id=17119"},"modified":"2025-04-25T23:49:16","modified_gmt":"2025-04-25T23:49:16","slug":"2025-dumitrescu","status":"publish","type":"page","link":"https:\/\/wsm.art.pl\/?page_id=17119","title":{"rendered":"2025 DUMITRESCU Vlad"},"content":{"rendered":"\t\t<div data-elementor-type=\"wp-page\" data-elementor-id=\"17119\" class=\"elementor elementor-17119\">\n\t\t\t\t\t\t<section class=\"elementor-section elementor-top-section elementor-element elementor-element-7da13de6 elementor-section-boxed elementor-section-height-default elementor-section-height-default\" data-id=\"7da13de6\" data-element_type=\"section\">\n\t\t\t\t\t\t<div class=\"elementor-container elementor-column-gap-default\">\n\t\t\t\t\t<div class=\"elementor-column elementor-col-100 elementor-top-column elementor-element elementor-element-23bcaf58\" data-id=\"23bcaf58\" data-element_type=\"column\">\n\t\t\t<div class=\"elementor-widget-wrap elementor-element-populated\">\n\t\t\t\t\t\t<div class=\"elementor-element elementor-element-4a64ab4c elementor-widget elementor-widget-heading\" data-id=\"4a64ab4c\" data-element_type=\"widget\" data-widget_type=\"heading.default\">\n\t\t\t\t<div class=\"elementor-widget-container\">\n\t\t\t\t\t<h2 class=\"elementor-heading-title elementor-size-default\">Vlad Dumitrescu<\/h2>\t\t\t\t<\/div>\n\t\t\t\t<\/div>\n\t\t\t\t\t<\/div>\n\t\t<\/div>\n\t\t\t\t\t<\/div>\n\t\t<\/section>\n\t\t\t\t<section class=\"elementor-section elementor-top-section elementor-element elementor-element-ef59ad1 elementor-section-boxed elementor-section-height-default elementor-section-height-default\" data-id=\"ef59ad1\" data-element_type=\"section\">\n\t\t\t\t\t\t<div class=\"elementor-container elementor-column-gap-default\">\n\t\t\t\t\t<div class=\"elementor-column elementor-col-50 elementor-top-column elementor-element elementor-element-ec4f990\" data-id=\"ec4f990\" data-element_type=\"column\">\n\t\t\t<div class=\"elementor-widget-wrap elementor-element-populated\">\n\t\t\t\t\t\t<div class=\"elementor-element elementor-element-e3097bc elementor-widget elementor-widget-image\" data-id=\"e3097bc\" data-element_type=\"widget\" data-widget_type=\"image.default\">\n\t\t\t\t<div class=\"elementor-widget-container\">\n\t\t\t\t\t\t\t\t\t\t\t\t<figure class=\"wp-caption\">\n\t\t\t\t\t\t\t\t\t\t<img fetchpriority=\"high\" decoding=\"async\" width=\"843\" height=\"561\" src=\"https:\/\/wsm.art.pl\/wp-content\/uploads\/2025\/04\/foto-VLAD-DUMITRESCU-small-1024x682.jpg\" class=\"attachment-large size-large wp-image-17121\" alt=\"\" srcset=\"https:\/\/wsm.art.pl\/wp-content\/uploads\/2025\/04\/foto-VLAD-DUMITRESCU-small-1024x682.jpg 1024w, https:\/\/wsm.art.pl\/wp-content\/uploads\/2025\/04\/foto-VLAD-DUMITRESCU-small-300x200.jpg 300w, https:\/\/wsm.art.pl\/wp-content\/uploads\/2025\/04\/foto-VLAD-DUMITRESCU-small-768x511.jpg 768w, https:\/\/wsm.art.pl\/wp-content\/uploads\/2025\/04\/foto-VLAD-DUMITRESCU-small-1536x1022.jpg 1536w, https:\/\/wsm.art.pl\/wp-content\/uploads\/2025\/04\/foto-VLAD-DUMITRESCU-small.jpg 1600w\" sizes=\"(max-width: 843px) 100vw, 843px\" \/>\t\t\t\t\t\t\t\t\t\t\t<figcaption class=\"widget-image-caption wp-caption-text\">fot. Vlad Dumitrescu<\/figcaption>\n\t\t\t\t\t\t\t\t\t\t<\/figure>\n\t\t\t\t\t\t\t\t\t<\/div>\n\t\t\t\t<\/div>\n\t\t\t\t\t<\/div>\n\t\t<\/div>\n\t\t\t\t<div class=\"elementor-column elementor-col-50 elementor-top-column elementor-element elementor-element-ce40951\" data-id=\"ce40951\" data-element_type=\"column\">\n\t\t\t<div class=\"elementor-widget-wrap\">\n\t\t\t\t\t\t\t<\/div>\n\t\t<\/div>\n\t\t\t\t\t<\/div>\n\t\t<\/section>\n\t\t\t\t<section class=\"elementor-section elementor-top-section elementor-element elementor-element-50bb26a elementor-section-boxed elementor-section-height-default elementor-section-height-default\" data-id=\"50bb26a\" data-element_type=\"section\">\n\t\t\t\t\t\t<div class=\"elementor-container elementor-column-gap-default\">\n\t\t\t\t\t<div class=\"elementor-column elementor-col-100 elementor-top-column elementor-element elementor-element-c08012b\" data-id=\"c08012b\" data-element_type=\"column\">\n\t\t\t<div class=\"elementor-widget-wrap elementor-element-populated\">\n\t\t\t\t\t\t<div class=\"elementor-element elementor-element-fbaaaf3 elementor-widget elementor-widget-text-editor\" data-id=\"fbaaaf3\" data-element_type=\"widget\" data-widget_type=\"text-editor.default\">\n\t\t\t\t<div class=\"elementor-widget-container\">\n\t\t\t\t\t\t\t\t\t<p class=\"western\" style=\"text-align: left;\" align=\"justify\"><span style=\"font-size: medium;\">Rumu\u0144ski fotograf urodzony i mieszkaj\u0105cy w Braszowie w Rumunii. Pasj\u0119 do fotografii rozwin\u0105\u0142 w 2008 roku, wykorzystuj\u0105c j\u0105 jako medium do dokumentowania i dzielenia si\u0119 autentycznym \u017cyciem i tradycjami rumu\u0144skich wiosek. Jego praca koncentruje si\u0119 przede wszystkim na uchwyceniu istoty spo\u0142eczno\u015bci wiejskich, podkre\u015blaj\u0105c ludzi i ich trwa\u0142e zwyczaje. Przez lata odby\u0142o si\u0119 wiele wystaw zar\u00f3wno w kraju, jak i za granic\u0105, prezentuj\u0105c jego sugestywne obrazy. Jego oddanie fotografii etnograficznej przynios\u0142o mu wiele wyr\u00f3\u017cnie\u0144. Opr\u00f3cz fotografii artysta jest autorem albumu fotograficznego <\/span><span style=\"font-size: medium;\"><i>My Romania<\/i><\/span><span style=\"font-size: medium;\">, opublikowanego w maju 2020 roku. Ksi\u0105\u017cka zawiera ponad dekad\u0119 jego pracy, oferuj\u0105c czytelnikom wizualn\u0105 podr\u00f3\u017c przez serce krajobraz\u00f3w i tradycji Rumunii. Poza swoimi artystycznymi d\u0105\u017ceniami fotograf jest oddanym m\u0119\u017cem i ojcem. Posiada tytu\u0142 magistra zarz\u0105dzania biznesem i od 2017 organizuje wycieczki fotograficzne dla podr\u00f3\u017cnik\u00f3w pragn\u0105cych odkry\u0107 bogat\u0105 tkank\u0119 kulturow\u0105 Rumunii. Vlad Dumitrescu poprzez sw\u00f3j obiektyw nadal zachowuje dusz\u0119 rumu\u0144skiego dziedzictwa, uchwytuj\u0105c momenty opowiadaj\u0105ce historie o stopniowo zanikaj\u0105cym sposobie \u017cycia.<\/span><\/p>\t\t\t\t\t\t\t\t<\/div>\n\t\t\t\t<\/div>\n\t\t\t\t\t<\/div>\n\t\t<\/div>\n\t\t\t\t\t<\/div>\n\t\t<\/section>\n\t\t\t\t<\/div>\n\t\t","protected":false},"excerpt":{"rendered":"<p>Vlad Dumitrescu fot. Vlad Dumitrescu Rumu\u0144ski fotograf urodzony i mieszkaj\u0105cy w Braszowie w Rumunii. Pasj\u0119 do fotografii rozwin\u0105\u0142 w 2008 roku, wykorzystuj\u0105c j\u0105 jako medium&hellip;<\/p>\n","protected":false},"author":1,"featured_media":0,"parent":0,"menu_order":0,"comment_status":"closed","ping_status":"closed","template":"","meta":{"footnotes":""},"class_list":["post-17119","page","type-page","status-publish","hentry"],"_links":{"self":[{"href":"https:\/\/wsm.art.pl\/index.php?rest_route=\/wp\/v2\/pages\/17119","targetHints":{"allow":["GET"]}}],"collection":[{"href":"https:\/\/wsm.art.pl\/index.php?rest_route=\/wp\/v2\/pages"}],"about":[{"href":"https:\/\/wsm.art.pl\/index.php?rest_route=\/wp\/v2\/types\/page"}],"author":[{"embeddable":true,"href":"https:\/\/wsm.art.pl\/index.php?rest_route=\/wp\/v2\/users\/1"}],"replies":[{"embeddable":true,"href":"https:\/\/wsm.art.pl\/index.php?rest_route=%2Fwp%2Fv2%2Fcomments&post=17119"}],"version-history":[{"count":4,"href":"https:\/\/wsm.art.pl\/index.php?rest_route=\/wp\/v2\/pages\/17119\/revisions"}],"predecessor-version":[{"id":17124,"href":"https:\/\/wsm.art.pl\/index.php?rest_route=\/wp\/v2\/pages\/17119\/revisions\/17124"}],"wp:attachment":[{"href":"https:\/\/wsm.art.pl\/index.php?rest_route=%2Fwp%2Fv2%2Fmedia&parent=17119"}],"curies":[{"name":"wp","href":"https:\/\/api.w.org\/{rel}","templated":true}]}}