{"id":17043,"date":"2025-04-20T12:45:23","date_gmt":"2025-04-20T12:45:23","guid":{"rendered":"https:\/\/wsm.art.pl\/?page_id=17043"},"modified":"2025-04-26T14:57:08","modified_gmt":"2025-04-26T14:57:08","slug":"2025-bobowik","status":"publish","type":"page","link":"https:\/\/wsm.art.pl\/?page_id=17043","title":{"rendered":"2025 BOBOWIK Magdalena"},"content":{"rendered":"\t\t<div data-elementor-type=\"wp-page\" data-elementor-id=\"17043\" class=\"elementor elementor-17043\">\n\t\t\t\t\t\t<section class=\"elementor-section elementor-top-section elementor-element elementor-element-7da13de6 elementor-section-boxed elementor-section-height-default elementor-section-height-default\" data-id=\"7da13de6\" data-element_type=\"section\">\n\t\t\t\t\t\t<div class=\"elementor-container elementor-column-gap-default\">\n\t\t\t\t\t<div class=\"elementor-column elementor-col-100 elementor-top-column elementor-element elementor-element-23bcaf58\" data-id=\"23bcaf58\" data-element_type=\"column\">\n\t\t\t<div class=\"elementor-widget-wrap elementor-element-populated\">\n\t\t\t\t\t\t<div class=\"elementor-element elementor-element-4a64ab4c elementor-widget elementor-widget-heading\" data-id=\"4a64ab4c\" data-element_type=\"widget\" data-widget_type=\"heading.default\">\n\t\t\t\t<div class=\"elementor-widget-container\">\n\t\t\t\t\t<h2 class=\"elementor-heading-title elementor-size-default\">Magdalena Bobowik<\/h2>\t\t\t\t<\/div>\n\t\t\t\t<\/div>\n\t\t\t\t\t<\/div>\n\t\t<\/div>\n\t\t\t\t\t<\/div>\n\t\t<\/section>\n\t\t\t\t<section class=\"elementor-section elementor-top-section elementor-element elementor-element-46548e99 elementor-section-boxed elementor-section-height-default elementor-section-height-default\" data-id=\"46548e99\" data-element_type=\"section\">\n\t\t\t\t\t\t<div class=\"elementor-container elementor-column-gap-default\">\n\t\t\t\t\t<div class=\"elementor-column elementor-col-50 elementor-top-column elementor-element elementor-element-6381e498\" data-id=\"6381e498\" data-element_type=\"column\">\n\t\t\t<div class=\"elementor-widget-wrap elementor-element-populated\">\n\t\t\t\t\t\t<div class=\"elementor-element elementor-element-4a32b6e9 elementor-widget elementor-widget-image\" data-id=\"4a32b6e9\" data-element_type=\"widget\" data-widget_type=\"image.default\">\n\t\t\t\t<div class=\"elementor-widget-container\">\n\t\t\t\t\t\t\t\t\t\t\t\t<figure class=\"wp-caption\">\n\t\t\t\t\t\t\t\t\t\t<img fetchpriority=\"high\" decoding=\"async\" width=\"768\" height=\"1152\" src=\"https:\/\/wsm.art.pl\/wp-content\/uploads\/2025\/04\/Magdalena-Bobowik-2-768x1152.jpg\" class=\"attachment-medium_large size-medium_large wp-image-17045\" alt=\"\" srcset=\"https:\/\/wsm.art.pl\/wp-content\/uploads\/2025\/04\/Magdalena-Bobowik-2-768x1152.jpg 768w, https:\/\/wsm.art.pl\/wp-content\/uploads\/2025\/04\/Magdalena-Bobowik-2-200x300.jpg 200w, https:\/\/wsm.art.pl\/wp-content\/uploads\/2025\/04\/Magdalena-Bobowik-2-683x1024.jpg 683w, https:\/\/wsm.art.pl\/wp-content\/uploads\/2025\/04\/Magdalena-Bobowik-2.jpg 1000w\" sizes=\"(max-width: 768px) 100vw, 768px\" \/>\t\t\t\t\t\t\t\t\t\t\t<figcaption class=\"widget-image-caption wp-caption-text\">fot. Konrad Matuszewski<\/figcaption>\n\t\t\t\t\t\t\t\t\t\t<\/figure>\n\t\t\t\t\t\t\t\t\t<\/div>\n\t\t\t\t<\/div>\n\t\t\t\t\t<\/div>\n\t\t<\/div>\n\t\t\t\t<div class=\"elementor-column elementor-col-50 elementor-top-column elementor-element elementor-element-239de16a\" data-id=\"239de16a\" data-element_type=\"column\">\n\t\t\t<div class=\"elementor-widget-wrap elementor-element-populated\">\n\t\t\t\t\t\t<div class=\"elementor-element elementor-element-13eae2b9 elementor-widget elementor-widget-text-editor\" data-id=\"13eae2b9\" data-element_type=\"widget\" data-widget_type=\"text-editor.default\">\n\t\t\t\t<div class=\"elementor-widget-container\">\n\t\t\t\t\t\t\t\t\t<p>Ur. w 2003 skrzypaczka i kompozytorka. Studiuje na Uniwersytecie Muzycznym Fryderyka Chopina w Warszawie, w klasie kompozycji prof. dr. hab. Aleksandra Ko\u015bciowa. Ma za sob\u0105 wsp\u00f3\u0142prac\u0119 m.in. z Accademia della Voce del Piemonte, Akademi\u0105 Sztuk Pi\u0119knych w Warszawie, Teatrem Baza oraz Teatrem Kwatera. Otrzyma\u0142a r\u00f3wnie\u017c Wyr\u00f3\u017cnienie w 65. Konkursie M\u0142odych Kompozytor\u00f3w im. Tadeusza Bairda.<\/p><p>Jej utwory mia\u0142y swoje prawykonania m.in. w Orta San Giulio, Warszawie oraz Zielonej G\u00f3rze. Styl muzyczny, kt\u00f3ry tworzy jako m\u0142oda kompozytorka, opiera si\u0119 g\u0142\u00f3wnie na zabawie czasem. Operowanie rytmik\u0105 oraz kolorystyk\u0105 przewodniczy w procesie tw\u00f3rczym. Nie zaprzecza r\u00f3wnie\u017c, \u017ce nie odcina si\u0119 ca\u0142kowicie od przesz\u0142o\u015bci. Wykorzystuje w swoich utworach elementy folkloru, operuje systemem harmoniki modalnej, jak i dur-moll.<\/p><p>Uko\u0144czy\u0142a klas\u0119 skrzypiec w ZPSM nr 4 im. Karola Szymanowskiego w Warszawie w klasie Macieja Przestrzelskiego. Obecnie wykonuje g\u0142\u00f3wnie muzyk\u0119 wsp\u00f3\u0142czesn\u0105 pokolenia m\u0142odych kompozytor\u00f3w, w celu propagowania sztuki wsp\u00f3\u0142czesnej. Prawykonywa\u0142a utwory m.in. Krzysztofa Radziejowskiego, Iriny Perne\u0219, Kacpra Jastrz\u0119bskiego oraz Jakuba Siekierzy\u0144skiego.<\/p><p><em><strong>Ritorno<\/strong><\/em> (2023)<br \/><em>Ritorno<\/em> ukazuje wsp\u00f3\u0142czesne spojrzenie na powr\u00f3t do przesz\u0142o\u015bci, a jego motywem przewodnim s\u0105 ta\u0144ce polskie. Kompozytorka celowo unika dos\u0142owno\u015bci \u2013 taneczne motywy rytmiczne s\u0105 miejscami splecione, ukryte lub \u015bwiadomie wyeksponowane, co ma pobudzi\u0107 s\u0142uchacza do samodzielnych poszukiwa\u0144 i wprowadzi\u0107 w rodzaj transowego skupienia.<\/p>\t\t\t\t\t\t\t\t<\/div>\n\t\t\t\t<\/div>\n\t\t\t\t\t<\/div>\n\t\t<\/div>\n\t\t\t\t\t<\/div>\n\t\t<\/section>\n\t\t\t\t<\/div>\n\t\t","protected":false},"excerpt":{"rendered":"<p>Magdalena Bobowik fot. Konrad Matuszewski Ur. w 2003 skrzypaczka i kompozytorka. Studiuje na Uniwersytecie Muzycznym Fryderyka Chopina w Warszawie, w klasie kompozycji prof. dr. hab.&hellip;<\/p>\n","protected":false},"author":1,"featured_media":0,"parent":0,"menu_order":0,"comment_status":"closed","ping_status":"closed","template":"","meta":{"footnotes":""},"class_list":["post-17043","page","type-page","status-publish","hentry"],"_links":{"self":[{"href":"https:\/\/wsm.art.pl\/index.php?rest_route=\/wp\/v2\/pages\/17043","targetHints":{"allow":["GET"]}}],"collection":[{"href":"https:\/\/wsm.art.pl\/index.php?rest_route=\/wp\/v2\/pages"}],"about":[{"href":"https:\/\/wsm.art.pl\/index.php?rest_route=\/wp\/v2\/types\/page"}],"author":[{"embeddable":true,"href":"https:\/\/wsm.art.pl\/index.php?rest_route=\/wp\/v2\/users\/1"}],"replies":[{"embeddable":true,"href":"https:\/\/wsm.art.pl\/index.php?rest_route=%2Fwp%2Fv2%2Fcomments&post=17043"}],"version-history":[{"count":10,"href":"https:\/\/wsm.art.pl\/index.php?rest_route=\/wp\/v2\/pages\/17043\/revisions"}],"predecessor-version":[{"id":17133,"href":"https:\/\/wsm.art.pl\/index.php?rest_route=\/wp\/v2\/pages\/17043\/revisions\/17133"}],"wp:attachment":[{"href":"https:\/\/wsm.art.pl\/index.php?rest_route=%2Fwp%2Fv2%2Fmedia&parent=17043"}],"curies":[{"name":"wp","href":"https:\/\/api.w.org\/{rel}","templated":true}]}}

<div data-elementor-type="wp-page" data-elementor-id="17043" class="elementor elementor-17043">
						<section class="elementor-section elementor-top-section elementor-element elementor-element-7da13de6 elementor-section-boxed elementor-section-height-default elementor-section-height-default" data-id="7da13de6" data-element_type="section">
						<div class="elementor-container elementor-column-gap-default">
					<div class="elementor-column elementor-col-100 elementor-top-column elementor-element elementor-element-23bcaf58" data-id="23bcaf58" data-element_type="column">
			<div class="elementor-widget-wrap elementor-element-populated">
						<div class="elementor-element elementor-element-4a64ab4c elementor-widget elementor-widget-heading" data-id="4a64ab4c" data-element_type="widget" data-widget_type="heading.default">
				<div class="elementor-widget-container">
					<h2 class="elementor-heading-title elementor-size-default">Magdalena Bobowik</h2>				</div>
				</div>
					</div>
		</div>
					</div>
		</section>
				<section class="elementor-section elementor-top-section elementor-element elementor-element-46548e99 elementor-section-boxed elementor-section-height-default elementor-section-height-default" data-id="46548e99" data-element_type="section">
						<div class="elementor-container elementor-column-gap-default">
					<div class="elementor-column elementor-col-50 elementor-top-column elementor-element elementor-element-6381e498" data-id="6381e498" data-element_type="column">
			<div class="elementor-widget-wrap elementor-element-populated">
						<div class="elementor-element elementor-element-4a32b6e9 elementor-widget elementor-widget-image" data-id="4a32b6e9" data-element_type="widget" data-widget_type="image.default">
				<div class="elementor-widget-container">
												<figure class="wp-caption">
										<img fetchpriority="high" decoding="async" width="768" height="1152" src="https://wsm.art.pl/wp-content/uploads/2025/04/Magdalena-Bobowik-2-768x1152.jpg" class="attachment-medium_large size-medium_large wp-image-17045" alt="" srcset="https://wsm.art.pl/wp-content/uploads/2025/04/Magdalena-Bobowik-2-768x1152.jpg 768w, https://wsm.art.pl/wp-content/uploads/2025/04/Magdalena-Bobowik-2-200x300.jpg 200w, https://wsm.art.pl/wp-content/uploads/2025/04/Magdalena-Bobowik-2-683x1024.jpg 683w, https://wsm.art.pl/wp-content/uploads/2025/04/Magdalena-Bobowik-2.jpg 1000w" sizes="(max-width: 768px) 100vw, 768px" />											<figcaption class="widget-image-caption wp-caption-text">fot. Konrad Matuszewski</figcaption>
										</figure>
									</div>
				</div>
					</div>
		</div>
				<div class="elementor-column elementor-col-50 elementor-top-column elementor-element elementor-element-239de16a" data-id="239de16a" data-element_type="column">
			<div class="elementor-widget-wrap elementor-element-populated">
						<div class="elementor-element elementor-element-13eae2b9 elementor-widget elementor-widget-text-editor" data-id="13eae2b9" data-element_type="widget" data-widget_type="text-editor.default">
				<div class="elementor-widget-container">
									<p>Ur. w 2003 skrzypaczka i kompozytorka. Studiuje na Uniwersytecie Muzycznym Fryderyka Chopina w Warszawie, w klasie kompozycji prof. dr. hab. Aleksandra Kościowa. Ma za sobą współpracę m.in. z Accademia della Voce del Piemonte, Akademią Sztuk Pięknych w Warszawie, Teatrem Baza oraz Teatrem Kwatera. Otrzymała również Wyróżnienie w 65. Konkursie Młodych Kompozytorów im. Tadeusza Bairda.</p><p>Jej utwory miały swoje prawykonania m.in. w Orta San Giulio, Warszawie oraz Zielonej Górze. Styl muzyczny, który tworzy jako młoda kompozytorka, opiera się głównie na zabawie czasem. Operowanie rytmiką oraz kolorystyką przewodniczy w procesie twórczym. Nie zaprzecza również, że nie odcina się całkowicie od przeszłości. Wykorzystuje w swoich utworach elementy folkloru, operuje systemem harmoniki modalnej, jak i dur-moll.</p><p>Ukończyła klasę skrzypiec w ZPSM nr 4 im. Karola Szymanowskiego w Warszawie w klasie Macieja Przestrzelskiego. Obecnie wykonuje głównie muzykę współczesną pokolenia młodych kompozytorów, w celu propagowania sztuki współczesnej. Prawykonywała utwory m.in. Krzysztofa Radziejowskiego, Iriny Perneș, Kacpra Jastrzębskiego oraz Jakuba Siekierzyńskiego.</p><p><em><strong>Ritorno</strong></em> (2023)<br /><em>Ritorno</em> ukazuje współczesne spojrzenie na powrót do przeszłości, a jego motywem przewodnim są tańce polskie. Kompozytorka celowo unika dosłowności – taneczne motywy rytmiczne są miejscami splecione, ukryte lub świadomie wyeksponowane, co ma pobudzić słuchacza do samodzielnych poszukiwań i wprowadzić w rodzaj transowego skupienia.</p>								</div>
				</div>
					</div>
		</div>
					</div>
		</section>
				</div>
