{"id":15279,"date":"2024-04-25T22:19:03","date_gmt":"2024-04-25T22:19:03","guid":{"rendered":"https:\/\/wsm.art.pl\/?page_id=15279"},"modified":"2024-04-30T23:49:23","modified_gmt":"2024-04-30T23:49:23","slug":"2024-w-cume","status":"publish","type":"page","link":"https:\/\/wsm.art.pl\/?page_id=15279","title":{"rendered":"2024 w. CUME"},"content":{"rendered":"\t\t<div data-elementor-type=\"wp-page\" data-elementor-id=\"15279\" class=\"elementor elementor-15279\">\n\t\t\t\t\t\t<section class=\"elementor-section elementor-top-section elementor-element elementor-element-8b249b1 elementor-section-boxed elementor-section-height-default elementor-section-height-default\" data-id=\"8b249b1\" data-element_type=\"section\">\n\t\t\t\t\t\t<div class=\"elementor-container elementor-column-gap-default\">\n\t\t\t\t\t<div class=\"elementor-column elementor-col-100 elementor-top-column elementor-element elementor-element-1aeb34e\" data-id=\"1aeb34e\" data-element_type=\"column\">\n\t\t\t<div class=\"elementor-widget-wrap elementor-element-populated\">\n\t\t\t\t\t\t<div class=\"elementor-element elementor-element-90cdfe6 elementor-widget elementor-widget-heading\" data-id=\"90cdfe6\" data-element_type=\"widget\" data-widget_type=\"heading.default\">\n\t\t\t\t<div class=\"elementor-widget-container\">\n\t\t\t\t\t<h2 class=\"elementor-heading-title elementor-size-default\">Chopin University Modern Ensemble<\/h2>\t\t\t\t<\/div>\n\t\t\t\t<\/div>\n\t\t\t\t\t<\/div>\n\t\t<\/div>\n\t\t\t\t\t<\/div>\n\t\t<\/section>\n\t\t\t\t<section class=\"elementor-section elementor-top-section elementor-element elementor-element-208796d2 elementor-section-boxed elementor-section-height-default elementor-section-height-default\" data-id=\"208796d2\" data-element_type=\"section\">\n\t\t\t\t\t\t<div class=\"elementor-container elementor-column-gap-default\">\n\t\t\t\t\t<div class=\"elementor-column elementor-col-50 elementor-top-column elementor-element elementor-element-2998c263\" data-id=\"2998c263\" data-element_type=\"column\">\n\t\t\t<div class=\"elementor-widget-wrap elementor-element-populated\">\n\t\t\t\t\t\t<div class=\"elementor-element elementor-element-4f2be069 elementor-widget elementor-widget-image\" data-id=\"4f2be069\" data-element_type=\"widget\" data-widget_type=\"image.default\">\n\t\t\t\t<div class=\"elementor-widget-container\">\n\t\t\t\t\t\t\t\t\t\t\t\t<figure class=\"wp-caption\">\n\t\t\t\t\t\t\t\t\t\t<img fetchpriority=\"high\" decoding=\"async\" width=\"843\" height=\"562\" src=\"https:\/\/wsm.art.pl\/wp-content\/uploads\/2024\/04\/CUME_1-1024x683.jpeg\" class=\"attachment-large size-large wp-image-15281\" alt=\"\" srcset=\"https:\/\/wsm.art.pl\/wp-content\/uploads\/2024\/04\/CUME_1-1024x683.jpeg 1024w, https:\/\/wsm.art.pl\/wp-content\/uploads\/2024\/04\/CUME_1-300x200.jpeg 300w, https:\/\/wsm.art.pl\/wp-content\/uploads\/2024\/04\/CUME_1-768x512.jpeg 768w, https:\/\/wsm.art.pl\/wp-content\/uploads\/2024\/04\/CUME_1.jpeg 1200w\" sizes=\"(max-width: 843px) 100vw, 843px\" \/>\t\t\t\t\t\t\t\t\t\t\t<figcaption class=\"widget-image-caption wp-caption-text\">\u017ar\u00f3d\u0142o: Uniwersytet Muzyczny Fryderyka Chopina<\/figcaption>\n\t\t\t\t\t\t\t\t\t\t<\/figure>\n\t\t\t\t\t\t\t\t\t<\/div>\n\t\t\t\t<\/div>\n\t\t\t\t\t<\/div>\n\t\t<\/div>\n\t\t\t\t<div class=\"elementor-column elementor-col-50 elementor-top-column elementor-element elementor-element-22045959\" data-id=\"22045959\" data-element_type=\"column\">\n\t\t\t<div class=\"elementor-widget-wrap\">\n\t\t\t\t\t\t\t<\/div>\n\t\t<\/div>\n\t\t\t\t\t<\/div>\n\t\t<\/section>\n\t\t\t\t<section class=\"elementor-section elementor-top-section elementor-element elementor-element-ed41fc3 elementor-section-boxed elementor-section-height-default elementor-section-height-default\" data-id=\"ed41fc3\" data-element_type=\"section\">\n\t\t\t\t\t\t<div class=\"elementor-container elementor-column-gap-default\">\n\t\t\t\t\t<div class=\"elementor-column elementor-col-100 elementor-top-column elementor-element elementor-element-4a6b994\" data-id=\"4a6b994\" data-element_type=\"column\">\n\t\t\t<div class=\"elementor-widget-wrap elementor-element-populated\">\n\t\t\t\t\t\t<div class=\"elementor-element elementor-element-76adbb1 elementor-widget elementor-widget-text-editor\" data-id=\"76adbb1\" data-element_type=\"widget\" data-widget_type=\"text-editor.default\">\n\t\t\t\t<div class=\"elementor-widget-container\">\n\t\t\t\t\t\t\t\t\t<p class=\"western\" style=\"text-align: left;\" align=\"left\"><span style=\"font-size: medium;\">Uniwersytecki zesp\u00f3\u0142 kameralny specjalizuj\u0105cy si\u0119 w wykonywaniu muzyki wsp\u00f3\u0142czesnej, powo\u0142any w 2018 roku przez JM Rektora, prof. dr. hab. Klaudiusza Barana, dzi\u0119ki staraniom prorektora ds. dydaktyki i studenckich Aleksandra Ko\u015bciowa, ad. dr. hab. Ignacego Zalewskiego i ad. dr. hab. Leszka Lorenta. Zesp\u00f3\u0142 funkcjonuje na codzie\u0144 w ramach przedmiotu <\/span><em><span style=\"font-size: medium;\">Praktyka wykonawcza muzyki nowej<\/span><\/em><span style=\"font-size: medium;\">, skupiaj\u0105cego student\u00f3w kompozycji i\u00a0student\u00f3w Wydzia\u0142u Instrumentalnego.<\/span><\/p><p class=\"western\" style=\"text-align: left;\" align=\"left\"><span style=\"font-size: medium;\">Zesp\u00f3\u0142\u00a0ma ju\u017c na koncie przesz\u0142o 20 prawykona\u0144 muzyki najnowszej oraz wiele wykona\u0144 kompozycji m.in. Louisa Andriessena, Krzysztofa Baculewskiego, Luciano Berio, Marcina B\u0142a\u017cewicza, Andrzeja Kara\u0142owa, Aleksandra Ko\u015bciowa, Paw\u0142a \u0141ukaszewskiego, Arvo P\u00e4rta, Michaela Schellego czy Mateusza \u015amigasiewicza. CUME regularnie wyst\u0119puje w\u00a0ramach koncert\u00f3w odbywaj\u0105cych si\u0119 na terenie Uczelni. W\u00a0lutym 2020 roku zadebiutowa\u0142 w\u00a0Sali Koncertowej Filharmonii Narodowej. Kilka miesi\u0119cy p\u00f3\u017aniej, nak\u0142adem wydawnictwa Chopin University Press, ukaza\u0142a si\u0119 debiutancka p\u0142yta <\/span><span style=\"color: #000080;\"><u><a href=\"http:\/\/www.efryderyk.pl\/muzyka-wspolczesna\/377-chopin-university-modern-ensemble-debiut--5906874951309.html\"><span style=\"font-size: medium;\"><i>Chopin University Modern Ensemble. Debiut<\/i><\/span><\/a><\/u><\/span><span style=\"font-size: medium;\">.<\/span><\/p><p class=\"western\" style=\"text-align: left;\" align=\"left\"><span style=\"font-size: medium;\"><i>\u017ar\u00f3d\u0142o: Uniwersytet Muzyczny Fryderyka Chopina<\/i><\/span><\/p>\t\t\t\t\t\t\t\t<\/div>\n\t\t\t\t<\/div>\n\t\t\t\t\t<\/div>\n\t\t<\/div>\n\t\t\t\t\t<\/div>\n\t\t<\/section>\n\t\t\t\t<\/div>\n\t\t","protected":false},"excerpt":{"rendered":"<p>Chopin University Modern Ensemble \u017ar\u00f3d\u0142o: Uniwersytet Muzyczny Fryderyka Chopina Uniwersytecki zesp\u00f3\u0142 kameralny specjalizuj\u0105cy si\u0119 w wykonywaniu muzyki wsp\u00f3\u0142czesnej, powo\u0142any w 2018 roku przez JM Rektora,&hellip;<\/p>\n","protected":false},"author":1,"featured_media":0,"parent":0,"menu_order":0,"comment_status":"closed","ping_status":"closed","template":"","meta":{"footnotes":""},"class_list":["post-15279","page","type-page","status-publish","hentry"],"_links":{"self":[{"href":"https:\/\/wsm.art.pl\/index.php?rest_route=\/wp\/v2\/pages\/15279","targetHints":{"allow":["GET"]}}],"collection":[{"href":"https:\/\/wsm.art.pl\/index.php?rest_route=\/wp\/v2\/pages"}],"about":[{"href":"https:\/\/wsm.art.pl\/index.php?rest_route=\/wp\/v2\/types\/page"}],"author":[{"embeddable":true,"href":"https:\/\/wsm.art.pl\/index.php?rest_route=\/wp\/v2\/users\/1"}],"replies":[{"embeddable":true,"href":"https:\/\/wsm.art.pl\/index.php?rest_route=%2Fwp%2Fv2%2Fcomments&post=15279"}],"version-history":[{"count":7,"href":"https:\/\/wsm.art.pl\/index.php?rest_route=\/wp\/v2\/pages\/15279\/revisions"}],"predecessor-version":[{"id":15743,"href":"https:\/\/wsm.art.pl\/index.php?rest_route=\/wp\/v2\/pages\/15279\/revisions\/15743"}],"wp:attachment":[{"href":"https:\/\/wsm.art.pl\/index.php?rest_route=%2Fwp%2Fv2%2Fmedia&parent=15279"}],"curies":[{"name":"wp","href":"https:\/\/api.w.org\/{rel}","templated":true}]}}

<div data-elementor-type="wp-page" data-elementor-id="15279" class="elementor elementor-15279">
						<section class="elementor-section elementor-top-section elementor-element elementor-element-8b249b1 elementor-section-boxed elementor-section-height-default elementor-section-height-default" data-id="8b249b1" data-element_type="section">
						<div class="elementor-container elementor-column-gap-default">
					<div class="elementor-column elementor-col-100 elementor-top-column elementor-element elementor-element-1aeb34e" data-id="1aeb34e" data-element_type="column">
			<div class="elementor-widget-wrap elementor-element-populated">
						<div class="elementor-element elementor-element-90cdfe6 elementor-widget elementor-widget-heading" data-id="90cdfe6" data-element_type="widget" data-widget_type="heading.default">
				<div class="elementor-widget-container">
					<h2 class="elementor-heading-title elementor-size-default">Chopin University Modern Ensemble</h2>				</div>
				</div>
					</div>
		</div>
					</div>
		</section>
				<section class="elementor-section elementor-top-section elementor-element elementor-element-208796d2 elementor-section-boxed elementor-section-height-default elementor-section-height-default" data-id="208796d2" data-element_type="section">
						<div class="elementor-container elementor-column-gap-default">
					<div class="elementor-column elementor-col-50 elementor-top-column elementor-element elementor-element-2998c263" data-id="2998c263" data-element_type="column">
			<div class="elementor-widget-wrap elementor-element-populated">
						<div class="elementor-element elementor-element-4f2be069 elementor-widget elementor-widget-image" data-id="4f2be069" data-element_type="widget" data-widget_type="image.default">
				<div class="elementor-widget-container">
												<figure class="wp-caption">
										<img fetchpriority="high" decoding="async" width="843" height="562" src="https://wsm.art.pl/wp-content/uploads/2024/04/CUME_1-1024x683.jpeg" class="attachment-large size-large wp-image-15281" alt="" srcset="https://wsm.art.pl/wp-content/uploads/2024/04/CUME_1-1024x683.jpeg 1024w, https://wsm.art.pl/wp-content/uploads/2024/04/CUME_1-300x200.jpeg 300w, https://wsm.art.pl/wp-content/uploads/2024/04/CUME_1-768x512.jpeg 768w, https://wsm.art.pl/wp-content/uploads/2024/04/CUME_1.jpeg 1200w" sizes="(max-width: 843px) 100vw, 843px" />											<figcaption class="widget-image-caption wp-caption-text">źródło: Uniwersytet Muzyczny Fryderyka Chopina</figcaption>
										</figure>
									</div>
				</div>
					</div>
		</div>
				<div class="elementor-column elementor-col-50 elementor-top-column elementor-element elementor-element-22045959" data-id="22045959" data-element_type="column">
			<div class="elementor-widget-wrap">
							</div>
		</div>
					</div>
		</section>
				<section class="elementor-section elementor-top-section elementor-element elementor-element-ed41fc3 elementor-section-boxed elementor-section-height-default elementor-section-height-default" data-id="ed41fc3" data-element_type="section">
						<div class="elementor-container elementor-column-gap-default">
					<div class="elementor-column elementor-col-100 elementor-top-column elementor-element elementor-element-4a6b994" data-id="4a6b994" data-element_type="column">
			<div class="elementor-widget-wrap elementor-element-populated">
						<div class="elementor-element elementor-element-76adbb1 elementor-widget elementor-widget-text-editor" data-id="76adbb1" data-element_type="widget" data-widget_type="text-editor.default">
				<div class="elementor-widget-container">
									<p class="western" style="text-align: left;" align="left"><span style="font-size: medium;">Uniwersytecki zespół kameralny specjalizujący się w wykonywaniu muzyki współczesnej, powołany w 2018 roku przez JM Rektora, prof. dr. hab. Klaudiusza Barana, dzięki staraniom prorektora ds. dydaktyki i studenckich Aleksandra Kościowa, ad. dr. hab. Ignacego Zalewskiego i ad. dr. hab. Leszka Lorenta. Zespół funkcjonuje na codzień w ramach przedmiotu </span><em><span style="font-size: medium;">Praktyka wykonawcza muzyki nowej</span></em><span style="font-size: medium;">, skupiającego studentów kompozycji i studentów Wydziału Instrumentalnego.</span></p><p class="western" style="text-align: left;" align="left"><span style="font-size: medium;">Zespół ma już na koncie przeszło 20 prawykonań muzyki najnowszej oraz wiele wykonań kompozycji m.in. Louisa Andriessena, Krzysztofa Baculewskiego, Luciano Berio, Marcina Błażewicza, Andrzeja Karałowa, Aleksandra Kościowa, Pawła Łukaszewskiego, Arvo Pärta, Michaela Schellego czy Mateusza Śmigasiewicza. CUME regularnie występuje w ramach koncertów odbywających się na terenie Uczelni. W lutym 2020 roku zadebiutował w Sali Koncertowej Filharmonii Narodowej. Kilka miesięcy później, nakładem wydawnictwa Chopin University Press, ukazała się debiutancka płyta </span><span style="color: #000080;"><u><a href="http://www.efryderyk.pl/muzyka-wspolczesna/377-chopin-university-modern-ensemble-debiut--5906874951309.html"><span style="font-size: medium;"><i>Chopin University Modern Ensemble. Debiut</i></span></a></u></span><span style="font-size: medium;">.</span></p><p class="western" style="text-align: left;" align="left"><span style="font-size: medium;"><i>źródło: Uniwersytet Muzyczny Fryderyka Chopina</i></span></p>								</div>
				</div>
					</div>
		</div>
					</div>
		</section>
				</div>

<p>Chopin University Modern Ensemble źródło: Uniwersytet Muzyczny Fryderyka Chopina Uniwersytecki zespół kameralny specjalizujący się w wykonywaniu muzyki współczesnej, powołany w 2018 roku przez JM Rektora,&hellip;</p>
