{"id":15230,"date":"2024-04-25T21:40:52","date_gmt":"2024-04-25T21:40:52","guid":{"rendered":"https:\/\/wsm.art.pl\/?page_id=15230"},"modified":"2024-04-25T21:54:12","modified_gmt":"2024-04-25T21:54:12","slug":"2024-zalewski","status":"publish","type":"page","link":"https:\/\/wsm.art.pl\/?page_id=15230","title":{"rendered":"2024 ZALEWSKI Ignacy"},"content":{"rendered":"\t\t<div data-elementor-type=\"wp-page\" data-elementor-id=\"15230\" class=\"elementor elementor-15230\">\n\t\t\t\t\t\t<section class=\"elementor-section elementor-top-section elementor-element elementor-element-8b249b1 elementor-section-boxed elementor-section-height-default elementor-section-height-default\" data-id=\"8b249b1\" data-element_type=\"section\">\n\t\t\t\t\t\t<div class=\"elementor-container elementor-column-gap-default\">\n\t\t\t\t\t<div class=\"elementor-column elementor-col-100 elementor-top-column elementor-element elementor-element-1aeb34e\" data-id=\"1aeb34e\" data-element_type=\"column\">\n\t\t\t<div class=\"elementor-widget-wrap elementor-element-populated\">\n\t\t\t\t\t\t<div class=\"elementor-element elementor-element-90cdfe6 elementor-widget elementor-widget-heading\" data-id=\"90cdfe6\" data-element_type=\"widget\" data-widget_type=\"heading.default\">\n\t\t\t\t<div class=\"elementor-widget-container\">\n\t\t\t\t\t<h2 class=\"elementor-heading-title elementor-size-default\">Ignacy Zalewski<\/h2>\t\t\t\t<\/div>\n\t\t\t\t<\/div>\n\t\t\t\t\t<\/div>\n\t\t<\/div>\n\t\t\t\t\t<\/div>\n\t\t<\/section>\n\t\t\t\t<section class=\"elementor-section elementor-top-section elementor-element elementor-element-208796d2 elementor-section-boxed elementor-section-height-default elementor-section-height-default\" data-id=\"208796d2\" data-element_type=\"section\">\n\t\t\t\t\t\t<div class=\"elementor-container elementor-column-gap-default\">\n\t\t\t\t\t<div class=\"elementor-column elementor-col-50 elementor-top-column elementor-element elementor-element-2998c263\" data-id=\"2998c263\" data-element_type=\"column\">\n\t\t\t<div class=\"elementor-widget-wrap elementor-element-populated\">\n\t\t\t\t\t\t<div class=\"elementor-element elementor-element-4f2be069 elementor-widget elementor-widget-image\" data-id=\"4f2be069\" data-element_type=\"widget\" data-widget_type=\"image.default\">\n\t\t\t\t<div class=\"elementor-widget-container\">\n\t\t\t\t\t\t\t\t\t\t\t\t<figure class=\"wp-caption\">\n\t\t\t\t\t\t\t\t\t\t<img fetchpriority=\"high\" decoding=\"async\" width=\"562\" height=\"740\" src=\"https:\/\/wsm.art.pl\/wp-content\/uploads\/2024\/04\/fot.-Mateusz-Zaboklicki.jpg\" class=\"attachment-medium_large size-medium_large wp-image-15232\" alt=\"\" srcset=\"https:\/\/wsm.art.pl\/wp-content\/uploads\/2024\/04\/fot.-Mateusz-Zaboklicki.jpg 562w, https:\/\/wsm.art.pl\/wp-content\/uploads\/2024\/04\/fot.-Mateusz-Zaboklicki-228x300.jpg 228w\" sizes=\"(max-width: 562px) 100vw, 562px\" \/>\t\t\t\t\t\t\t\t\t\t\t<figcaption class=\"widget-image-caption wp-caption-text\">fot. Mateusz \u017baboklicki<\/figcaption>\n\t\t\t\t\t\t\t\t\t\t<\/figure>\n\t\t\t\t\t\t\t\t\t<\/div>\n\t\t\t\t<\/div>\n\t\t\t\t\t<\/div>\n\t\t<\/div>\n\t\t\t\t<div class=\"elementor-column elementor-col-50 elementor-top-column elementor-element elementor-element-22045959\" data-id=\"22045959\" data-element_type=\"column\">\n\t\t\t<div class=\"elementor-widget-wrap elementor-element-populated\">\n\t\t\t\t\t\t<div class=\"elementor-element elementor-element-20a87065 elementor-widget elementor-widget-text-editor\" data-id=\"20a87065\" data-element_type=\"widget\" data-widget_type=\"text-editor.default\">\n\t\t\t\t<div class=\"elementor-widget-container\">\n\t\t\t\t\t\t\t\t\t<p class=\"western\" style=\"text-align: left;\" align=\"justify\"><span style=\"font-family: Arial, sans-serif;\">U<\/span><span style=\"font-family: Arial, sans-serif;\">rodzony w 1990 roku w Lublinie kompozytor, pedagog i dyrygent. Doktor habilitowany sztuk muzycznych, absolwent, a obecnie profesor kompozycji Uniwersytetu Muzycznego Fryderyka Chopina w Warszawie, w kadencji 2020-2024 dziekan Wydzia\u0142u Kompozycji i Teorii Muzyki. <\/span><span style=\"font-family: Arial, sans-serif;\">Wsp\u00f3\u0142za\u0142o\u017cyciel i kierownik artystyczny Chopin University Modern Ensemble, pierwszego sta\u0142ego zespo\u0142u muzyki nowej dzia\u0142aj\u0105cego w\u00a0tej uczelni.<\/span><\/p><p class=\"western\" style=\"text-align: left;\" align=\"justify\"><span style=\"font-family: Arial, sans-serif;\">Laureat przesz\u0142o dwudziestu nagr\u00f3d na konkursach kompozytorskich, mi\u0119dzynarodowych i og\u00f3lnopolskich. Ma na swoim koncie 19 p\u0142yt CD, z czego trzy uzyska\u0142y nominacj\u0119 do Nagrody FRYDERYK. Utwory kompozytora s\u0105 regularnie wykonywane w najwa\u017cniejszych polskich salach koncertowych i w wi\u0119kszo\u015bci kraj\u00f3w Europy oraz w USA, Chinach, Japonii, Singapurze i Wietnamie. <\/span><\/p><p class=\"western\" style=\"text-align: left;\" align=\"justify\"><span style=\"font-family: Arial, sans-serif;\">Autor muzyki do kilkudziesi\u0119ciu produkcji teatralnych, filmowych, telewizyjnych i radiowych. <\/span><span style=\"font-family: Arial, sans-serif;\">Cz\u0142onek Stowarzyszenia Autor\u00f3w ZAiKS (od 2012) i Zwi\u0105zku Kompozytor\u00f3w Polskich (od 2022). W latach 2018-2021 prowadzi\u0142 w Radiu dla Ciebie audycj\u0119 <\/span><span style=\"font-family: Arial, sans-serif;\"><i>Nie tylko Chopin<\/i><\/span><span style=\"font-family: Arial, sans-serif;\">. Jest tak\u017ce sta\u0142ym felietonist\u0105 magazynu \u201ePresto\u201d. Prowadzi w ca\u0142ym kraju wyk\u0142ady popularyzatorskie po\u015bwi\u0119cone muzyce powa\u017cnej. <\/span><span style=\"font-family: Arial, sans-serif;\">Pod koniec 2022 roku nak\u0142adem Polskiego Wydawnictwa Muzycznego ukaza\u0142a si\u0119 ma\u0142a monografia <\/span><span style=\"font-family: Arial, sans-serif;\"><i>Moniuszko<\/i><\/span><span style=\"font-family: Arial, sans-serif;\"> autorstwa Ignacego Zalewskiego przeznaczona dla szerokiego grona odbiorc\u00f3w, przedstawiaj\u0105ca tw\u00f3rc\u0119 <\/span><span style=\"font-family: Arial, sans-serif;\"><i>Halki<\/i><\/span><span style=\"font-family: Arial, sans-serif;\"> z nowej perspektywy. <\/span><\/p><p><em><strong>Karuna<\/strong><\/em><br \/><span style=\"font-family: Arial, sans-serif;\">Poj\u0119cie\u00a0<\/span><span style=\"font-family: Arial, sans-serif;\"><i>karuna<\/i><\/span><span style=\"font-family: Arial, sans-serif;\"> (w sanskrycie: \u201ewsp\u00f3\u0142czucie\u201d) odnosi si\u0119 do filozofii buddyjskiej, stanowi\u0105c jeden z jej centralnych termin\u00f3w. <\/span><span style=\"font-family: Arial, sans-serif;\">Definiowane jest jako idealistyczne, ale te\u017c praktyczne, pragnienie usuni\u0119cia cierpienia wszystkich istot. Utw\u00f3r, dedykowany Agacie i \u0141ukaszowi, po\u015bwi\u0119cony jest kr\u00f3tkiemu rozwa\u017caniu tej idei.<\/span><\/p><p class=\"western\" style=\"text-align: left;\" align=\"right\"><em><span style=\"font-family: Arial, sans-serif;\">Ignacy Zalewski<\/span><\/em><\/p>\t\t\t\t\t\t\t\t<\/div>\n\t\t\t\t<\/div>\n\t\t\t\t\t<\/div>\n\t\t<\/div>\n\t\t\t\t\t<\/div>\n\t\t<\/section>\n\t\t\t\t<\/div>\n\t\t","protected":false},"excerpt":{"rendered":"<p>Ignacy Zalewski fot. Mateusz \u017baboklicki Urodzony w 1990 roku w Lublinie kompozytor, pedagog i dyrygent. Doktor habilitowany sztuk muzycznych, absolwent, a obecnie profesor kompozycji Uniwersytetu&hellip;<\/p>\n","protected":false},"author":1,"featured_media":0,"parent":0,"menu_order":0,"comment_status":"closed","ping_status":"closed","template":"","meta":{"footnotes":""},"class_list":["post-15230","page","type-page","status-publish","hentry"],"_links":{"self":[{"href":"https:\/\/wsm.art.pl\/index.php?rest_route=\/wp\/v2\/pages\/15230","targetHints":{"allow":["GET"]}}],"collection":[{"href":"https:\/\/wsm.art.pl\/index.php?rest_route=\/wp\/v2\/pages"}],"about":[{"href":"https:\/\/wsm.art.pl\/index.php?rest_route=\/wp\/v2\/types\/page"}],"author":[{"embeddable":true,"href":"https:\/\/wsm.art.pl\/index.php?rest_route=\/wp\/v2\/users\/1"}],"replies":[{"embeddable":true,"href":"https:\/\/wsm.art.pl\/index.php?rest_route=%2Fwp%2Fv2%2Fcomments&post=15230"}],"version-history":[{"count":7,"href":"https:\/\/wsm.art.pl\/index.php?rest_route=\/wp\/v2\/pages\/15230\/revisions"}],"predecessor-version":[{"id":15255,"href":"https:\/\/wsm.art.pl\/index.php?rest_route=\/wp\/v2\/pages\/15230\/revisions\/15255"}],"wp:attachment":[{"href":"https:\/\/wsm.art.pl\/index.php?rest_route=%2Fwp%2Fv2%2Fmedia&parent=15230"}],"curies":[{"name":"wp","href":"https:\/\/api.w.org\/{rel}","templated":true}]}}

<div data-elementor-type="wp-page" data-elementor-id="15230" class="elementor elementor-15230">
						<section class="elementor-section elementor-top-section elementor-element elementor-element-8b249b1 elementor-section-boxed elementor-section-height-default elementor-section-height-default" data-id="8b249b1" data-element_type="section">
						<div class="elementor-container elementor-column-gap-default">
					<div class="elementor-column elementor-col-100 elementor-top-column elementor-element elementor-element-1aeb34e" data-id="1aeb34e" data-element_type="column">
			<div class="elementor-widget-wrap elementor-element-populated">
						<div class="elementor-element elementor-element-90cdfe6 elementor-widget elementor-widget-heading" data-id="90cdfe6" data-element_type="widget" data-widget_type="heading.default">
				<div class="elementor-widget-container">
					<h2 class="elementor-heading-title elementor-size-default">Ignacy Zalewski</h2>				</div>
				</div>
					</div>
		</div>
					</div>
		</section>
				<section class="elementor-section elementor-top-section elementor-element elementor-element-208796d2 elementor-section-boxed elementor-section-height-default elementor-section-height-default" data-id="208796d2" data-element_type="section">
						<div class="elementor-container elementor-column-gap-default">
					<div class="elementor-column elementor-col-50 elementor-top-column elementor-element elementor-element-2998c263" data-id="2998c263" data-element_type="column">
			<div class="elementor-widget-wrap elementor-element-populated">
						<div class="elementor-element elementor-element-4f2be069 elementor-widget elementor-widget-image" data-id="4f2be069" data-element_type="widget" data-widget_type="image.default">
				<div class="elementor-widget-container">
												<figure class="wp-caption">
										<img fetchpriority="high" decoding="async" width="562" height="740" src="https://wsm.art.pl/wp-content/uploads/2024/04/fot.-Mateusz-Zaboklicki.jpg" class="attachment-medium_large size-medium_large wp-image-15232" alt="" srcset="https://wsm.art.pl/wp-content/uploads/2024/04/fot.-Mateusz-Zaboklicki.jpg 562w, https://wsm.art.pl/wp-content/uploads/2024/04/fot.-Mateusz-Zaboklicki-228x300.jpg 228w" sizes="(max-width: 562px) 100vw, 562px" />											<figcaption class="widget-image-caption wp-caption-text">fot. Mateusz Żaboklicki</figcaption>
										</figure>
									</div>
				</div>
					</div>
		</div>
				<div class="elementor-column elementor-col-50 elementor-top-column elementor-element elementor-element-22045959" data-id="22045959" data-element_type="column">
			<div class="elementor-widget-wrap elementor-element-populated">
						<div class="elementor-element elementor-element-20a87065 elementor-widget elementor-widget-text-editor" data-id="20a87065" data-element_type="widget" data-widget_type="text-editor.default">
				<div class="elementor-widget-container">
									<p class="western" style="text-align: left;" align="justify"><span style="font-family: Arial, sans-serif;">U</span><span style="font-family: Arial, sans-serif;">rodzony w 1990 roku w Lublinie kompozytor, pedagog i dyrygent. Doktor habilitowany sztuk muzycznych, absolwent, a obecnie profesor kompozycji Uniwersytetu Muzycznego Fryderyka Chopina w Warszawie, w kadencji 2020-2024 dziekan Wydziału Kompozycji i Teorii Muzyki. </span><span style="font-family: Arial, sans-serif;">Współzałożyciel i kierownik artystyczny Chopin University Modern Ensemble, pierwszego stałego zespołu muzyki nowej działającego w tej uczelni.</span></p><p class="western" style="text-align: left;" align="justify"><span style="font-family: Arial, sans-serif;">Laureat przeszło dwudziestu nagród na konkursach kompozytorskich, międzynarodowych i ogólnopolskich. Ma na swoim koncie 19 płyt CD, z czego trzy uzyskały nominację do Nagrody FRYDERYK. Utwory kompozytora są regularnie wykonywane w najważniejszych polskich salach koncertowych i w większości krajów Europy oraz w USA, Chinach, Japonii, Singapurze i Wietnamie. </span></p><p class="western" style="text-align: left;" align="justify"><span style="font-family: Arial, sans-serif;">Autor muzyki do kilkudziesięciu produkcji teatralnych, filmowych, telewizyjnych i radiowych. </span><span style="font-family: Arial, sans-serif;">Członek Stowarzyszenia Autorów ZAiKS (od 2012) i Związku Kompozytorów Polskich (od 2022). W latach 2018-2021 prowadził w Radiu dla Ciebie audycję </span><span style="font-family: Arial, sans-serif;"><i>Nie tylko Chopin</i></span><span style="font-family: Arial, sans-serif;">. Jest także stałym felietonistą magazynu „Presto”. Prowadzi w całym kraju wykłady popularyzatorskie poświęcone muzyce poważnej. </span><span style="font-family: Arial, sans-serif;">Pod koniec 2022 roku nakładem Polskiego Wydawnictwa Muzycznego ukazała się mała monografia </span><span style="font-family: Arial, sans-serif;"><i>Moniuszko</i></span><span style="font-family: Arial, sans-serif;"> autorstwa Ignacego Zalewskiego przeznaczona dla szerokiego grona odbiorców, przedstawiająca twórcę </span><span style="font-family: Arial, sans-serif;"><i>Halki</i></span><span style="font-family: Arial, sans-serif;"> z nowej perspektywy. </span></p><p><em><strong>Karuna</strong></em><br /><span style="font-family: Arial, sans-serif;">Pojęcie </span><span style="font-family: Arial, sans-serif;"><i>karuna</i></span><span style="font-family: Arial, sans-serif;"> (w sanskrycie: „współczucie”) odnosi się do filozofii buddyjskiej, stanowiąc jeden z jej centralnych terminów. </span><span style="font-family: Arial, sans-serif;">Definiowane jest jako idealistyczne, ale też praktyczne, pragnienie usunięcia cierpienia wszystkich istot. Utwór, dedykowany Agacie i Łukaszowi, poświęcony jest krótkiemu rozważaniu tej idei.</span></p><p class="western" style="text-align: left;" align="right"><em><span style="font-family: Arial, sans-serif;">Ignacy Zalewski</span></em></p>								</div>
				</div>
					</div>
		</div>
					</div>
		</section>
				</div>

<p>Ignacy Zalewski fot. Mateusz Żaboklicki Urodzony w 1990 roku w Lublinie kompozytor, pedagog i dyrygent. Doktor habilitowany sztuk muzycznych, absolwent, a obecnie profesor kompozycji Uniwersytetu&hellip;</p>
