{"id":14668,"date":"2024-04-15T13:32:32","date_gmt":"2024-04-15T13:32:32","guid":{"rendered":"https:\/\/wsm.art.pl\/?page_id=14668"},"modified":"2024-05-01T17:26:19","modified_gmt":"2024-05-01T17:26:19","slug":"2024-chmielewska","status":"publish","type":"page","link":"https:\/\/wsm.art.pl\/?page_id=14668","title":{"rendered":"2024 CHMIELEWSKA Aleksandra"},"content":{"rendered":"\t\t<div data-elementor-type=\"wp-page\" data-elementor-id=\"14668\" class=\"elementor elementor-14668\">\n\t\t\t\t\t\t<section class=\"elementor-section elementor-top-section elementor-element elementor-element-8b249b1 elementor-section-boxed elementor-section-height-default elementor-section-height-default\" data-id=\"8b249b1\" data-element_type=\"section\">\n\t\t\t\t\t\t<div class=\"elementor-container elementor-column-gap-default\">\n\t\t\t\t\t<div class=\"elementor-column elementor-col-100 elementor-top-column elementor-element elementor-element-1aeb34e\" data-id=\"1aeb34e\" data-element_type=\"column\">\n\t\t\t<div class=\"elementor-widget-wrap elementor-element-populated\">\n\t\t\t\t\t\t<div class=\"elementor-element elementor-element-90cdfe6 elementor-widget elementor-widget-heading\" data-id=\"90cdfe6\" data-element_type=\"widget\" data-widget_type=\"heading.default\">\n\t\t\t\t<div class=\"elementor-widget-container\">\n\t\t\t\t\t<h2 class=\"elementor-heading-title elementor-size-default\">Aleksandra Chmielewska<\/h2>\t\t\t\t<\/div>\n\t\t\t\t<\/div>\n\t\t\t\t\t<\/div>\n\t\t<\/div>\n\t\t\t\t\t<\/div>\n\t\t<\/section>\n\t\t\t\t<section class=\"elementor-section elementor-top-section elementor-element elementor-element-94bc80c elementor-section-boxed elementor-section-height-default elementor-section-height-default\" data-id=\"94bc80c\" data-element_type=\"section\">\n\t\t\t\t\t\t<div class=\"elementor-container elementor-column-gap-default\">\n\t\t\t\t\t<div class=\"elementor-column elementor-col-50 elementor-top-column elementor-element elementor-element-dc2c096\" data-id=\"dc2c096\" data-element_type=\"column\">\n\t\t\t<div class=\"elementor-widget-wrap elementor-element-populated\">\n\t\t\t\t\t\t<div class=\"elementor-element elementor-element-d1192b9 elementor-widget elementor-widget-image\" data-id=\"d1192b9\" data-element_type=\"widget\" data-widget_type=\"image.default\">\n\t\t\t\t<div class=\"elementor-widget-container\">\n\t\t\t\t\t\t\t\t\t\t\t\t<figure class=\"wp-caption\">\n\t\t\t\t\t\t\t\t\t\t<img fetchpriority=\"high\" decoding=\"async\" width=\"843\" height=\"594\" src=\"https:\/\/wsm.art.pl\/wp-content\/uploads\/2024\/04\/fot.-Ruben-Lopez-Fernandez-small-1024x721.jpg\" class=\"attachment-large size-large wp-image-14670\" alt=\"\" srcset=\"https:\/\/wsm.art.pl\/wp-content\/uploads\/2024\/04\/fot.-Ruben-Lopez-Fernandez-small-1024x721.jpg 1024w, https:\/\/wsm.art.pl\/wp-content\/uploads\/2024\/04\/fot.-Ruben-Lopez-Fernandez-small-300x211.jpg 300w, https:\/\/wsm.art.pl\/wp-content\/uploads\/2024\/04\/fot.-Ruben-Lopez-Fernandez-small-768x540.jpg 768w, https:\/\/wsm.art.pl\/wp-content\/uploads\/2024\/04\/fot.-Ruben-Lopez-Fernandez-small-1536x1081.jpg 1536w, https:\/\/wsm.art.pl\/wp-content\/uploads\/2024\/04\/fot.-Ruben-Lopez-Fernandez-small.jpg 1600w\" sizes=\"(max-width: 843px) 100vw, 843px\" \/>\t\t\t\t\t\t\t\t\t\t\t<figcaption class=\"widget-image-caption wp-caption-text\">fot. Ruben Lopez Fernandez<\/figcaption>\n\t\t\t\t\t\t\t\t\t\t<\/figure>\n\t\t\t\t\t\t\t\t\t<\/div>\n\t\t\t\t<\/div>\n\t\t\t\t\t<\/div>\n\t\t<\/div>\n\t\t\t\t<div class=\"elementor-column elementor-col-50 elementor-top-column elementor-element elementor-element-08cc34b\" data-id=\"08cc34b\" data-element_type=\"column\">\n\t\t\t<div class=\"elementor-widget-wrap\">\n\t\t\t\t\t\t\t<\/div>\n\t\t<\/div>\n\t\t\t\t\t<\/div>\n\t\t<\/section>\n\t\t\t\t<section class=\"elementor-section elementor-top-section elementor-element elementor-element-8041a38 elementor-section-boxed elementor-section-height-default elementor-section-height-default\" data-id=\"8041a38\" data-element_type=\"section\">\n\t\t\t\t\t\t<div class=\"elementor-container elementor-column-gap-default\">\n\t\t\t\t\t<div class=\"elementor-column elementor-col-100 elementor-top-column elementor-element elementor-element-3d001f4\" data-id=\"3d001f4\" data-element_type=\"column\">\n\t\t\t<div class=\"elementor-widget-wrap elementor-element-populated\">\n\t\t\t\t\t\t<div class=\"elementor-element elementor-element-9d29113 elementor-widget elementor-widget-text-editor\" data-id=\"9d29113\" data-element_type=\"widget\" data-widget_type=\"text-editor.default\">\n\t\t\t\t<div class=\"elementor-widget-container\">\n\t\t\t\t\t\t\t\t\t<p>Kompozytorka, improwizatorka i pianistka, absolwentka Uniwersytetu Muzycznego Fryderyka Chopina, by\u0142a przewodnicz\u0105ca Ko\u0142a M\u0142odych Zwi\u0105zku Kompozytor\u00f3w Polskich. Wsp\u00f3\u0142pracuje z kinem Iluzjon, regularnie tworz\u0105c muzyk\u0119 na \u017cywo do film\u00f3w niemych. Tworzy utwory orkiestrowe, ch\u00f3ralne i kameralne, kt\u00f3re s\u0105 wykonywane przez zespo\u0142y polskie i zagraniczne, rejestrowane na p\u0142ytach oraz wydawane drukiem \u2013 na sta\u0142e wsp\u00f3\u0142pracuje z holenderskim wydawnictwem nutowym Donemus. Interesuj\u0105 j\u0105 zwi\u0105zki muzyki i zjawisk wizualnych. Obecnie pracuje nad doktoratem \u2013 operze o \u017cyciu meksyka\u0144skiej malarki, Fridy Kahlo.<\/p><p>Aleksandra Chmielewska ma w dorobku muzyk\u0119 kameraln\u0105, ch\u00f3raln\u0105 i orkiestrow\u0105, wykonywan\u0105 przez takie zespo\u0142y, jak Orkiestra Symfoniczna Filharmonii Lwowskiej, Orkiestra Symfoniczna Filharmonii S\u0142owe\u0144skiej, Orkiestra Symfoniczna Filharmonii im. Mieczys\u0142awa Kar\u0142owicza, Ch\u00f3r Narodowego Forum Muzyki, Orkiestra Leopoldinum, Pozna\u0144ski Ch\u00f3r Kameralny, Polski Ch\u00f3r Kameralny czy Gesualdo Six. Jest laureatk\u0105 kilkunastu nagr\u00f3d w konkursach kompozytorskich, w tym I nagrody w Mi\u0119dzynarodowym Konkursie Kompozytorskim \u201eTransatlantyk Instant Composition Contest\u201d, I nagrody w Mi\u0119dzynarodowym Konkursie Kompozytorskim im. Andrzeja Koszewskiego oraz I nagrody w Mi\u0119dzynarodowym Konkursie Kompozytorskim Patri Patriae.<br \/><br \/>Prowadzi tak\u017ce dzia\u0142alno\u015b\u0107 literack\u0105. W dorobku ma m.in. powie\u015b\u0107 <em>Ucze\u0144 Czarnoksi\u0119\u017cnika<\/em>.<\/p><p><em><strong>Visions oniriques<\/strong><\/em> na orkiestr\u0119 (2022)<br \/>Utw\u00f3r powsta\u0142 w wyniku mojej fascynacji \u015bwiatem snu i pod\u015bwiadomo\u015bci. Jego kola\u017cowa struktura nawi\u0105zuje do zmienno\u015bci wydarze\u0144 sennych i ich niesp\u00f3jno\u015bci \u2013 ale tylko pozornej, bo osoba, kt\u00f3ra \u015bni, jest przecie\u017c ca\u0142y czas ta sama (st\u0105d w utworze powracaj\u0105ce w\u0105tki). Szczeg\u00f3lnie wa\u017cn\u0105 rol\u0119 pe\u0142ni\u0105<br \/>w utworze instrumenty d\u0119te drewniane, kt\u00f3re tworz\u0105 narracj\u0119 ba\u015bniowego \u015bwiata pe\u0142nego ulotno\u015bci i mira\u017cy. Utw\u00f3r zosta\u0142 wyr\u00f3\u017cniony w Mi\u0119dzynarodowym Konkursie Kompozytorskim im. Mieczys\u0142awa Kar\u0142owicza organizowanym przez Stowarzyszenie Autor\u00f3w ZAiKS. Jego prawykonanie odby\u0142o si\u0119 w 2022 roku <br \/>w Filharmonii Szczeci\u0144skiej im. Mieczys\u0142awa Kar\u0142owicza.<\/p><p><em>Aleksandra Chmielewska<\/em><\/p>\t\t\t\t\t\t\t\t<\/div>\n\t\t\t\t<\/div>\n\t\t\t\t\t<\/div>\n\t\t<\/div>\n\t\t\t\t\t<\/div>\n\t\t<\/section>\n\t\t\t\t<\/div>\n\t\t","protected":false},"excerpt":{"rendered":"<p>Aleksandra Chmielewska fot. Ruben Lopez Fernandez Kompozytorka, improwizatorka i pianistka, absolwentka Uniwersytetu Muzycznego Fryderyka Chopina, by\u0142a przewodnicz\u0105ca Ko\u0142a M\u0142odych Zwi\u0105zku Kompozytor\u00f3w Polskich. Wsp\u00f3\u0142pracuje z kinem&hellip;<\/p>\n","protected":false},"author":1,"featured_media":0,"parent":0,"menu_order":0,"comment_status":"closed","ping_status":"closed","template":"","meta":{"footnotes":""},"class_list":["post-14668","page","type-page","status-publish","hentry"],"_links":{"self":[{"href":"https:\/\/wsm.art.pl\/index.php?rest_route=\/wp\/v2\/pages\/14668","targetHints":{"allow":["GET"]}}],"collection":[{"href":"https:\/\/wsm.art.pl\/index.php?rest_route=\/wp\/v2\/pages"}],"about":[{"href":"https:\/\/wsm.art.pl\/index.php?rest_route=\/wp\/v2\/types\/page"}],"author":[{"embeddable":true,"href":"https:\/\/wsm.art.pl\/index.php?rest_route=\/wp\/v2\/users\/1"}],"replies":[{"embeddable":true,"href":"https:\/\/wsm.art.pl\/index.php?rest_route=%2Fwp%2Fv2%2Fcomments&post=14668"}],"version-history":[{"count":10,"href":"https:\/\/wsm.art.pl\/index.php?rest_route=\/wp\/v2\/pages\/14668\/revisions"}],"predecessor-version":[{"id":15847,"href":"https:\/\/wsm.art.pl\/index.php?rest_route=\/wp\/v2\/pages\/14668\/revisions\/15847"}],"wp:attachment":[{"href":"https:\/\/wsm.art.pl\/index.php?rest_route=%2Fwp%2Fv2%2Fmedia&parent=14668"}],"curies":[{"name":"wp","href":"https:\/\/api.w.org\/{rel}","templated":true}]}}

<div data-elementor-type="wp-page" data-elementor-id="14668" class="elementor elementor-14668">
						<section class="elementor-section elementor-top-section elementor-element elementor-element-8b249b1 elementor-section-boxed elementor-section-height-default elementor-section-height-default" data-id="8b249b1" data-element_type="section">
						<div class="elementor-container elementor-column-gap-default">
					<div class="elementor-column elementor-col-100 elementor-top-column elementor-element elementor-element-1aeb34e" data-id="1aeb34e" data-element_type="column">
			<div class="elementor-widget-wrap elementor-element-populated">
						<div class="elementor-element elementor-element-90cdfe6 elementor-widget elementor-widget-heading" data-id="90cdfe6" data-element_type="widget" data-widget_type="heading.default">
				<div class="elementor-widget-container">
					<h2 class="elementor-heading-title elementor-size-default">Aleksandra Chmielewska</h2>				</div>
				</div>
					</div>
		</div>
					</div>
		</section>
				<section class="elementor-section elementor-top-section elementor-element elementor-element-94bc80c elementor-section-boxed elementor-section-height-default elementor-section-height-default" data-id="94bc80c" data-element_type="section">
						<div class="elementor-container elementor-column-gap-default">
					<div class="elementor-column elementor-col-50 elementor-top-column elementor-element elementor-element-dc2c096" data-id="dc2c096" data-element_type="column">
			<div class="elementor-widget-wrap elementor-element-populated">
						<div class="elementor-element elementor-element-d1192b9 elementor-widget elementor-widget-image" data-id="d1192b9" data-element_type="widget" data-widget_type="image.default">
				<div class="elementor-widget-container">
												<figure class="wp-caption">
										<img fetchpriority="high" decoding="async" width="843" height="594" src="https://wsm.art.pl/wp-content/uploads/2024/04/fot.-Ruben-Lopez-Fernandez-small-1024x721.jpg" class="attachment-large size-large wp-image-14670" alt="" srcset="https://wsm.art.pl/wp-content/uploads/2024/04/fot.-Ruben-Lopez-Fernandez-small-1024x721.jpg 1024w, https://wsm.art.pl/wp-content/uploads/2024/04/fot.-Ruben-Lopez-Fernandez-small-300x211.jpg 300w, https://wsm.art.pl/wp-content/uploads/2024/04/fot.-Ruben-Lopez-Fernandez-small-768x540.jpg 768w, https://wsm.art.pl/wp-content/uploads/2024/04/fot.-Ruben-Lopez-Fernandez-small-1536x1081.jpg 1536w, https://wsm.art.pl/wp-content/uploads/2024/04/fot.-Ruben-Lopez-Fernandez-small.jpg 1600w" sizes="(max-width: 843px) 100vw, 843px" />											<figcaption class="widget-image-caption wp-caption-text">fot. Ruben Lopez Fernandez</figcaption>
										</figure>
									</div>
				</div>
					</div>
		</div>
				<div class="elementor-column elementor-col-50 elementor-top-column elementor-element elementor-element-08cc34b" data-id="08cc34b" data-element_type="column">
			<div class="elementor-widget-wrap">
							</div>
		</div>
					</div>
		</section>
				<section class="elementor-section elementor-top-section elementor-element elementor-element-8041a38 elementor-section-boxed elementor-section-height-default elementor-section-height-default" data-id="8041a38" data-element_type="section">
						<div class="elementor-container elementor-column-gap-default">
					<div class="elementor-column elementor-col-100 elementor-top-column elementor-element elementor-element-3d001f4" data-id="3d001f4" data-element_type="column">
			<div class="elementor-widget-wrap elementor-element-populated">
						<div class="elementor-element elementor-element-9d29113 elementor-widget elementor-widget-text-editor" data-id="9d29113" data-element_type="widget" data-widget_type="text-editor.default">
				<div class="elementor-widget-container">
									<p>Kompozytorka, improwizatorka i pianistka, absolwentka Uniwersytetu Muzycznego Fryderyka Chopina, była przewodnicząca Koła Młodych Związku Kompozytorów Polskich. Współpracuje z kinem Iluzjon, regularnie tworząc muzykę na żywo do filmów niemych. Tworzy utwory orkiestrowe, chóralne i kameralne, które są wykonywane przez zespoły polskie i zagraniczne, rejestrowane na płytach oraz wydawane drukiem – na stałe współpracuje z holenderskim wydawnictwem nutowym Donemus. Interesują ją związki muzyki i zjawisk wizualnych. Obecnie pracuje nad doktoratem – operze o życiu meksykańskiej malarki, Fridy Kahlo.</p><p>Aleksandra Chmielewska ma w dorobku muzykę kameralną, chóralną i orkiestrową, wykonywaną przez takie zespoły, jak Orkiestra Symfoniczna Filharmonii Lwowskiej, Orkiestra Symfoniczna Filharmonii Słoweńskiej, Orkiestra Symfoniczna Filharmonii im. Mieczysława Karłowicza, Chór Narodowego Forum Muzyki, Orkiestra Leopoldinum, Poznański Chór Kameralny, Polski Chór Kameralny czy Gesualdo Six. Jest laureatką kilkunastu nagród w konkursach kompozytorskich, w tym I nagrody w Międzynarodowym Konkursie Kompozytorskim „Transatlantyk Instant Composition Contest”, I nagrody w Międzynarodowym Konkursie Kompozytorskim im. Andrzeja Koszewskiego oraz I nagrody w Międzynarodowym Konkursie Kompozytorskim Patri Patriae.<br /><br />Prowadzi także działalność literacką. W dorobku ma m.in. powieść <em>Uczeń Czarnoksiężnika</em>.</p><p><em><strong>Visions oniriques</strong></em> na orkiestrę (2022)<br />Utwór powstał w wyniku mojej fascynacji światem snu i podświadomości. Jego kolażowa struktura nawiązuje do zmienności wydarzeń sennych i ich niespójności – ale tylko pozornej, bo osoba, która śni, jest przecież cały czas ta sama (stąd w utworze powracające wątki). Szczególnie ważną rolę pełnią<br />w utworze instrumenty dęte drewniane, które tworzą narrację baśniowego świata pełnego ulotności i miraży. Utwór został wyróżniony w Międzynarodowym Konkursie Kompozytorskim im. Mieczysława Karłowicza organizowanym przez Stowarzyszenie Autorów ZAiKS. Jego prawykonanie odbyło się w 2022 roku <br />w Filharmonii Szczecińskiej im. Mieczysława Karłowicza.</p><p><em>Aleksandra Chmielewska</em></p>								</div>
				</div>
					</div>
		</div>
					</div>
		</section>
				</div>

<p>Aleksandra Chmielewska fot. Ruben Lopez Fernandez Kompozytorka, improwizatorka i pianistka, absolwentka Uniwersytetu Muzycznego Fryderyka Chopina, była przewodnicząca Koła Młodych Związku Kompozytorów Polskich. Współpracuje z kinem&hellip;</p>
