{"id":14538,"date":"2024-04-12T20:43:10","date_gmt":"2024-04-12T20:43:10","guid":{"rendered":"https:\/\/wsm.art.pl\/?page_id=14538"},"modified":"2024-05-01T17:16:25","modified_gmt":"2024-05-01T17:16:25","slug":"2024-opalka","status":"publish","type":"page","link":"https:\/\/wsm.art.pl\/?page_id=14538","title":{"rendered":"2024 OPA\u0141KA Tomasz"},"content":{"rendered":"\t\t<div data-elementor-type=\"wp-page\" data-elementor-id=\"14538\" class=\"elementor elementor-14538\">\n\t\t\t\t\t\t<section class=\"elementor-section elementor-top-section elementor-element elementor-element-8b249b1 elementor-section-boxed elementor-section-height-default elementor-section-height-default\" data-id=\"8b249b1\" data-element_type=\"section\">\n\t\t\t\t\t\t<div class=\"elementor-container elementor-column-gap-default\">\n\t\t\t\t\t<div class=\"elementor-column elementor-col-100 elementor-top-column elementor-element elementor-element-1aeb34e\" data-id=\"1aeb34e\" data-element_type=\"column\">\n\t\t\t<div class=\"elementor-widget-wrap elementor-element-populated\">\n\t\t\t\t\t\t<div class=\"elementor-element elementor-element-90cdfe6 elementor-widget elementor-widget-heading\" data-id=\"90cdfe6\" data-element_type=\"widget\" data-widget_type=\"heading.default\">\n\t\t\t\t<div class=\"elementor-widget-container\">\n\t\t\t\t\t<h2 class=\"elementor-heading-title elementor-size-default\">Tomasz Jakub Opa\u0142ka<\/h2>\t\t\t\t<\/div>\n\t\t\t\t<\/div>\n\t\t\t\t\t<\/div>\n\t\t<\/div>\n\t\t\t\t\t<\/div>\n\t\t<\/section>\n\t\t\t\t<section class=\"elementor-section elementor-top-section elementor-element elementor-element-208796d2 elementor-section-boxed elementor-section-height-default elementor-section-height-default\" data-id=\"208796d2\" data-element_type=\"section\">\n\t\t\t\t\t\t<div class=\"elementor-container elementor-column-gap-default\">\n\t\t\t\t\t<div class=\"elementor-column elementor-col-50 elementor-top-column elementor-element elementor-element-2998c263\" data-id=\"2998c263\" data-element_type=\"column\">\n\t\t\t<div class=\"elementor-widget-wrap elementor-element-populated\">\n\t\t\t\t\t\t<div class=\"elementor-element elementor-element-4f2be069 elementor-widget elementor-widget-image\" data-id=\"4f2be069\" data-element_type=\"widget\" data-widget_type=\"image.default\">\n\t\t\t\t<div class=\"elementor-widget-container\">\n\t\t\t\t\t\t\t\t\t\t\t\t<figure class=\"wp-caption\">\n\t\t\t\t\t\t\t\t\t\t<img fetchpriority=\"high\" decoding=\"async\" width=\"768\" height=\"1138\" src=\"https:\/\/wsm.art.pl\/wp-content\/uploads\/2024\/04\/fot.-Maria-Opalka-768x1138.jpg\" class=\"attachment-medium_large size-medium_large wp-image-14543\" alt=\"\" srcset=\"https:\/\/wsm.art.pl\/wp-content\/uploads\/2024\/04\/fot.-Maria-Opalka-768x1138.jpg 768w, https:\/\/wsm.art.pl\/wp-content\/uploads\/2024\/04\/fot.-Maria-Opalka-203x300.jpg 203w, https:\/\/wsm.art.pl\/wp-content\/uploads\/2024\/04\/fot.-Maria-Opalka-691x1024.jpg 691w, https:\/\/wsm.art.pl\/wp-content\/uploads\/2024\/04\/fot.-Maria-Opalka.jpg 810w\" sizes=\"(max-width: 768px) 100vw, 768px\" \/>\t\t\t\t\t\t\t\t\t\t\t<figcaption class=\"widget-image-caption wp-caption-text\">fot. Maria Opa\u0142ka<\/figcaption>\n\t\t\t\t\t\t\t\t\t\t<\/figure>\n\t\t\t\t\t\t\t\t\t<\/div>\n\t\t\t\t<\/div>\n\t\t\t\t\t<\/div>\n\t\t<\/div>\n\t\t\t\t<div class=\"elementor-column elementor-col-50 elementor-top-column elementor-element elementor-element-22045959\" data-id=\"22045959\" data-element_type=\"column\">\n\t\t\t<div class=\"elementor-widget-wrap elementor-element-populated\">\n\t\t\t\t\t\t<div class=\"elementor-element elementor-element-20a87065 elementor-widget elementor-widget-text-editor\" data-id=\"20a87065\" data-element_type=\"widget\" data-widget_type=\"text-editor.default\">\n\t\t\t\t<div class=\"elementor-widget-container\">\n\t\t\t\t\t\t\t\t\t<p>Kompozytor i producent muzyczny, urodzony w 1983 roku. <br \/>Absolwent studi\u00f3w kompozytorskich na Uniwersytecie Muzycznym Fryderyka Chopina w Warszawie w klasie prof. Krzysztofa Baculewskiego. W 2019 roku otrzyma\u0142 stopie\u0144 doktora habilitowanego, obecnie pracuje na stanowisku prof. UMFC, prowadzi w\u0142asn\u0105 klas\u0119 kompozycji oraz zaj\u0119cia z kompozycji muzyki filmowej, pe\u0142ni funkcj\u0119 Kierownika Pracowni Muzyki Filmowej i Teatralnej UMFC, jest wsp\u00f3\u0142autorem innowacyjnego programu naukowo-dydaktycznego na kierunku MEFiT.<\/p><p>Zajmuje si\u0119 tworzeniem muzyki powa\u017cnej, filmowej i teatralnej. Tworzy\u0142 na zam\u00f3wienie wa\u017cnych polskich i \u015bwiatowych instytucji muzycznych. Autor interaktywnej muzyki do immersyjnej instalacji dla Polskiego Pawilonu podczas wystawy \u015bwiatowej EXPO 2020 w Dubaju, za kt\u00f3r\u0105 otrzyma\u0142 nominacj\u0119 do Hollywood Music in Media Award, a tak\u017ce tytu\u0142 Ambasadora EXPO. W marcu 2022 roku mia\u0142o miejsce prawykonanie koncertowe jego entuzjastycznie przyj\u0119tej opery Ars Moriendi \u2013 Requiem Giocoso, zam\u00f3wionej przez Polsk\u0105 Oper\u0119 Kr\u00f3lewsk\u0105. Jest autorem niezwykle pozytywnie odebranej p\u0142yty EMERGE, wydanej nak\u0142adem wytw\u00f3rni Warner Classics.<\/p><p>Przez kilka lat mieszka\u0142 w Los Angeles, gdzie pracowa\u0142 z kompozytorami nale\u017c\u0105cymi do \u015bcis\u0142ej czo\u0142\u00f3wki Hollywood. Wsp\u00f3\u0142pracowa\u0142 z instytucjami takimi, jak: London Symphony Orchestra, Orkiestra Muzyki Nowej, Orkiestra Sinfonia Varsovia, Polska Opera Kr\u00f3lewska, Deutsche Oper Berlin, Calgary Philharmonic Orchestra, Morningside Music Bridge, Narodowa Orkiestra Symfoniczna Polskiego Radia, Polska Orkiestra Sinfonia Iuventus, Polska Orkiestra Radiowa, Baltic Neopolis Orchestra, Sinfonietta Cracovia, Elbla\u0328ska Orkiestra Kameralna, S\u0142owacka Orkiestra Radiowa, Narodowa Orkiestra Symfoniczna Ukrainy, Orkiestra Kameralna Wirtuozi Lwowa, a tak\u017ce z orkiestrami filharmonicznymi w Gorzowie, Kielcach, Szczecinie, \u0141odzi, Kaliszu, Instytut Adama Mickiewicza, Zwia\u0328zek Kompozytor\u00f3w Polskich, Towarzystwo im. Witolda Lutos\u0142awskiego, Zamek Kr\u00f3lewski w Warszawie, Stowarzyszenie Porta Musicae, Science Now, Stellar Fireworks i Tellart (Pawilon Polski podczas EXPO Dubai) oraz artystami i zespo\u0142ami: Katarzyna Duda, Jadwiga Czarkowska, Janusz Wawrowski, Maciej Fra\u0328ckiewicz, Bart\u0142omiej Dus\u0301, Rafa\u0142 Grz\u0105ka, Leszek Lorent, Andreas Graf, Rafa\u0142 \u0141uc, Szymon Bywalec, Krzysztof S\u0142owi\u0144ski, Monika Woli\u0144ska, Roman Rewakowicz, Micha\u0142 Klauza, Wojciech Michniewski, \u0141ukasz Borowicz, Jacek Rogala, Lilianna Krych, Jurek Dyba\u0142, Ben Palmer, Karl Hirzer, Daniel Gazon, Zygmunt Rychert, Arditti Quartet, Bozzini Quartet, Ligeti Quartet, Cracow Duo, Sekstet wokalny proModern, zesp\u00f3\u0142 Kijowscy Solis\u0301ci, R&amp;B Modern i inni.<\/p><p>Jest cz\u0142onkiem Stowarzyszenia Autor\u00f3w ZAiKS, Zwi\u0105zku Kompozytor\u00f3w Polskich oraz Ameryka\u0144skiego Stowarzyszenia Kompozytor\u00f3w, Autor\u00f3w i Wydawc\u00f3w ASCAP.<\/p><p><strong><em>Hypersphere<\/em><\/strong><br \/>Z teoretycznego punktu widzenia wyobra\u017cenie sobie wielowymiarowej hipersfery dla cz\u0142owieka jest do\u015b\u0107 trudne, poniewa\u017c tego typu przestrze\u0144 (cztery lub wi\u0119cej wymiar\u00f3w) le\u017cy poza granicami ludzkiego, tr\u00f3jwymiarowego postrzegania otoczenia. Przeci\u0119cie zwyk\u0142ej kuli skutkowa\u0142oby zobaczeniem zwyk\u0142ego ko\u0142a, gdyby\u015bmy jednak zdo\u0142ali przekroi\u0107 hipersfer\u0119, w miejscu jej przeci\u0119cia, zobaczymy kul\u0119.<br \/>A jak powy\u017csze ma si\u0119 do samego utworu?<br \/>Nie zag\u0142\u0119biaj\u0105c si\u0119 w d\u0142ugie i niezbyt istotne dla s\u0142uchaczy szczeg\u00f3\u0142y, mog\u0119 jedynie napisa\u0107, \u017ce cz\u0119\u015b\u0107 rozwi\u0105za\u0144 zastosowanych do zarz\u0105dzania tkankami utworu, materia\u0142em muzycznym, jego przetworzeniami, inwersjami oraz form\u0105, zosta\u0142o zaczerpni\u0119tych ze struktury hiperkuli.<br \/>Ale to tylko cz\u0119\u015b\u0107 opowie\u015bci.<\/p><p><em>Tomasz Jakub Opa\u0142ka<\/em><\/p>\t\t\t\t\t\t\t\t<\/div>\n\t\t\t\t<\/div>\n\t\t\t\t\t<\/div>\n\t\t<\/div>\n\t\t\t\t\t<\/div>\n\t\t<\/section>\n\t\t\t\t<\/div>\n\t\t","protected":false},"excerpt":{"rendered":"<p>Tomasz Jakub Opa\u0142ka fot. Maria Opa\u0142ka Kompozytor i producent muzyczny, urodzony w 1983 roku. Absolwent studi\u00f3w kompozytorskich na Uniwersytecie Muzycznym Fryderyka Chopina w Warszawie w&hellip;<\/p>\n","protected":false},"author":1,"featured_media":0,"parent":0,"menu_order":0,"comment_status":"closed","ping_status":"closed","template":"","meta":{"footnotes":""},"class_list":["post-14538","page","type-page","status-publish","hentry"],"_links":{"self":[{"href":"https:\/\/wsm.art.pl\/index.php?rest_route=\/wp\/v2\/pages\/14538","targetHints":{"allow":["GET"]}}],"collection":[{"href":"https:\/\/wsm.art.pl\/index.php?rest_route=\/wp\/v2\/pages"}],"about":[{"href":"https:\/\/wsm.art.pl\/index.php?rest_route=\/wp\/v2\/types\/page"}],"author":[{"embeddable":true,"href":"https:\/\/wsm.art.pl\/index.php?rest_route=\/wp\/v2\/users\/1"}],"replies":[{"embeddable":true,"href":"https:\/\/wsm.art.pl\/index.php?rest_route=%2Fwp%2Fv2%2Fcomments&post=14538"}],"version-history":[{"count":10,"href":"https:\/\/wsm.art.pl\/index.php?rest_route=\/wp\/v2\/pages\/14538\/revisions"}],"predecessor-version":[{"id":15841,"href":"https:\/\/wsm.art.pl\/index.php?rest_route=\/wp\/v2\/pages\/14538\/revisions\/15841"}],"wp:attachment":[{"href":"https:\/\/wsm.art.pl\/index.php?rest_route=%2Fwp%2Fv2%2Fmedia&parent=14538"}],"curies":[{"name":"wp","href":"https:\/\/api.w.org\/{rel}","templated":true}]}}

2024 OPAŁKA Tomasz

<div data-elementor-type="wp-page" data-elementor-id="14538" class="elementor elementor-14538">
						<section class="elementor-section elementor-top-section elementor-element elementor-element-8b249b1 elementor-section-boxed elementor-section-height-default elementor-section-height-default" data-id="8b249b1" data-element_type="section">
						<div class="elementor-container elementor-column-gap-default">
					<div class="elementor-column elementor-col-100 elementor-top-column elementor-element elementor-element-1aeb34e" data-id="1aeb34e" data-element_type="column">
			<div class="elementor-widget-wrap elementor-element-populated">
						<div class="elementor-element elementor-element-90cdfe6 elementor-widget elementor-widget-heading" data-id="90cdfe6" data-element_type="widget" data-widget_type="heading.default">
				<div class="elementor-widget-container">
					<h2 class="elementor-heading-title elementor-size-default">Tomasz Jakub Opałka</h2>				</div>
				</div>
					</div>
		</div>
					</div>
		</section>
				<section class="elementor-section elementor-top-section elementor-element elementor-element-208796d2 elementor-section-boxed elementor-section-height-default elementor-section-height-default" data-id="208796d2" data-element_type="section">
						<div class="elementor-container elementor-column-gap-default">
					<div class="elementor-column elementor-col-50 elementor-top-column elementor-element elementor-element-2998c263" data-id="2998c263" data-element_type="column">
			<div class="elementor-widget-wrap elementor-element-populated">
						<div class="elementor-element elementor-element-4f2be069 elementor-widget elementor-widget-image" data-id="4f2be069" data-element_type="widget" data-widget_type="image.default">
				<div class="elementor-widget-container">
												<figure class="wp-caption">
										<img fetchpriority="high" decoding="async" width="768" height="1138" src="https://wsm.art.pl/wp-content/uploads/2024/04/fot.-Maria-Opalka-768x1138.jpg" class="attachment-medium_large size-medium_large wp-image-14543" alt="" srcset="https://wsm.art.pl/wp-content/uploads/2024/04/fot.-Maria-Opalka-768x1138.jpg 768w, https://wsm.art.pl/wp-content/uploads/2024/04/fot.-Maria-Opalka-203x300.jpg 203w, https://wsm.art.pl/wp-content/uploads/2024/04/fot.-Maria-Opalka-691x1024.jpg 691w, https://wsm.art.pl/wp-content/uploads/2024/04/fot.-Maria-Opalka.jpg 810w" sizes="(max-width: 768px) 100vw, 768px" />											<figcaption class="widget-image-caption wp-caption-text">fot. Maria Opałka</figcaption>
										</figure>
									</div>
				</div>
					</div>
		</div>
				<div class="elementor-column elementor-col-50 elementor-top-column elementor-element elementor-element-22045959" data-id="22045959" data-element_type="column">
			<div class="elementor-widget-wrap elementor-element-populated">
						<div class="elementor-element elementor-element-20a87065 elementor-widget elementor-widget-text-editor" data-id="20a87065" data-element_type="widget" data-widget_type="text-editor.default">
				<div class="elementor-widget-container">
									<p>Kompozytor i producent muzyczny, urodzony w 1983 roku. <br />Absolwent studiów kompozytorskich na Uniwersytecie Muzycznym Fryderyka Chopina w Warszawie w klasie prof. Krzysztofa Baculewskiego. W 2019 roku otrzymał stopień doktora habilitowanego, obecnie pracuje na stanowisku prof. UMFC, prowadzi własną klasę kompozycji oraz zajęcia z kompozycji muzyki filmowej, pełni funkcję Kierownika Pracowni Muzyki Filmowej i Teatralnej UMFC, jest współautorem innowacyjnego programu naukowo-dydaktycznego na kierunku MEFiT.</p><p>Zajmuje się tworzeniem muzyki poważnej, filmowej i teatralnej. Tworzył na zamówienie ważnych polskich i światowych instytucji muzycznych. Autor interaktywnej muzyki do immersyjnej instalacji dla Polskiego Pawilonu podczas wystawy światowej EXPO 2020 w Dubaju, za którą otrzymał nominację do Hollywood Music in Media Award, a także tytuł Ambasadora EXPO. W marcu 2022 roku miało miejsce prawykonanie koncertowe jego entuzjastycznie przyjętej opery Ars Moriendi – Requiem Giocoso, zamówionej przez Polską Operę Królewską. Jest autorem niezwykle pozytywnie odebranej płyty EMERGE, wydanej nakładem wytwórni Warner Classics.</p><p>Przez kilka lat mieszkał w Los Angeles, gdzie pracował z kompozytorami należącymi do ścisłej czołówki Hollywood. Współpracował z instytucjami takimi, jak: London Symphony Orchestra, Orkiestra Muzyki Nowej, Orkiestra Sinfonia Varsovia, Polska Opera Królewska, Deutsche Oper Berlin, Calgary Philharmonic Orchestra, Morningside Music Bridge, Narodowa Orkiestra Symfoniczna Polskiego Radia, Polska Orkiestra Sinfonia Iuventus, Polska Orkiestra Radiowa, Baltic Neopolis Orchestra, Sinfonietta Cracovia, Elbląska Orkiestra Kameralna, Słowacka Orkiestra Radiowa, Narodowa Orkiestra Symfoniczna Ukrainy, Orkiestra Kameralna Wirtuozi Lwowa, a także z orkiestrami filharmonicznymi w Gorzowie, Kielcach, Szczecinie, Łodzi, Kaliszu, Instytut Adama Mickiewicza, Związek Kompozytorów Polskich, Towarzystwo im. Witolda Lutosławskiego, Zamek Królewski w Warszawie, Stowarzyszenie Porta Musicae, Science Now, Stellar Fireworks i Tellart (Pawilon Polski podczas EXPO Dubai) oraz artystami i zespołami: Katarzyna Duda, Jadwiga Czarkowska, Janusz Wawrowski, Maciej Frąckiewicz, Bartłomiej Duś, Rafał Grząka, Leszek Lorent, Andreas Graf, Rafał Łuc, Szymon Bywalec, Krzysztof Słowiński, Monika Wolińska, Roman Rewakowicz, Michał Klauza, Wojciech Michniewski, Łukasz Borowicz, Jacek Rogala, Lilianna Krych, Jurek Dybał, Ben Palmer, Karl Hirzer, Daniel Gazon, Zygmunt Rychert, Arditti Quartet, Bozzini Quartet, Ligeti Quartet, Cracow Duo, Sekstet wokalny proModern, zespół Kijowscy Soliści, R&amp;B Modern i inni.</p><p>Jest członkiem Stowarzyszenia Autorów ZAiKS, Związku Kompozytorów Polskich oraz Amerykańskiego Stowarzyszenia Kompozytorów, Autorów i Wydawców ASCAP.</p><p><strong><em>Hypersphere</em></strong><br />Z teoretycznego punktu widzenia wyobrażenie sobie wielowymiarowej hipersfery dla człowieka jest dość trudne, ponieważ tego typu przestrzeń (cztery lub więcej wymiarów) leży poza granicami ludzkiego, trójwymiarowego postrzegania otoczenia. Przecięcie zwykłej kuli skutkowałoby zobaczeniem zwykłego koła, gdybyśmy jednak zdołali przekroić hipersferę, w miejscu jej przecięcia, zobaczymy kulę.<br />A jak powyższe ma się do samego utworu?<br />Nie zagłębiając się w długie i niezbyt istotne dla słuchaczy szczegóły, mogę jedynie napisać, że część rozwiązań zastosowanych do zarządzania tkankami utworu, materiałem muzycznym, jego przetworzeniami, inwersjami oraz formą, zostało zaczerpniętych ze struktury hiperkuli.<br />Ale to tylko część opowieści.</p><p><em>Tomasz Jakub Opałka</em></p>								</div>
				</div>
					</div>
		</div>
					</div>
		</section>
				</div>

<p>Tomasz Jakub Opałka fot. Maria Opałka Kompozytor i producent muzyczny, urodzony w 1983 roku. Absolwent studiów kompozytorskich na Uniwersytecie Muzycznym Fryderyka Chopina w Warszawie w&hellip;</p>
