{"id":14187,"date":"2024-04-02T09:09:06","date_gmt":"2024-04-02T09:09:06","guid":{"rendered":"https:\/\/wsm.art.pl\/?page_id=14187"},"modified":"2024-04-30T23:03:34","modified_gmt":"2024-04-30T23:03:34","slug":"2024-w-stawarz","status":"publish","type":"page","link":"https:\/\/wsm.art.pl\/?page_id=14187","title":{"rendered":"2024 w. STAWARZ Lilianna"},"content":{"rendered":"\t\t<div data-elementor-type=\"wp-page\" data-elementor-id=\"14187\" class=\"elementor elementor-14187\">\n\t\t\t\t\t\t<section class=\"elementor-section elementor-top-section elementor-element elementor-element-8b249b1 elementor-section-boxed elementor-section-height-default elementor-section-height-default\" data-id=\"8b249b1\" data-element_type=\"section\">\n\t\t\t\t\t\t<div class=\"elementor-container elementor-column-gap-default\">\n\t\t\t\t\t<div class=\"elementor-column elementor-col-100 elementor-top-column elementor-element elementor-element-1aeb34e\" data-id=\"1aeb34e\" data-element_type=\"column\">\n\t\t\t<div class=\"elementor-widget-wrap elementor-element-populated\">\n\t\t\t\t\t\t<div class=\"elementor-element elementor-element-90cdfe6 elementor-widget elementor-widget-heading\" data-id=\"90cdfe6\" data-element_type=\"widget\" data-widget_type=\"heading.default\">\n\t\t\t\t<div class=\"elementor-widget-container\">\n\t\t\t\t\t<h2 class=\"elementor-heading-title elementor-size-default\">Lilianna Stawarz<\/h2>\t\t\t\t<\/div>\n\t\t\t\t<\/div>\n\t\t\t\t\t<\/div>\n\t\t<\/div>\n\t\t\t\t\t<\/div>\n\t\t<\/section>\n\t\t\t\t<section class=\"elementor-section elementor-top-section elementor-element elementor-element-208796d2 elementor-section-boxed elementor-section-height-default elementor-section-height-default\" data-id=\"208796d2\" data-element_type=\"section\">\n\t\t\t\t\t\t<div class=\"elementor-container elementor-column-gap-default\">\n\t\t\t\t\t<div class=\"elementor-column elementor-col-50 elementor-top-column elementor-element elementor-element-2998c263\" data-id=\"2998c263\" data-element_type=\"column\">\n\t\t\t<div class=\"elementor-widget-wrap elementor-element-populated\">\n\t\t\t\t\t\t<div class=\"elementor-element elementor-element-4f2be069 elementor-widget elementor-widget-image\" data-id=\"4f2be069\" data-element_type=\"widget\" data-widget_type=\"image.default\">\n\t\t\t\t<div class=\"elementor-widget-container\">\n\t\t\t\t\t\t\t\t\t\t\t\t<figure class=\"wp-caption\">\n\t\t\t\t\t\t\t\t\t\t<img fetchpriority=\"high\" decoding=\"async\" width=\"768\" height=\"1152\" src=\"https:\/\/wsm.art.pl\/wp-content\/uploads\/2024\/04\/L.Stawarz.fot_.-Anita-Wasik-Plocinska-small-768x1152.jpg\" class=\"attachment-medium_large size-medium_large wp-image-14192\" alt=\"\" srcset=\"https:\/\/wsm.art.pl\/wp-content\/uploads\/2024\/04\/L.Stawarz.fot_.-Anita-Wasik-Plocinska-small-768x1152.jpg 768w, https:\/\/wsm.art.pl\/wp-content\/uploads\/2024\/04\/L.Stawarz.fot_.-Anita-Wasik-Plocinska-small-200x300.jpg 200w, https:\/\/wsm.art.pl\/wp-content\/uploads\/2024\/04\/L.Stawarz.fot_.-Anita-Wasik-Plocinska-small-683x1024.jpg 683w, https:\/\/wsm.art.pl\/wp-content\/uploads\/2024\/04\/L.Stawarz.fot_.-Anita-Wasik-Plocinska-small.jpg 800w\" sizes=\"(max-width: 768px) 100vw, 768px\" \/>\t\t\t\t\t\t\t\t\t\t\t<figcaption class=\"widget-image-caption wp-caption-text\">fot. Anita W\u0105sik-P\u0142oci\u0144ska<\/figcaption>\n\t\t\t\t\t\t\t\t\t\t<\/figure>\n\t\t\t\t\t\t\t\t\t<\/div>\n\t\t\t\t<\/div>\n\t\t\t\t\t<\/div>\n\t\t<\/div>\n\t\t\t\t<div class=\"elementor-column elementor-col-50 elementor-top-column elementor-element elementor-element-22045959\" data-id=\"22045959\" data-element_type=\"column\">\n\t\t\t<div class=\"elementor-widget-wrap elementor-element-populated\">\n\t\t\t\t\t\t<div class=\"elementor-element elementor-element-20a87065 elementor-widget elementor-widget-text-editor\" data-id=\"20a87065\" data-element_type=\"widget\" data-widget_type=\"text-editor.default\">\n\t\t\t\t<div class=\"elementor-widget-container\">\n\t\t\t\t\t\t\t\t\t<p>Klawesynistka i pedagog. W latach 2012-2016 pe\u0142ni\u0142a funkcj\u0119 prodziekana Wydzia\u0142u Instrumentalno-Pedagogicznego w Bia\u0142ymstoku oraz koordynatora Biura Koncertowego. Aktualnie jest kierownikiem Katedry Muzyki Dawnej Uniwersytetu Muzycznego Fryderyka Chopina na stanowisku profesora nadzwyczajnego.<\/p><p>Przez 20 lat by\u0142a cz\u0142onkiem zespo\u0142u muzyki dawnej Il Tempo, specjalizuj\u0105cego si\u0119 w muzyce instrumentalnej i wokalno-instrumentalnej od wczesnego baroku do klasycyzmu. W latach 1991-2017 zwi\u0105zana by\u0142a z Warszawsk\u0105 Oper\u0105 Kameraln\u0105, zar\u00f3wno jako klawesynistka-kameralistka, jak i dyrygent. Tam te\u017c latach 2015 -2017 pe\u0142ni\u0142a funkcj\u0119 Kierownika Artystycznego Opery\/Barok.<\/p><p>Wsp\u00f3\u0142za\u0142o\u017cycielka Stowarzyszenia Mi\u0142o\u015bnik\u00f3w Sztuki Barokowej Dramma per Musica, tw\u00f3rczyni zespo\u0142u Royal Baroque Ensemble. Jest wsp\u00f3\u0142tw\u00f3rczyni\u0105 i Kierownikiem Artystycznym Festiwalu Oper Barokowych Dramma per Musica (obecnie Festiwal Muzyki Dawnej Dramma per Musica), w ramach kt\u00f3rego prowadzi\u0142a jako dyrygent od klawesynu opery: <em>Agrippina<\/em> G. Fr. Haendla (nagrana dla Instytutu Audiowizualnego otrzyma\u0142a nominacj\u0119 do nagrody Koryfeusza w 2015 r.)<em> Orlando<\/em> G. Fr. Haendla (nagrana dla Instytutu Audiowizualnego), <em>Alcina<\/em> G. Fr. Haendla, <em>Farnace<\/em> A. Vivaldiego (nagrana dla Instytutu Audiowizualnego &#8211; nominacja do Nagrody im. Cypriana Kamila Norwida za kierownictwo muzyczne). Autorka audycji <em>Sprezzatura wed\u0142ug Lilianny Stawarz<\/em> prowadzonej w radiowej Dw\u00f3jce (od 2022).<\/p><p>Wa\u017cniejsze p\u0142yty CD:<br \/><em>C. Ph. Bach: F\u00fcr Kenner Und Liebhaber<\/em> (2005, wyd. CD Accord)<br \/><em>G. Fr. Handel: Suity Klawesynowe HWV 426- 433<\/em> (2007, wyd. Pro Musica Camerata)<br \/><em>J.S.Bach: Inwencje i Sinfonie<\/em> (2012, wyd. Polskie Radio)<br \/><em>J.S. Bach: Suity francuskie BWV 812-817<\/em> (2021, wyd. DUX)<\/p><p>www.liliannastawarz.com<br \/>https:\/\/www.polskieradio.pl\/8\/9934 <br \/>https:\/\/drammapermusica.pl\/<\/p>\t\t\t\t\t\t\t\t<\/div>\n\t\t\t\t<\/div>\n\t\t\t\t\t<\/div>\n\t\t<\/div>\n\t\t\t\t\t<\/div>\n\t\t<\/section>\n\t\t\t\t<\/div>\n\t\t","protected":false},"excerpt":{"rendered":"<p>Lilianna Stawarz fot. Anita W\u0105sik-P\u0142oci\u0144ska Klawesynistka i pedagog. W latach 2012-2016 pe\u0142ni\u0142a funkcj\u0119 prodziekana Wydzia\u0142u Instrumentalno-Pedagogicznego w Bia\u0142ymstoku oraz koordynatora Biura Koncertowego. Aktualnie jest kierownikiem&hellip;<\/p>\n","protected":false},"author":1,"featured_media":0,"parent":0,"menu_order":0,"comment_status":"closed","ping_status":"closed","template":"","meta":{"footnotes":""},"class_list":["post-14187","page","type-page","status-publish","hentry"],"_links":{"self":[{"href":"https:\/\/wsm.art.pl\/index.php?rest_route=\/wp\/v2\/pages\/14187","targetHints":{"allow":["GET"]}}],"collection":[{"href":"https:\/\/wsm.art.pl\/index.php?rest_route=\/wp\/v2\/pages"}],"about":[{"href":"https:\/\/wsm.art.pl\/index.php?rest_route=\/wp\/v2\/types\/page"}],"author":[{"embeddable":true,"href":"https:\/\/wsm.art.pl\/index.php?rest_route=\/wp\/v2\/users\/1"}],"replies":[{"embeddable":true,"href":"https:\/\/wsm.art.pl\/index.php?rest_route=%2Fwp%2Fv2%2Fcomments&post=14187"}],"version-history":[{"count":16,"href":"https:\/\/wsm.art.pl\/index.php?rest_route=\/wp\/v2\/pages\/14187\/revisions"}],"predecessor-version":[{"id":15728,"href":"https:\/\/wsm.art.pl\/index.php?rest_route=\/wp\/v2\/pages\/14187\/revisions\/15728"}],"wp:attachment":[{"href":"https:\/\/wsm.art.pl\/index.php?rest_route=%2Fwp%2Fv2%2Fmedia&parent=14187"}],"curies":[{"name":"wp","href":"https:\/\/api.w.org\/{rel}","templated":true}]}}

<div data-elementor-type="wp-page" data-elementor-id="14187" class="elementor elementor-14187">
						<section class="elementor-section elementor-top-section elementor-element elementor-element-8b249b1 elementor-section-boxed elementor-section-height-default elementor-section-height-default" data-id="8b249b1" data-element_type="section">
						<div class="elementor-container elementor-column-gap-default">
					<div class="elementor-column elementor-col-100 elementor-top-column elementor-element elementor-element-1aeb34e" data-id="1aeb34e" data-element_type="column">
			<div class="elementor-widget-wrap elementor-element-populated">
						<div class="elementor-element elementor-element-90cdfe6 elementor-widget elementor-widget-heading" data-id="90cdfe6" data-element_type="widget" data-widget_type="heading.default">
				<div class="elementor-widget-container">
					<h2 class="elementor-heading-title elementor-size-default">Lilianna Stawarz</h2>				</div>
				</div>
					</div>
		</div>
					</div>
		</section>
				<section class="elementor-section elementor-top-section elementor-element elementor-element-208796d2 elementor-section-boxed elementor-section-height-default elementor-section-height-default" data-id="208796d2" data-element_type="section">
						<div class="elementor-container elementor-column-gap-default">
					<div class="elementor-column elementor-col-50 elementor-top-column elementor-element elementor-element-2998c263" data-id="2998c263" data-element_type="column">
			<div class="elementor-widget-wrap elementor-element-populated">
						<div class="elementor-element elementor-element-4f2be069 elementor-widget elementor-widget-image" data-id="4f2be069" data-element_type="widget" data-widget_type="image.default">
				<div class="elementor-widget-container">
												<figure class="wp-caption">
										<img fetchpriority="high" decoding="async" width="768" height="1152" src="https://wsm.art.pl/wp-content/uploads/2024/04/L.Stawarz.fot_.-Anita-Wasik-Plocinska-small-768x1152.jpg" class="attachment-medium_large size-medium_large wp-image-14192" alt="" srcset="https://wsm.art.pl/wp-content/uploads/2024/04/L.Stawarz.fot_.-Anita-Wasik-Plocinska-small-768x1152.jpg 768w, https://wsm.art.pl/wp-content/uploads/2024/04/L.Stawarz.fot_.-Anita-Wasik-Plocinska-small-200x300.jpg 200w, https://wsm.art.pl/wp-content/uploads/2024/04/L.Stawarz.fot_.-Anita-Wasik-Plocinska-small-683x1024.jpg 683w, https://wsm.art.pl/wp-content/uploads/2024/04/L.Stawarz.fot_.-Anita-Wasik-Plocinska-small.jpg 800w" sizes="(max-width: 768px) 100vw, 768px" />											<figcaption class="widget-image-caption wp-caption-text">fot. Anita Wąsik-Płocińska</figcaption>
										</figure>
									</div>
				</div>
					</div>
		</div>
				<div class="elementor-column elementor-col-50 elementor-top-column elementor-element elementor-element-22045959" data-id="22045959" data-element_type="column">
			<div class="elementor-widget-wrap elementor-element-populated">
						<div class="elementor-element elementor-element-20a87065 elementor-widget elementor-widget-text-editor" data-id="20a87065" data-element_type="widget" data-widget_type="text-editor.default">
				<div class="elementor-widget-container">
									<p>Klawesynistka i pedagog. W latach 2012-2016 pełniła funkcję prodziekana Wydziału Instrumentalno-Pedagogicznego w Białymstoku oraz koordynatora Biura Koncertowego. Aktualnie jest kierownikiem Katedry Muzyki Dawnej Uniwersytetu Muzycznego Fryderyka Chopina na stanowisku profesora nadzwyczajnego.</p><p>Przez 20 lat była członkiem zespołu muzyki dawnej Il Tempo, specjalizującego się w muzyce instrumentalnej i wokalno-instrumentalnej od wczesnego baroku do klasycyzmu. W latach 1991-2017 związana była z Warszawską Operą Kameralną, zarówno jako klawesynistka-kameralistka, jak i dyrygent. Tam też latach 2015 -2017 pełniła funkcję Kierownika Artystycznego Opery/Barok.</p><p>Współzałożycielka Stowarzyszenia Miłośników Sztuki Barokowej Dramma per Musica, twórczyni zespołu Royal Baroque Ensemble. Jest współtwórczynią i Kierownikiem Artystycznym Festiwalu Oper Barokowych Dramma per Musica (obecnie Festiwal Muzyki Dawnej Dramma per Musica), w ramach którego prowadziła jako dyrygent od klawesynu opery: <em>Agrippina</em> G. Fr. Haendla (nagrana dla Instytutu Audiowizualnego otrzymała nominację do nagrody Koryfeusza w 2015 r.)<em> Orlando</em> G. Fr. Haendla (nagrana dla Instytutu Audiowizualnego), <em>Alcina</em> G. Fr. Haendla, <em>Farnace</em> A. Vivaldiego (nagrana dla Instytutu Audiowizualnego &#8211; nominacja do Nagrody im. Cypriana Kamila Norwida za kierownictwo muzyczne). Autorka audycji <em>Sprezzatura według Lilianny Stawarz</em> prowadzonej w radiowej Dwójce (od 2022).</p><p>Ważniejsze płyty CD:<br /><em>C. Ph. Bach: Für Kenner Und Liebhaber</em> (2005, wyd. CD Accord)<br /><em>G. Fr. Handel: Suity Klawesynowe HWV 426- 433</em> (2007, wyd. Pro Musica Camerata)<br /><em>J.S.Bach: Inwencje i Sinfonie</em> (2012, wyd. Polskie Radio)<br /><em>J.S. Bach: Suity francuskie BWV 812-817</em> (2021, wyd. DUX)</p><p>www.liliannastawarz.com<br />https://www.polskieradio.pl/8/9934 <br />https://drammapermusica.pl/</p>								</div>
				</div>
					</div>
		</div>
					</div>
		</section>
				</div>

<p>Lilianna Stawarz fot. Anita Wąsik-Płocińska Klawesynistka i pedagog. W latach 2012-2016 pełniła funkcję prodziekana Wydziału Instrumentalno-Pedagogicznego w Białymstoku oraz koordynatora Biura Koncertowego. Aktualnie jest kierownikiem&hellip;</p>
