{"id":13975,"date":"2024-03-28T23:45:49","date_gmt":"2024-03-28T23:45:49","guid":{"rendered":"https:\/\/wsm.art.pl\/?page_id=13975"},"modified":"2024-05-01T11:58:45","modified_gmt":"2024-05-01T11:58:45","slug":"2024-kupczak","status":"publish","type":"page","link":"https:\/\/wsm.art.pl\/?page_id=13975","title":{"rendered":"2024 KUPCZAK S\u0142awomir"},"content":{"rendered":"\t\t<div data-elementor-type=\"wp-page\" data-elementor-id=\"13975\" class=\"elementor elementor-13975\">\n\t\t\t\t\t\t<section class=\"elementor-section elementor-top-section elementor-element elementor-element-8b249b1 elementor-section-boxed elementor-section-height-default elementor-section-height-default\" data-id=\"8b249b1\" data-element_type=\"section\">\n\t\t\t\t\t\t<div class=\"elementor-container elementor-column-gap-default\">\n\t\t\t\t\t<div class=\"elementor-column elementor-col-100 elementor-top-column elementor-element elementor-element-1aeb34e\" data-id=\"1aeb34e\" data-element_type=\"column\">\n\t\t\t<div class=\"elementor-widget-wrap elementor-element-populated\">\n\t\t\t\t\t\t<div class=\"elementor-element elementor-element-90cdfe6 elementor-widget elementor-widget-heading\" data-id=\"90cdfe6\" data-element_type=\"widget\" data-widget_type=\"heading.default\">\n\t\t\t\t<div class=\"elementor-widget-container\">\n\t\t\t\t\t<h2 class=\"elementor-heading-title elementor-size-default\">S\u0142awomir Kupczak<\/h2>\t\t\t\t<\/div>\n\t\t\t\t<\/div>\n\t\t\t\t\t<\/div>\n\t\t<\/div>\n\t\t\t\t\t<\/div>\n\t\t<\/section>\n\t\t\t\t<section class=\"elementor-section elementor-top-section elementor-element elementor-element-d0c7cd3 elementor-section-boxed elementor-section-height-default elementor-section-height-default\" data-id=\"d0c7cd3\" data-element_type=\"section\">\n\t\t\t\t\t\t<div class=\"elementor-container elementor-column-gap-default\">\n\t\t\t\t\t<div class=\"elementor-column elementor-col-50 elementor-top-column elementor-element elementor-element-c53e58c\" data-id=\"c53e58c\" data-element_type=\"column\">\n\t\t\t<div class=\"elementor-widget-wrap elementor-element-populated\">\n\t\t\t\t\t\t<div class=\"elementor-element elementor-element-5f09827 elementor-widget elementor-widget-image\" data-id=\"5f09827\" data-element_type=\"widget\" data-widget_type=\"image.default\">\n\t\t\t\t<div class=\"elementor-widget-container\">\n\t\t\t\t\t\t\t\t\t\t\t\t<figure class=\"wp-caption\">\n\t\t\t\t\t\t\t\t\t\t<img fetchpriority=\"high\" decoding=\"async\" width=\"843\" height=\"562\" src=\"https:\/\/wsm.art.pl\/wp-content\/uploads\/2024\/03\/KUPCZAK-fot.-Bartosz-Barczyk-small-1024x683.jpg\" class=\"attachment-large size-large wp-image-13977\" alt=\"\" srcset=\"https:\/\/wsm.art.pl\/wp-content\/uploads\/2024\/03\/KUPCZAK-fot.-Bartosz-Barczyk-small-1024x683.jpg 1024w, https:\/\/wsm.art.pl\/wp-content\/uploads\/2024\/03\/KUPCZAK-fot.-Bartosz-Barczyk-small-300x200.jpg 300w, https:\/\/wsm.art.pl\/wp-content\/uploads\/2024\/03\/KUPCZAK-fot.-Bartosz-Barczyk-small-768x512.jpg 768w, https:\/\/wsm.art.pl\/wp-content\/uploads\/2024\/03\/KUPCZAK-fot.-Bartosz-Barczyk-small.jpg 1200w\" sizes=\"(max-width: 843px) 100vw, 843px\" \/>\t\t\t\t\t\t\t\t\t\t\t<figcaption class=\"widget-image-caption wp-caption-text\">fot. Bartosz Barczyk<\/figcaption>\n\t\t\t\t\t\t\t\t\t\t<\/figure>\n\t\t\t\t\t\t\t\t\t<\/div>\n\t\t\t\t<\/div>\n\t\t\t\t\t<\/div>\n\t\t<\/div>\n\t\t\t\t<div class=\"elementor-column elementor-col-50 elementor-top-column elementor-element elementor-element-99802b2\" data-id=\"99802b2\" data-element_type=\"column\">\n\t\t\t<div class=\"elementor-widget-wrap\">\n\t\t\t\t\t\t\t<\/div>\n\t\t<\/div>\n\t\t\t\t\t<\/div>\n\t\t<\/section>\n\t\t\t\t<section class=\"elementor-section elementor-top-section elementor-element elementor-element-208796d2 elementor-section-boxed elementor-section-height-default elementor-section-height-default\" data-id=\"208796d2\" data-element_type=\"section\">\n\t\t\t\t\t\t<div class=\"elementor-container elementor-column-gap-default\">\n\t\t\t\t\t<div class=\"elementor-column elementor-col-100 elementor-top-column elementor-element elementor-element-22045959\" data-id=\"22045959\" data-element_type=\"column\">\n\t\t\t<div class=\"elementor-widget-wrap elementor-element-populated\">\n\t\t\t\t\t\t<div class=\"elementor-element elementor-element-20a87065 elementor-widget elementor-widget-text-editor\" data-id=\"20a87065\" data-element_type=\"widget\" data-widget_type=\"text-editor.default\">\n\t\t\t\t<div class=\"elementor-widget-container\">\n\t\t\t\t\t\t\t\t\t<p>Ur. w 1979 we Wroc\u0142awiu, studiowa\u0142 kompozycj\u0119 w Akademii Muzycznej im. K. Lipi\u0144skiego we Wroc\u0142awiu u Jana Antoniego Wichrowskiego oraz kompozycj\u0119 komputerow\u0105 u Cezarego Duchnowskiego. W macierzystej uczelni odby\u0142 ponadto studia podyplomowe w zakresie kompozycji specjalnej (u Stanis\u0142awa Krupowicza), kompozycji komputerowej (u Cezarego Duchnowskiego) oraz muzyki teatralnej i filmowej. Bra\u0142 udzia\u0142 w mi\u0119dzynarodowych kursach dla m\u0142odych kompozytor\u00f3w w Radziejowicach (2000), Gda\u0144sku (2001) i Canterbury (Wielka Brytania, 2006).<\/p><p>Utw\u00f3r <em>Halny<\/em> na elektronik\u0119 i improwizuj\u0105c\u0105 flecistk\u0119 w wykonaniu Ewy Liebchen zosta\u0142 rekomendowany przez 66. Mi\u0119dzynarodow\u0105 Trybun\u0119 Kompozytor\u00f3w (2019), kt\u00f3ra odby\u0142a si\u0119 w San Carlos de Bariloche w Argentynie. W 2006 roku jego utw\u00f3r <em>Anafora VI<\/em> uzyska\u0142 czwart\u0105 lokat\u0119 na 53. Mi\u0119dzynarodowej Trybunie Kompozytor\u00f3w w Pary\u017cu w kategorii m\u0142odych kompozytor\u00f3w. W tym samym roku za utw\u00f3r <em>Anafora VII \u2013 Lament<\/em> otrzyma\u0142 II nagrod\u0119 w 48. Konkursie M\u0142odych Kompozytor\u00f3w im. Tadeusza Bairda organizowanym przez Zarz\u0105d G\u0142\u00f3wny Zwi\u0105zku Kompozytor\u00f3w Polskich. <em>Anafora V<\/em> na wiolonczel\u0119 i komputer reprezentowa\u0142a w 2004 roku Polskie Radio na Mi\u0119dzynarodowej Trybunie Muzyki Elektroakustycznej w Rzymie. Dwa inne utwory kompozytora \u2013 <em>Res Facta<\/em> i <em>4 ta\u0144ce z przygrywk\u0105<\/em> \u2013 w 2015 roku reprezentowa\u0142y Polskie Radio w III edycji konkursu Palma Ars Acustica w Berlinie. W maju 2015 roku odby\u0142a si\u0119 premiera jego opery kameralnej <em>Voyager<\/em> w re\u017cyserii Micha\u0142a Borczucha, napisanej na zam\u00f3wienie Teatru Wielkiego \u2013 Opery Narodowej w Warszawie.<\/p><p>S\u0142awomir Kupczak jest tw\u00f3rc\u0105 muzyki solowej, kameralnej, symfonicznej, elektroakustycznej, teatralnej (do przedstawie\u0144 w re\u017cyserii Krzysztofa Rekowskiego, Damiana Josefa Necia, Marii Spiss, Piotra J\u0119drzejasa, Jakuba Porcariego, Krzysztofa Globisza i Paw\u0142a Passiniego) i filmowej. Pisa\u0142 na zam\u00f3wienie festiwali m.in.: Warszawskiej Jesieni, Sacrum Profanum, Polskiego Towarzystwa Muzyki Wsp\u00f3\u0142czesnej, \u015awiatowych Dni Muzyki MTMW we Wroc\u0142awiu, Musica Electronica Nova i Musica Polonica Nova, Laboratorium My\u015bli Muzycznej, zespo\u0142u NeoQuartet, Fundacji 4.99, Pa\u0144stwowej Wy\u017cszej Szko\u0142y Teatralnej im. L. Solskiego w Krakowie, Stowarzyszenia Turning Sounds, Filharmonii \u0141\u00f3dzkiej im. A. Rubinsteina, Brand New Music Festival, Fundacji Przyjaci\u00f3\u0142 Warszawskiej Jesieni (przy wsparciu finansowym Ernst von Siemens Musikstiftung), Studia Eksperymentalnego Polskiego Radia, Programu 2 Polskiego Radia, Narodowej Orkiestry Symfonicznej Polskiego Radia, Ch\u00f3ru Polskiego Radia. Jego utwory by\u0142y wykonywane na najwa\u017cniejszych festiwalach w Polsce i za granic\u0105, takich jak Warszawska Jesie\u0144, Sacrum Profanum (w ramach koncertu monograficznego), Pozna\u0144ska Wiosna Muzyczna, Festiwal Prawykona\u0144, Kontrasty (Ukraina), International Actual Music Festival The Other Space w Moskwie, Ohren auf Europa \u2013 Biennale der Neuen Musik w D\u00fcsseldorfie, Festiwal Muzyki Polskiej i Audio Art Festival w Krakowie i Warszawie, Warszawskie Spotkania Muzyczne, Aksamitna Kurtyna we Lwowie, Synth\u00e8se w Bourges, Polska!Year w Wielkiej Brytanii, Sonorites Festival w Belfa\u015bcie i Prix Italia, Festivalis Druskomanija w Wilnie, International Chamber Music Festival of the Central Conservatory of Music w Chinach, Live Cinema Festival w Rzymie.<\/p><p>W latach 2004 -\u00ad 2018 by\u0142 nauczycielem w Pa\u0144stwowej Szkole Muzycznej I i II st. im. S. Moniuszki w Jeleniej G\u00f3rze, prowadzi\u0142 Szkoln\u0105 Orkiestr\u0119 Symfoniczn\u0105 oraz zaj\u0119cia z kszta\u0142cenia s\u0142uchu, harmonii i podstaw aran\u017cacji, a tak\u017ce \u0107wiczenia z kompozycji.<\/p>\t\t\t\t\t\t\t\t<\/div>\n\t\t\t\t<\/div>\n\t\t\t\t\t<\/div>\n\t\t<\/div>\n\t\t\t\t\t<\/div>\n\t\t<\/section>\n\t\t\t\t<\/div>\n\t\t","protected":false},"excerpt":{"rendered":"<p>S\u0142awomir Kupczak fot. Bartosz Barczyk Ur. w 1979 we Wroc\u0142awiu, studiowa\u0142 kompozycj\u0119 w Akademii Muzycznej im. K. Lipi\u0144skiego we Wroc\u0142awiu u Jana Antoniego Wichrowskiego oraz&hellip;<\/p>\n","protected":false},"author":1,"featured_media":0,"parent":0,"menu_order":0,"comment_status":"closed","ping_status":"closed","template":"","meta":{"footnotes":""},"class_list":["post-13975","page","type-page","status-publish","hentry"],"_links":{"self":[{"href":"https:\/\/wsm.art.pl\/index.php?rest_route=\/wp\/v2\/pages\/13975","targetHints":{"allow":["GET"]}}],"collection":[{"href":"https:\/\/wsm.art.pl\/index.php?rest_route=\/wp\/v2\/pages"}],"about":[{"href":"https:\/\/wsm.art.pl\/index.php?rest_route=\/wp\/v2\/types\/page"}],"author":[{"embeddable":true,"href":"https:\/\/wsm.art.pl\/index.php?rest_route=\/wp\/v2\/users\/1"}],"replies":[{"embeddable":true,"href":"https:\/\/wsm.art.pl\/index.php?rest_route=%2Fwp%2Fv2%2Fcomments&post=13975"}],"version-history":[{"count":13,"href":"https:\/\/wsm.art.pl\/index.php?rest_route=\/wp\/v2\/pages\/13975\/revisions"}],"predecessor-version":[{"id":15771,"href":"https:\/\/wsm.art.pl\/index.php?rest_route=\/wp\/v2\/pages\/13975\/revisions\/15771"}],"wp:attachment":[{"href":"https:\/\/wsm.art.pl\/index.php?rest_route=%2Fwp%2Fv2%2Fmedia&parent=13975"}],"curies":[{"name":"wp","href":"https:\/\/api.w.org\/{rel}","templated":true}]}}

2024 KUPCZAK Sławomir

<div data-elementor-type="wp-page" data-elementor-id="13975" class="elementor elementor-13975">
						<section class="elementor-section elementor-top-section elementor-element elementor-element-8b249b1 elementor-section-boxed elementor-section-height-default elementor-section-height-default" data-id="8b249b1" data-element_type="section">
						<div class="elementor-container elementor-column-gap-default">
					<div class="elementor-column elementor-col-100 elementor-top-column elementor-element elementor-element-1aeb34e" data-id="1aeb34e" data-element_type="column">
			<div class="elementor-widget-wrap elementor-element-populated">
						<div class="elementor-element elementor-element-90cdfe6 elementor-widget elementor-widget-heading" data-id="90cdfe6" data-element_type="widget" data-widget_type="heading.default">
				<div class="elementor-widget-container">
					<h2 class="elementor-heading-title elementor-size-default">Sławomir Kupczak</h2>				</div>
				</div>
					</div>
		</div>
					</div>
		</section>
				<section class="elementor-section elementor-top-section elementor-element elementor-element-d0c7cd3 elementor-section-boxed elementor-section-height-default elementor-section-height-default" data-id="d0c7cd3" data-element_type="section">
						<div class="elementor-container elementor-column-gap-default">
					<div class="elementor-column elementor-col-50 elementor-top-column elementor-element elementor-element-c53e58c" data-id="c53e58c" data-element_type="column">
			<div class="elementor-widget-wrap elementor-element-populated">
						<div class="elementor-element elementor-element-5f09827 elementor-widget elementor-widget-image" data-id="5f09827" data-element_type="widget" data-widget_type="image.default">
				<div class="elementor-widget-container">
												<figure class="wp-caption">
										<img fetchpriority="high" decoding="async" width="843" height="562" src="https://wsm.art.pl/wp-content/uploads/2024/03/KUPCZAK-fot.-Bartosz-Barczyk-small-1024x683.jpg" class="attachment-large size-large wp-image-13977" alt="" srcset="https://wsm.art.pl/wp-content/uploads/2024/03/KUPCZAK-fot.-Bartosz-Barczyk-small-1024x683.jpg 1024w, https://wsm.art.pl/wp-content/uploads/2024/03/KUPCZAK-fot.-Bartosz-Barczyk-small-300x200.jpg 300w, https://wsm.art.pl/wp-content/uploads/2024/03/KUPCZAK-fot.-Bartosz-Barczyk-small-768x512.jpg 768w, https://wsm.art.pl/wp-content/uploads/2024/03/KUPCZAK-fot.-Bartosz-Barczyk-small.jpg 1200w" sizes="(max-width: 843px) 100vw, 843px" />											<figcaption class="widget-image-caption wp-caption-text">fot. Bartosz Barczyk</figcaption>
										</figure>
									</div>
				</div>
					</div>
		</div>
				<div class="elementor-column elementor-col-50 elementor-top-column elementor-element elementor-element-99802b2" data-id="99802b2" data-element_type="column">
			<div class="elementor-widget-wrap">
							</div>
		</div>
					</div>
		</section>
				<section class="elementor-section elementor-top-section elementor-element elementor-element-208796d2 elementor-section-boxed elementor-section-height-default elementor-section-height-default" data-id="208796d2" data-element_type="section">
						<div class="elementor-container elementor-column-gap-default">
					<div class="elementor-column elementor-col-100 elementor-top-column elementor-element elementor-element-22045959" data-id="22045959" data-element_type="column">
			<div class="elementor-widget-wrap elementor-element-populated">
						<div class="elementor-element elementor-element-20a87065 elementor-widget elementor-widget-text-editor" data-id="20a87065" data-element_type="widget" data-widget_type="text-editor.default">
				<div class="elementor-widget-container">
									<p>Ur. w 1979 we Wrocławiu, studiował kompozycję w Akademii Muzycznej im. K. Lipińskiego we Wrocławiu u Jana Antoniego Wichrowskiego oraz kompozycję komputerową u Cezarego Duchnowskiego. W macierzystej uczelni odbył ponadto studia podyplomowe w zakresie kompozycji specjalnej (u Stanisława Krupowicza), kompozycji komputerowej (u Cezarego Duchnowskiego) oraz muzyki teatralnej i filmowej. Brał udział w międzynarodowych kursach dla młodych kompozytorów w Radziejowicach (2000), Gdańsku (2001) i Canterbury (Wielka Brytania, 2006).</p><p>Utwór <em>Halny</em> na elektronikę i improwizującą flecistkę w wykonaniu Ewy Liebchen został rekomendowany przez 66. Międzynarodową Trybunę Kompozytorów (2019), która odbyła się w San Carlos de Bariloche w Argentynie. W 2006 roku jego utwór <em>Anafora VI</em> uzyskał czwartą lokatę na 53. Międzynarodowej Trybunie Kompozytorów w Paryżu w kategorii młodych kompozytorów. W tym samym roku za utwór <em>Anafora VII – Lament</em> otrzymał II nagrodę w 48. Konkursie Młodych Kompozytorów im. Tadeusza Bairda organizowanym przez Zarząd Główny Związku Kompozytorów Polskich. <em>Anafora V</em> na wiolonczelę i komputer reprezentowała w 2004 roku Polskie Radio na Międzynarodowej Trybunie Muzyki Elektroakustycznej w Rzymie. Dwa inne utwory kompozytora – <em>Res Facta</em> i <em>4 tańce z przygrywką</em> – w 2015 roku reprezentowały Polskie Radio w III edycji konkursu Palma Ars Acustica w Berlinie. W maju 2015 roku odbyła się premiera jego opery kameralnej <em>Voyager</em> w reżyserii Michała Borczucha, napisanej na zamówienie Teatru Wielkiego – Opery Narodowej w Warszawie.</p><p>Sławomir Kupczak jest twórcą muzyki solowej, kameralnej, symfonicznej, elektroakustycznej, teatralnej (do przedstawień w reżyserii Krzysztofa Rekowskiego, Damiana Josefa Necia, Marii Spiss, Piotra Jędrzejasa, Jakuba Porcariego, Krzysztofa Globisza i Pawła Passiniego) i filmowej. Pisał na zamówienie festiwali m.in.: Warszawskiej Jesieni, Sacrum Profanum, Polskiego Towarzystwa Muzyki Współczesnej, Światowych Dni Muzyki MTMW we Wrocławiu, Musica Electronica Nova i Musica Polonica Nova, Laboratorium Myśli Muzycznej, zespołu NeoQuartet, Fundacji 4.99, Państwowej Wyższej Szkoły Teatralnej im. L. Solskiego w Krakowie, Stowarzyszenia Turning Sounds, Filharmonii Łódzkiej im. A. Rubinsteina, Brand New Music Festival, Fundacji Przyjaciół Warszawskiej Jesieni (przy wsparciu finansowym Ernst von Siemens Musikstiftung), Studia Eksperymentalnego Polskiego Radia, Programu 2 Polskiego Radia, Narodowej Orkiestry Symfonicznej Polskiego Radia, Chóru Polskiego Radia. Jego utwory były wykonywane na najważniejszych festiwalach w Polsce i za granicą, takich jak Warszawska Jesień, Sacrum Profanum (w ramach koncertu monograficznego), Poznańska Wiosna Muzyczna, Festiwal Prawykonań, Kontrasty (Ukraina), International Actual Music Festival The Other Space w Moskwie, Ohren auf Europa – Biennale der Neuen Musik w Düsseldorfie, Festiwal Muzyki Polskiej i Audio Art Festival w Krakowie i Warszawie, Warszawskie Spotkania Muzyczne, Aksamitna Kurtyna we Lwowie, Synthèse w Bourges, Polska!Year w Wielkiej Brytanii, Sonorites Festival w Belfaście i Prix Italia, Festivalis Druskomanija w Wilnie, International Chamber Music Festival of the Central Conservatory of Music w Chinach, Live Cinema Festival w Rzymie.</p><p>W latach 2004 -­ 2018 był nauczycielem w Państwowej Szkole Muzycznej I i II st. im. S. Moniuszki w Jeleniej Górze, prowadził Szkolną Orkiestrę Symfoniczną oraz zajęcia z kształcenia słuchu, harmonii i podstaw aranżacji, a także ćwiczenia z kompozycji.</p>								</div>
				</div>
					</div>
		</div>
					</div>
		</section>
				</div>

<p>Sławomir Kupczak fot. Bartosz Barczyk Ur. w 1979 we Wrocławiu, studiował kompozycję w Akademii Muzycznej im. K. Lipińskiego we Wrocławiu u Jana Antoniego Wichrowskiego oraz&hellip;</p>
