{"id":13825,"date":"2024-03-23T20:58:12","date_gmt":"2024-03-23T20:58:12","guid":{"rendered":"https:\/\/wsm.art.pl\/?page_id=13825"},"modified":"2026-05-02T12:41:20","modified_gmt":"2026-05-02T12:41:20","slug":"2024-program","status":"publish","type":"page","link":"https:\/\/wsm.art.pl\/?page_id=13825","title":{"rendered":"PROGRAM"},"content":{"rendered":"\t\t<div data-elementor-type=\"wp-page\" data-elementor-id=\"13825\" class=\"elementor elementor-13825\">\n\t\t\t\t\t\t<section class=\"elementor-section elementor-top-section elementor-element elementor-element-725a404 elementor-section-boxed elementor-section-height-default elementor-section-height-default\" data-id=\"725a404\" data-element_type=\"section\">\n\t\t\t\t\t\t<div class=\"elementor-container elementor-column-gap-default\">\n\t\t\t\t\t<div class=\"elementor-column elementor-col-50 elementor-top-column elementor-element elementor-element-dc213fa\" data-id=\"dc213fa\" data-element_type=\"column\">\n\t\t\t<div class=\"elementor-widget-wrap elementor-element-populated\">\n\t\t\t\t\t\t<div class=\"elementor-element elementor-element-6282530 elementor-widget elementor-widget-heading\" data-id=\"6282530\" data-element_type=\"widget\" data-widget_type=\"heading.default\">\n\t\t\t\t<div class=\"elementor-widget-container\">\n\t\t\t\t\t<h2 class=\"elementor-heading-title elementor-size-default\">Program 2026<\/h2>\t\t\t\t<\/div>\n\t\t\t\t<\/div>\n\t\t\t\t<div class=\"elementor-element elementor-element-646c4be elementor-widget elementor-widget-heading\" data-id=\"646c4be\" data-element_type=\"widget\" data-widget_type=\"heading.default\">\n\t\t\t\t<div class=\"elementor-widget-container\">\n\t\t\t\t\t<h2 class=\"elementor-heading-title elementor-size-default\">na wszystkie wydarzenia wst\u0119p wolny<\/h2>\t\t\t\t<\/div>\n\t\t\t\t<\/div>\n\t\t\t\t<div class=\"elementor-element elementor-element-f546521 elementor-widget__width-inherit elementor-widget elementor-widget-text-editor\" data-id=\"f546521\" data-element_type=\"widget\" data-widget_type=\"text-editor.default\">\n\t\t\t\t<div class=\"elementor-widget-container\">\n\t\t\t\t\t\t\t\t\t<p><br \/><strong><span style=\"text-decoration-line: underline;\">poniedzia\u0142ek<\/span><\/strong><span style=\"font-weight: bolder;\"><span style=\"text-decoration-line: underline;\"><strong>\u00a0<\/strong>18 maja godz. 19:00<\/span><\/span><br \/>Muzeum \u0141azienki Kr\u00f3lewskie, Teatr Kr\u00f3lewski w Starej Oran\u017cerii, ul. Agrykola 1<br \/><span style=\"font-weight: bolder;\">INNE SPOJRZENIE<\/span><br \/><em>Z Hammondem przez wieki \u2013 muzyka dawna, muzyka nowa<\/em><\/p>\t\t\t\t\t\t\t\t<\/div>\n\t\t\t\t<\/div>\n\t\t\t\t<div class=\"elementor-element elementor-element-d09662c elementor-widget__width-inherit elementor-widget elementor-widget-text-editor\" data-id=\"d09662c\" data-element_type=\"widget\" data-widget_type=\"text-editor.default\">\n\t\t\t\t<div class=\"elementor-widget-container\">\n\t\t\t\t\t\t\t\t\t<div><span style=\"font-weight: bolder;\">\u0141ukasz D\u0142ugosz<\/span>\u00a0\u2013 flet<\/div><div><p><span style=\"font-weight: bolder;\">Marek Toporowski<\/span> \u2013 organy Hammonda<br \/><br \/><span style=\"text-decoration-line: underline;\">program<br \/><\/span><span style=\"font-weight: bolder;\">Antonio Vivaldi<\/span> (1678-1741):<br \/>Koncert na flet i organy Hammonda op. 10 <em>Il Gardellino<\/em><\/p><\/div><div><p><em>VI Concerti a Flauto traverso\u2026 Opera Decima<\/em> (wyd. Amsterdam 1729)<br \/><em>\u2013 Allegro<\/em><br \/><em>\u2013 Cantabile<\/em><br \/><em>\u2013 Allegro<\/em><br \/><span style=\"font-weight: bolder;\">Ryszard Borowski<\/span>\u00a0\u2013\u00a0<em>Blues i Tango dla Marka<\/em>\u00a0na organy solo (2026)*<br \/><span style=\"font-weight: bolder;\">Pawe\u0142 \u0141ukaszewski<\/span> \u2013 <em>Arioso<\/em> na flet i organy (2014)<br \/><span style=\"font-weight: bolder;\">Gabriel Faur\u00e9<\/span> (1845-1924) \u2013 <em>Apr\u00e8s un r\u00eave<\/em>\u00a0op. 7 (1877)<br \/><span style=\"font-weight: bolder;\">Karol Szymanowski<\/span>\u00a0(1882-1937) \u2013 <em>Pie\u015b\u0144 kurpiowska<\/em> op. 58 (1930-32)<br \/><span style=\"font-weight: bolder;\">Ryszard Borowski<\/span>\u00a0\u2013\u00a0<em>Wariacje Postgoldbergowskie<\/em>\u00a0\u2013 fragmenty cyklu na organy solo (2025)<br \/><span style=\"font-weight: bolder;\">Johannes Donjon<\/span> (1839-1912) <em>\u2013 Pan!<\/em> Pastorale Nr 1 (1892)<br \/><strong>Albert W.Ket\u00e8lbey<\/strong> (1875-1959) \u2013 <em>In a Chinese Temple Garden<\/em> Oriental Phantasy (1923) <br \/><strong>Johannes Donjon<\/strong> (1839-1912) \u2013 <em>Rossignolet<\/em> op. 8 ze zbioru <em>4 Pi\u00e8ces charact\u00e9ristiques<\/em> (ok. 1879)<br \/><strong>Marek Toporowski<\/strong> \u2013 <em>Hayducki, Szewczyk<\/em> z cyklu <em>Impresje lubelskie<\/em> (2025)*<br \/><strong>Wojciech Kilar<\/strong> (1932-2013) \u2013 <em>Wokaliza<\/em> z filmu <em>Dziewi\u0105te wrota<\/em> (re\u017c. Roman Pola\u0144ski \u2013 1999)<br \/><strong>tradycyjne utwory gospel<\/strong>: <em>Go down Moses<\/em>, <em>Down by the Riverside<\/em><br \/><strong>Ignacy Feliks Dobrzy\u0144ski<\/strong> (1807-1867) \u2013 <em>Introduction et Variations non difficiles na temat Mazurka 3 Maja<\/em> op. 18 (1831)<\/p><\/div>\t\t\t\t\t\t\t\t<\/div>\n\t\t\t\t<\/div>\n\t\t\t\t<div class=\"elementor-element elementor-element-8c6a79b elementor-widget__width-inherit elementor-widget elementor-widget-text-editor\" data-id=\"8c6a79b\" data-element_type=\"widget\" data-widget_type=\"text-editor.default\">\n\t\t\t\t<div class=\"elementor-widget-container\">\n\t\t\t\t\t\t\t\t\t<p><br \/><span style=\"text-decoration-line: underline;\"><span style=\"font-weight: bolder;\">wtorek 19 maja godz. 19:00<\/span><\/span><br \/>Studio Koncertowe PR im. Witolda Lutos\u0142awskiego, ul. Modzelewskiego 59<br \/><span style=\"font-weight: bolder;\">ENSEMBLE VIA NOVA<\/span><br \/><em>Polsko \u2013 niemiecki projekt koncertowy<\/em><\/p>\t\t\t\t\t\t\t\t<\/div>\n\t\t\t\t<\/div>\n\t\t\t\t<div class=\"elementor-element elementor-element-43a6fd1 elementor-widget__width-inherit elementor-widget elementor-widget-text-editor\" data-id=\"43a6fd1\" data-element_type=\"widget\" data-widget_type=\"text-editor.default\">\n\t\t\t\t<div class=\"elementor-widget-container\">\n\t\t\t\t\t\t\t\t\t<p><strong>Ensemble Via Nova<\/strong> w sk\u0142adzie:<br \/><strong>Marianna Sch\u00fcrmann <\/strong>\u2013 flet<br \/><strong>Moritz Schneidewendt<\/strong> \u2013 klarnet<br \/><strong>Nikita Geller<\/strong> \u2013 skrzypce<br \/><strong>Daniel Guti\u00e9rrez<\/strong> \u2013 wiolonczela<br \/><strong>Ne\u017ea Torkar<\/strong> \u2013 akordeon<br \/><br \/><span style=\"text-decoration-line: underline;\">program:<\/span><br \/><strong>Piotr Komorowski<\/strong> \u2013 <em>Bagatela<\/em> (2026)<br \/><strong>Marta Kowalczuk<\/strong> \u2013 <em>Birke<\/em> (2024)<br \/><strong>\u017baneta Rydzewska<\/strong> \u2013 <em>Le Petit Scandale<\/em> (2023)<br \/><strong>Helmut Zapf<\/strong> \u2013 <em>un modello sonoro<\/em> (2025)<br \/><strong>Jacek Domagala<\/strong> \u2013 <em>Nocturne<\/em> (2025)<br \/><strong>S\u0142awomir Czarnecki<\/strong> \u2013 <em>Divertimento Ascaucalis<\/em> (2026)<br \/><strong>Tianwei Zhu<\/strong> \u2013 <em>Rissige Stille<\/em> (2026)<br \/><strong>Johannes K. Hildebrandt<\/strong> \u2013 <em>F\u00fcnf<\/em> (2017)<\/p>\t\t\t\t\t\t\t\t<\/div>\n\t\t\t\t<\/div>\n\t\t\t\t<div class=\"elementor-element elementor-element-ecd4a83 elementor-widget__width-inherit elementor-widget elementor-widget-text-editor\" data-id=\"ecd4a83\" data-element_type=\"widget\" data-widget_type=\"text-editor.default\">\n\t\t\t\t<div class=\"elementor-widget-container\">\n\t\t\t\t\t\t\t\t\t<p><br \/><span style=\"font-weight: bolder;\"><span style=\"text-decoration-line: underline;\">\u015broda 20 maja godz. 19:00<\/span><\/span><\/p><div>Studio Koncertowe PR im. Witolda Lutos\u0142awskiego, ul. Modzelewskiego 59<\/div><div><span style=\"font-weight: bolder;\">DWA JUBILEUSZE<\/span><\/div><div><em>Camerata Vistula \u2013 koncert w 40-t\u0105 rocznic\u0119 zespo\u0142u<\/em><\/div>\t\t\t\t\t\t\t\t<\/div>\n\t\t\t\t<\/div>\n\t\t\t\t<div class=\"elementor-element elementor-element-0b853fe elementor-widget__width-inherit elementor-widget elementor-widget-text-editor\" data-id=\"0b853fe\" data-element_type=\"widget\" data-widget_type=\"text-editor.default\">\n\t\t\t\t<div class=\"elementor-widget-container\">\n\t\t\t\t\t\t\t\t\t<div><strong>Anna Wr\u00f3bel<\/strong> \u2013 wiolonczela<\/div><div>Zesp\u00f3\u0142 <strong>Camerata Vistula<\/strong> w sk\u0142adzie:<\/div><div><strong>Andrzej G\u0119bski<\/strong> \u2013 skrzypce<\/div><div><strong>Gwidon Ci\u0119\u017carek<\/strong> \u2013 skrzypce<\/div><div><strong>Marta G\u0119bska-Wierci\u0144ska<\/strong> \u2013 skrzypce<\/div><div><strong>Izabela B\u0142awat-Leofreddi<\/strong> \u2013 skrzypce<\/div><div><strong>Ma\u0142gorzata Makarewicz<\/strong> \u2013 skrzypce<\/div><div><strong>Grzegorz Chmielewski<\/strong> \u2013 alt\u00f3wka<\/div><div><strong>El\u017cbieta Piwkowska<\/strong> \u2013 wiolonczela<\/div><div><strong>Andrzej Wr\u00f3bel<\/strong> \u2013 wiolonczela, kierownictwo artystyczne<\/div><div><strong>Rados\u0142aw Nur<\/strong> \u2013 kontrabas<\/div><div><strong>Robert Nalewajka<\/strong> \u2013 flet<\/div><div><strong>Przemys\u0142aw Nalewajka<\/strong> \u2013 ob\u00f3j<\/div><div><strong>Adrian Janda<\/strong> \u2013 klarnet<\/div><div><strong>Antoni D\u0105browski<\/strong> \u2013 fagot<\/div><div><strong>\u0141ukasz Pod\u0142ucki<\/strong> \u2013 waltornia<\/div><div><strong>Monika Szczeci\u0144sk<\/strong>a \u2013 perkusja<\/div><div><strong>Jerzy Maciejewski<\/strong> \u2013 fortepian<\/div><div>\u00a0<\/div><div><span style=\"text-decoration: underline;\">program:<\/span><br \/><strong>W\u0142adys\u0142aw S\u0142owi\u0144ski<\/strong> (1930-2024) \u2013 <em>Kwintet na instrumenty d\u0119te<\/em> (1956-57)<\/div><div><strong>Henryk Czy\u017c<\/strong> (1923-2003) \u2013 <em>Divertimento<\/em> (1977, pierwsza wersja 1947)<\/div><div><em>&#8211; Allegro grazioso<\/em><\/div><div><em>&#8211; Andante quasi allegretto<\/em><\/div><div><em>&#8211; Scherzo Vivo<\/em><\/div><div><em>&#8211; Vivace<\/em><\/div><div><strong>Pawe\u0142 Buczy\u0144ski<\/strong> (1953-2015) \u2013 <em>Pezzo per passero<\/em> (1987)<\/div><div><strong>Maria Pokrzywi\u0144ska<\/strong> \u2013 <em>Passacaglia a otto per archi<\/em> (2008)<\/div><div><strong>Piotr Wr\u00f3bel<\/strong> \u2013 <em>Fantazja wenezuelska \u201eMoliendo cafe\u201d<\/em>\u00a0(2007)<\/div><div><strong>Piotr Moss<\/strong> \u2013 <em>5 humoresek<\/em> (1993)<\/div><div><em>&#8211; Allegro<\/em><\/div><div><em>&#8211; Andante<\/em><\/div><div><em>&#8211; Vivace<\/em><\/div><div><em>&#8211; Valse<\/em><\/div><div><p><em>&#8211; Vivace<\/em><\/p><\/div>\t\t\t\t\t\t\t\t<\/div>\n\t\t\t\t<\/div>\n\t\t\t\t<div class=\"elementor-element elementor-element-237b5e2 elementor-widget__width-inherit elementor-widget elementor-widget-text-editor\" data-id=\"237b5e2\" data-element_type=\"widget\" data-widget_type=\"text-editor.default\">\n\t\t\t\t<div class=\"elementor-widget-container\">\n\t\t\t\t\t\t\t\t\t<div><br \/><p><span style=\"text-decoration-line: underline;\"><strong>czwartek 21 maja godz. 15:30 &#8211; 21:00<\/strong><\/span><\/p><\/div><div>Uniwersytet Muzyczny Fryderyka Chopina, ul. Ok\u00f3lnik 2 \u2013 Sala Senatu im. I.J. Paderewskiego<\/div><div><strong>40-LECIE SZKIE\u0141KIEM I OKIEM<\/strong><\/div><div><em>Laboratorium Teorii Muzyki<\/em><\/div>\t\t\t\t\t\t\t\t<\/div>\n\t\t\t\t<\/div>\n\t\t\t\t<div class=\"elementor-element elementor-element-1c1f996 elementor-widget__width-inherit elementor-widget elementor-widget-text-editor\" data-id=\"1c1f996\" data-element_type=\"widget\" data-widget_type=\"text-editor.default\">\n\t\t\t\t<div class=\"elementor-widget-container\">\n\t\t\t\t\t\t\t\t\t<div>opieka naukowa i organizacyjna:<\/div><div>dr <strong>Aleksandra Bili\u0144ska<\/strong><\/div><div>dr hab. <strong>Iwona \u015awidnicka<\/strong><\/div><div>\u00a0<\/div><div><span style=\"text-decoration-line: underline;\">program:<\/span><\/div><div>\u2013 <strong>15.30<\/strong> wyk\u0142ady i prelekcje pedagog\u00f3w i student\u00f3w UMFC<\/div><div>\u2013 <strong>18.00<\/strong> panel dyskusyjny wok\u00f3\u0142 Jubileuszu Festiwalu<\/div>\t\t\t\t\t\t\t\t<\/div>\n\t\t\t\t<\/div>\n\t\t\t\t<div class=\"elementor-element elementor-element-365a847 elementor-widget__width-inherit elementor-widget elementor-widget-text-editor\" data-id=\"365a847\" data-element_type=\"widget\" data-widget_type=\"text-editor.default\">\n\t\t\t\t<div class=\"elementor-widget-container\">\n\t\t\t\t\t\t\t\t\t<div><br \/><span style=\"text-decoration-line: underline;\"><strong>pi\u0105tek 22 maja godz. 19:00<\/strong><\/span><\/div><div><p>PROM Kultury Saska K\u0119pa, ul. Brukselska 23<\/p><div><strong>WSP\u00d3LNOTA BRZMIE\u0143<\/strong><\/div><div><em>Mn\u00f3stwo klarnet\u00f3w, rejestr\u00f3w i piszcza\u0142ek<\/em><\/div><\/div>\t\t\t\t\t\t\t\t<\/div>\n\t\t\t\t<\/div>\n\t\t\t\t<div class=\"elementor-element elementor-element-5d128c2 elementor-widget__width-inherit elementor-widget elementor-widget-text-editor\" data-id=\"5d128c2\" data-element_type=\"widget\" data-widget_type=\"text-editor.default\">\n\t\t\t\t<div class=\"elementor-widget-container\">\n\t\t\t\t\t\t\t\t\t<div><strong>Julian Paprocki<\/strong> \u2013 klarnet, klarnet basowy, klarnet kontrabasowy<\/div><div><strong>Mateusz Stankiewicz<\/strong> \u2013 akordeon<\/div><div>\u00a0<\/div><div><span style=\"text-decoration-line: underline;\">program:<\/span><\/div><div><strong>Julian Paprocki<\/strong> \u2013 <em>\u00c9rinyes<\/em> na klarnet solo (2018)<\/div><div><strong>Miko\u0142aj Majkusiak<\/strong> \u2013 <em>Kaprys nr 2<\/em> na akordeon solo (2008)<\/div><div><strong>Marcin Piotr \u0141opacki<\/strong> \u2013 <em>Duo Sonata<\/em> op. 96 na akordeon solo (2024)*<\/div><div><strong>Andrzej Dobrowolski<\/strong> (1921-1990) \u2013 <em>Muzyka na ta\u015bm\u0119 magnetofonow\u0105 i klarnet basowy<\/em> (1980)<br \/><strong>Zygmunt Krauze<\/strong> \u2013 <em>Portret kochanki<\/em> na akordeon solo (2018)<\/div><div><strong>Andrzej Kara\u0142ow<\/strong> \u2013 <em>Sun Chants<\/em> na klarnet, klarnet basowy i akordeon (2017)<\/div><div><strong>Zbigniew Bagi\u0144ski<\/strong> (1949-2024) \u2013 <em>Accord-Dance<\/em> na klarnet i akordeon (2008)<\/div><div><strong>Julia Marczuk<\/strong> \u2013 <em>Sunspots<\/em> na akordeon solo (2026)*<\/div><div><strong>Gyorgi Ligeti<\/strong> (1923-2006) \u2013 <em>Hungarian Rock<\/em> (wersja na akordeon solo) (1978)<\/div><div><strong>Wojciech B\u0142a\u017cejczyk<\/strong> \u2013 <em>Contrails<\/em> na klarnet kontrabasowy i elektronik\u0119 (2023)<\/div><div><strong>Kirsten Milenko<\/strong> \u2013 <em>Somniare<\/em> na klarnet i akordeon (2017)<\/div><div><strong>Mateusz \u015amigasiewicz<\/strong> \u2013 <em>only the cold wind remains<\/em> na klarnet basowy i akordeon (2026)*<\/div>\t\t\t\t\t\t\t\t<\/div>\n\t\t\t\t<\/div>\n\t\t\t\t<div class=\"elementor-element elementor-element-8484699 elementor-widget__width-inherit elementor-widget elementor-widget-text-editor\" data-id=\"8484699\" data-element_type=\"widget\" data-widget_type=\"text-editor.default\">\n\t\t\t\t<div class=\"elementor-widget-container\">\n\t\t\t\t\t\t\t\t\t<div><br \/><p><span style=\"text-decoration: underline;\"><strong>niedziela 24 maja godz. 12.00<\/strong><\/span><\/p><\/div><div>PROM Kultury Saska K\u0119pa, ul. Brukselska 23<\/div><div><strong>INSTRUMENTY Z DUSZ\u0104<\/strong><\/div><div><em>Koncert i warsztaty muzyki dawnej dla dzieci<\/em><\/div>\t\t\t\t\t\t\t\t<\/div>\n\t\t\t\t<\/div>\n\t\t\t\t<div class=\"elementor-element elementor-element-f2b41ed elementor-widget__width-inherit elementor-widget elementor-widget-text-editor\" data-id=\"f2b41ed\" data-element_type=\"widget\" data-widget_type=\"text-editor.default\">\n\t\t\t\t<div class=\"elementor-widget-container\">\n\t\t\t\t\t\t\t\t\t<div><strong>Anna \u015aliwa<\/strong> \u2013 fidel, pochette, lira da braccio, viola d\u2019amore, skrzypce barokowe<\/div><div><strong>Lilianna Stawarz<\/strong> \u2013 klawesyn<\/div><div>\u00a0<\/div><div><span style=\"text-decoration-line: underline;\">program:<\/span><\/div><div><strong>Krzysztof Szwajgier<\/strong> \u2013 <em>Wariacje \u201eSchiarazula Marazula\u201d<\/em> (Giorgio Mainerio 1535 \u2013 1582) \u2013 fidel<\/div><div><strong>Suita polskich ta\u0144c\u00f3w renesansowych<\/strong> \u2013 pochette:<br \/><em>\u2013 Taniec I<\/em><br \/><em>\u2013 Taniec II <\/em><br \/><em>\u2013 Fatalia b\u0142aze\u0144ska <\/em><br \/><em>\u2013 Hajducki<\/em><\/div><div><strong>Marco Cara<\/strong> (XV \u2013 XVI w.) \u2013 <em>Io non compro piu speranza<\/em> (ok. 1504) \u2013 lira da braccio<\/div><div><strong>Louise Toussaint Millandre<\/strong> (XVII w.) \u2013 <em>Pieces pour la Viole d\u2019Amour avec la Basse<\/em> (1777) \u2013 viola d\u2019amore, klawesyn<\/div><div><strong>Arcangelo Corelli<\/strong> (1653 \u2013 1713) \u2013 Sonata <em>La Follia<\/em> op. 5 nr 12 \u2013 skrzypce barokowe, klawesyn<\/div>\t\t\t\t\t\t\t\t<\/div>\n\t\t\t\t<\/div>\n\t\t\t\t<div class=\"elementor-element elementor-element-fd0132d elementor-widget__width-inherit elementor-widget elementor-widget-text-editor\" data-id=\"fd0132d\" data-element_type=\"widget\" data-widget_type=\"text-editor.default\">\n\t\t\t\t<div class=\"elementor-widget-container\">\n\t\t\t\t\t\t\t\t\t<div><br \/><p><strong><span style=\"text-decoration: underline;\">poniedzia\u0142ek 25 maja godz. 19.00<\/span><\/strong><\/p><\/div><div>Studio Koncertowe PR im. Witolda Lutos\u0142awskiego, ul. Modzelewskiego 59<\/div><div><strong>HABITAT<\/strong><\/div><div><em>Zesp\u00f3\u0142 Kwartludium \u2013 najnowsza dekada<\/em><\/div>\t\t\t\t\t\t\t\t<\/div>\n\t\t\t\t<\/div>\n\t\t\t\t<div class=\"elementor-element elementor-element-964c5fa elementor-widget__width-inherit elementor-widget elementor-widget-text-editor\" data-id=\"964c5fa\" data-element_type=\"widget\" data-widget_type=\"text-editor.default\">\n\t\t\t\t<div class=\"elementor-widget-container\">\n\t\t\t\t\t\t\t\t\t<div>Zesp\u00f3\u0142 <strong>Kwartludium<\/strong> w sk\u0142adzie:<\/div><div><strong>Dagna Sadkowska<\/strong> \u2013 skrzypce<\/div><div><strong>Micha\u0142 G\u00f3rczy\u0144ski<\/strong> \u2013 klarnet, karnet basowy<\/div><div><strong>Piotr Nowicki<\/strong> \u2013 fortepian<\/div><div><strong>Pawe\u0142 Nowicki<\/strong> \u2013 instrumenty perkusyjne<\/div><div>\u00a0<\/div><div><span style=\"text-decoration-line: underline;\">program:<\/span><\/div><div><strong>Tadeusz Wielecki<\/strong> \u2013 <em>Obraz wielokrotny<\/em> na zesp\u00f3\u0142 i ch\u00f3r zegar\u00f3w (2016)<\/div><div><strong>Aleksandra Gryka<\/strong> \u2013 <em>mutedisorder<\/em> (2015)<\/div><div><strong>S\u0142awomir Wojciechowski<\/strong> \u2013 <em>Rope of Sands<\/em> (2008)<\/div><div><strong>Martyna Kosecka<\/strong> \u2013 <em>monolith <\/em>|<em> transparence<\/em> (2022)<\/div><div><strong>Jenny Hettne<\/strong> \u2013 <em>Habitat<\/em> (2025)<\/div><div><strong>Idin Samimi Mofakham<\/strong> \u2013 <em>Learn to Play Death Metal<\/em> (2024)<\/div>\t\t\t\t\t\t\t\t<\/div>\n\t\t\t\t<\/div>\n\t\t\t\t<div class=\"elementor-element elementor-element-db39e56 elementor-widget__width-inherit elementor-widget elementor-widget-text-editor\" data-id=\"db39e56\" data-element_type=\"widget\" data-widget_type=\"text-editor.default\">\n\t\t\t\t<div class=\"elementor-widget-container\">\n\t\t\t\t\t\t\t\t\t<div><br \/><span style=\"text-decoration: underline;\"><strong>wtorek 26 maja godz. 19:00<\/strong><\/span><\/div><div>Studio Koncertowe PR im. Witolda Lutos\u0142awskiego, ul. Modzelewskiego 59<\/div><div><strong>SZKICE POLSKIE<\/strong><\/div><div><em>Smyczki, soli\u015bci i Witkacy w tle<\/em><\/div>\t\t\t\t\t\t\t\t<\/div>\n\t\t\t\t<\/div>\n\t\t\t\t<div class=\"elementor-element elementor-element-2aa95f1 elementor-widget__width-inherit elementor-widget elementor-widget-text-editor\" data-id=\"2aa95f1\" data-element_type=\"widget\" data-widget_type=\"text-editor.default\">\n\t\t\t\t<div class=\"elementor-widget-container\">\n\t\t\t\t\t\t\t\t\t<div><div><strong>Jadwiga Kotnowska<\/strong> \u2013 flet<\/div><div><strong>Mariusz Mocarski<\/strong> \u2013 wibrafon<\/div><div><strong>Mateusz Smoczy\u0144ski<\/strong> \u2013 skrzypce, skrzypce barytonowe<\/div><div>Orkiestra <strong>Sinfonia Viva<br \/><\/strong><strong>Tomasz Radziwonowicz<\/strong> \u2013 dyrygent<br \/><br \/><span style=\"text-decoration-line: underline;\">program:<\/span><\/div><div><strong>Jerzy Kornowicz<\/strong> \u2013 <em>Sceny z Witkacego<\/em> na orkiestr\u0119 smyczkow\u0105, instrumenty etniczne i s\u0142owa m\u00f3wione (2017)<\/div><div><strong>Filip Matuszewski<\/strong> \u2013 <em>Imitacje i wariacje<\/em> na orkiestr\u0119 smyczkow\u0105 (2023)*<\/div><div><strong>Tomasz Radziwonowicz<\/strong> \u2013 <em>Szkice<\/em> na wibrafon i orkiestr\u0119 smyczkow\u0105 (2022)*<\/div><div><strong>Jaros\u0142aw Siwi\u0144ski<\/strong> \u2013 <em>Rondo animato<\/em> orkiestr\u0119 smyczkow\u0105 (2026)*<\/div><div><strong>Mateusz Smoczy\u0144ski<\/strong> \u2013 <em>Suita polska<\/em> na flet, skrzypce, skrzypce barytonowe i orkiestr\u0119 smyczkow\u0105 (2022)<\/div><p><em>\u00a0<\/em><\/p><\/div><div>\u00a0<\/div><div>\u00a0<\/div><div>________________<\/div><div><em>\u00a0 * prawykonanie<\/em><\/div>\t\t\t\t\t\t\t\t<\/div>\n\t\t\t\t<\/div>\n\t\t\t\t\t<\/div>\n\t\t<\/div>\n\t\t\t\t<div class=\"elementor-column elementor-col-50 elementor-top-column elementor-element elementor-element-9cad865\" data-id=\"9cad865\" data-element_type=\"column\">\n\t\t\t<div class=\"elementor-widget-wrap\">\n\t\t\t\t\t\t\t<\/div>\n\t\t<\/div>\n\t\t\t\t\t<\/div>\n\t\t<\/section>\n\t\t\t\t<\/div>\n\t\t","protected":false},"excerpt":{"rendered":"<p>Program 2026 na wszystkie wydarzenia wst\u0119p wolny poniedzia\u0142ek\u00a018 maja godz. 19:00Muzeum \u0141azienki Kr\u00f3lewskie, Teatr Kr\u00f3lewski w Starej Oran\u017cerii, ul. Agrykola 1INNE SPOJRZENIEZ Hammondem przez wieki&hellip;<\/p>\n","protected":false},"author":1,"featured_media":0,"parent":0,"menu_order":0,"comment_status":"closed","ping_status":"closed","template":"","meta":{"footnotes":""},"class_list":["post-13825","page","type-page","status-publish","hentry"],"_links":{"self":[{"href":"https:\/\/wsm.art.pl\/index.php?rest_route=\/wp\/v2\/pages\/13825","targetHints":{"allow":["GET"]}}],"collection":[{"href":"https:\/\/wsm.art.pl\/index.php?rest_route=\/wp\/v2\/pages"}],"about":[{"href":"https:\/\/wsm.art.pl\/index.php?rest_route=\/wp\/v2\/types\/page"}],"author":[{"embeddable":true,"href":"https:\/\/wsm.art.pl\/index.php?rest_route=\/wp\/v2\/users\/1"}],"replies":[{"embeddable":true,"href":"https:\/\/wsm.art.pl\/index.php?rest_route=%2Fwp%2Fv2%2Fcomments&post=13825"}],"version-history":[{"count":619,"href":"https:\/\/wsm.art.pl\/index.php?rest_route=\/wp\/v2\/pages\/13825\/revisions"}],"predecessor-version":[{"id":19480,"href":"https:\/\/wsm.art.pl\/index.php?rest_route=\/wp\/v2\/pages\/13825\/revisions\/19480"}],"wp:attachment":[{"href":"https:\/\/wsm.art.pl\/index.php?rest_route=%2Fwp%2Fv2%2Fmedia&parent=13825"}],"curies":[{"name":"wp","href":"https:\/\/api.w.org\/{rel}","templated":true}]}}