{"id":13717,"date":"2024-03-21T22:59:19","date_gmt":"2024-03-21T22:59:19","guid":{"rendered":"https:\/\/wsm.art.pl\/?page_id=13717"},"modified":"2024-05-01T16:01:59","modified_gmt":"2024-05-01T16:01:59","slug":"2024-zoltan-almashi","status":"publish","type":"page","link":"https:\/\/wsm.art.pl\/?page_id=13717","title":{"rendered":"2024 ALMASHI Zoltan"},"content":{"rendered":"\t\t<div data-elementor-type=\"wp-page\" data-elementor-id=\"13717\" class=\"elementor elementor-13717\">\n\t\t\t\t\t\t<section class=\"elementor-section elementor-top-section elementor-element elementor-element-8b249b1 elementor-section-boxed elementor-section-height-default elementor-section-height-default\" data-id=\"8b249b1\" data-element_type=\"section\">\n\t\t\t\t\t\t<div class=\"elementor-container elementor-column-gap-default\">\n\t\t\t\t\t<div class=\"elementor-column elementor-col-100 elementor-top-column elementor-element elementor-element-1aeb34e\" data-id=\"1aeb34e\" data-element_type=\"column\">\n\t\t\t<div class=\"elementor-widget-wrap elementor-element-populated\">\n\t\t\t\t\t\t<div class=\"elementor-element elementor-element-90cdfe6 elementor-widget elementor-widget-heading\" data-id=\"90cdfe6\" data-element_type=\"widget\" data-widget_type=\"heading.default\">\n\t\t\t\t<div class=\"elementor-widget-container\">\n\t\t\t\t\t<h2 class=\"elementor-heading-title elementor-size-default\">Zoltan Almashi<\/h2>\t\t\t\t<\/div>\n\t\t\t\t<\/div>\n\t\t\t\t\t<\/div>\n\t\t<\/div>\n\t\t\t\t\t<\/div>\n\t\t<\/section>\n\t\t\t\t<section class=\"elementor-section elementor-top-section elementor-element elementor-element-208796d2 elementor-section-boxed elementor-section-height-default elementor-section-height-default\" data-id=\"208796d2\" data-element_type=\"section\">\n\t\t\t\t\t\t<div class=\"elementor-container elementor-column-gap-default\">\n\t\t\t\t\t<div class=\"elementor-column elementor-col-50 elementor-top-column elementor-element elementor-element-2998c263\" data-id=\"2998c263\" data-element_type=\"column\">\n\t\t\t<div class=\"elementor-widget-wrap elementor-element-populated\">\n\t\t\t\t\t\t<div class=\"elementor-element elementor-element-4f2be069 elementor-widget elementor-widget-image\" data-id=\"4f2be069\" data-element_type=\"widget\" data-widget_type=\"image.default\">\n\t\t\t\t<div class=\"elementor-widget-container\">\n\t\t\t\t\t\t\t\t\t\t\t\t<figure class=\"wp-caption\">\n\t\t\t\t\t\t\t\t\t\t<img fetchpriority=\"high\" decoding=\"async\" width=\"768\" height=\"1152\" src=\"https:\/\/wsm.art.pl\/wp-content\/uploads\/2024\/03\/Zoltan_Almashi_small-768x1152.jpg\" class=\"attachment-medium_large size-medium_large wp-image-13719\" alt=\"\" srcset=\"https:\/\/wsm.art.pl\/wp-content\/uploads\/2024\/03\/Zoltan_Almashi_small-768x1152.jpg 768w, https:\/\/wsm.art.pl\/wp-content\/uploads\/2024\/03\/Zoltan_Almashi_small-200x300.jpg 200w, https:\/\/wsm.art.pl\/wp-content\/uploads\/2024\/03\/Zoltan_Almashi_small-683x1024.jpg 683w, https:\/\/wsm.art.pl\/wp-content\/uploads\/2024\/03\/Zoltan_Almashi_small.jpg 800w\" sizes=\"(max-width: 768px) 100vw, 768px\" \/>\t\t\t\t\t\t\t\t\t\t\t<figcaption class=\"widget-image-caption wp-caption-text\">archiwum kompozytora<\/figcaption>\n\t\t\t\t\t\t\t\t\t\t<\/figure>\n\t\t\t\t\t\t\t\t\t<\/div>\n\t\t\t\t<\/div>\n\t\t\t\t\t<\/div>\n\t\t<\/div>\n\t\t\t\t<div class=\"elementor-column elementor-col-50 elementor-top-column elementor-element elementor-element-22045959\" data-id=\"22045959\" data-element_type=\"column\">\n\t\t\t<div class=\"elementor-widget-wrap elementor-element-populated\">\n\t\t\t\t\t\t<div class=\"elementor-element elementor-element-20a87065 elementor-widget elementor-widget-text-editor\" data-id=\"20a87065\" data-element_type=\"widget\" data-widget_type=\"text-editor.default\">\n\t\t\t\t<div class=\"elementor-widget-container\">\n\t\t\t\t\t\t\t\t\t<p><a name=\"_GoBack\"><\/a>Ur. w 1975 r., uko\u0144czy\u0142 Lwowsk\u0105 Akademie Muzyczn\u0105 im. Myko\u0142y \u0141ysenki w klasie kompozycji i wiolonczeli Jurija \u0141aniuka, p\u00f3\u017aniej aspirantur\u0119 w Narodowej Akademii Muzycznej Ukrainy im. Piotra Czajkowskiego pod kierownictwem Jewhena Stankowycza. Jest dwukrotnym laureatem konkursu im. Sergiusza Prokofiewa (jako wiolonczelista i kompozytor), a tak\u017ce laureatem Nagrody im. Lewka Rewuckiego oraz Nagrody im. Borysa Latoszy\u0144skiego.<\/p><p>Jest autorem utwor\u00f3w na r\u00f3\u017cne sk\u0142ady orkiestrowe, przede wszystkim kameralne. Utwory kompozytora wykonywane by\u0142y w Szwajcarii, Francji, Polsce, Bia\u0142orusi, Mo\u0142dawii, Niemczech, USA i Kanadzie. Jest uczestnikiem wszystkich najwi\u0119kszych festiwali muzycznych w Ukrainie \u2013 \u201eKontrasty\u201d we Lwowie, \u201eForum Muzyki M\u0142owych\u201d w Kijowie, \u201eKyiv Music Fest\u201d, kijowskie \u201eMuzyczne Premiery Sezonu\u201d, \u201eDwa Dni i Dwie Noce\u201d w Odessie. W 2003 roku jego septet \u201e\u017bycie przed\u0142u\u017cone\u201d zabrzmia\u0142 na Festiwalu Gaudeamus Music Week w Amsterdamie w wykonaniu moskiewskiego Zespo\u0142u Muzyki Wsp\u00f3\u0142czesnej. W 2004 roku kompozytor otrzyma\u0142 zam\u00f3wienie od Europejskiego Towarzystwa Kulturalnego, w wyniku kt\u00f3rego powsta\u0142a Sonata Nr 2 na wiolonczel\u0119 i fortepian \u2013 pierwsze wykonania odby\u0142y si\u0119 w Krakowie i Amsterdamie. W 2008 roku by\u0142 stypendyst\u0105 programu Ministra Kultury i Dziedzictwa Narodowego \u201eGaude Polonia\u201d, w ramach kt\u00f3rego odbywa\u0142 sta\u017c kompozytorski u Aleksandra Lasonia w Akademii Muzycznej w Katowicach. W 2009 roku na zam\u00f3wienie Polskiego Instytutu w Kijowie napisa\u0142 utw\u00f3r \u201eA li\u015b\u0107 unios\u0105 dalej wody rzeczne\u2026\u201d, wykonany nast\u0119pnie przez Polsk\u0105 Orkiestr\u0119 Sinfonia Iuventus pod dyrekcj\u0105 Romana Rewakowicza podczas koncertowego tournee w Polsce i Ukrainie. Jest autorem ponad 80 utwor\u00f3w na r\u00f3\u017cne obsady.<\/p><p>Aktualnie Zoltan Almaszi pracuje jako wiolonczelista w Narodowym Zespole Solist\u00f3w \u201eKijowska Kamerata\u201d, jest tak\u017ce cz\u0142onkiem r\u00f3\u017cnych zespo\u0142\u00f3w kameralnych wykonuj\u0105cych muzyk\u0119 wsp\u00f3\u0142czesn\u0105.<\/p><p><em><strong>Przygody Krysi<br \/><\/strong><\/em><\/p><p>Kiedy\u015b napisa\u0142em utw\u00f3r na wiolonczel\u0119 solo i zda\u0142em sobie spraw\u0119, \u017ce jest to najbardziej ukrai\u0144sko brzmi\u0105cy utw\u00f3r, jaki kiedykolwiek napisa\u0142em. Nazwa\u0142em go <em>Krystia, Krystia<\/em>. A teraz, w czasie kolejnego wielkiego, egzystencjalnego testu dla naszego narodu, w jaki\u015b spos\u00f3b wracam do tego materia\u0142u ze szczeg\u00f3lnym niepokojem. Chc\u0119 stworzy\u0107 ca\u0142\u0105 opowie\u015b\u0107 o Krysi. Postmodernistyczn\u0105, ironiczn\u0105, tragiczn\u0105, przejmuj\u0105c\u0105, awangardow\u0105, a jednocze\u015bnie liryczn\u0105 i romantyczn\u0105. Ta historia ma pewn\u0105 tradycj\u0119&#8230; Tak, Kwintet Schuberta <em>Pstr\u0105g<\/em>! Idea, pomys\u0142 jest ten sam. Oczywi\u015bcie sama muzyka Schuberta nie przypomina.<\/p><p style=\"text-align: left;\"><em>Zoltan Almaszi<\/em><\/p>\t\t\t\t\t\t\t\t<\/div>\n\t\t\t\t<\/div>\n\t\t\t\t\t<\/div>\n\t\t<\/div>\n\t\t\t\t\t<\/div>\n\t\t<\/section>\n\t\t\t\t<\/div>\n\t\t","protected":false},"excerpt":{"rendered":"<p>Zoltan Almashi archiwum kompozytora Ur. w 1975 r., uko\u0144czy\u0142 Lwowsk\u0105 Akademie Muzyczn\u0105 im. Myko\u0142y \u0141ysenki w klasie kompozycji i wiolonczeli Jurija \u0141aniuka, p\u00f3\u017aniej aspirantur\u0119 w&hellip;<\/p>\n","protected":false},"author":1,"featured_media":0,"parent":0,"menu_order":0,"comment_status":"closed","ping_status":"closed","template":"","meta":{"footnotes":""},"class_list":["post-13717","page","type-page","status-publish","hentry"],"_links":{"self":[{"href":"https:\/\/wsm.art.pl\/index.php?rest_route=\/wp\/v2\/pages\/13717","targetHints":{"allow":["GET"]}}],"collection":[{"href":"https:\/\/wsm.art.pl\/index.php?rest_route=\/wp\/v2\/pages"}],"about":[{"href":"https:\/\/wsm.art.pl\/index.php?rest_route=\/wp\/v2\/types\/page"}],"author":[{"embeddable":true,"href":"https:\/\/wsm.art.pl\/index.php?rest_route=\/wp\/v2\/users\/1"}],"replies":[{"embeddable":true,"href":"https:\/\/wsm.art.pl\/index.php?rest_route=%2Fwp%2Fv2%2Fcomments&post=13717"}],"version-history":[{"count":22,"href":"https:\/\/wsm.art.pl\/index.php?rest_route=\/wp\/v2\/pages\/13717\/revisions"}],"predecessor-version":[{"id":15816,"href":"https:\/\/wsm.art.pl\/index.php?rest_route=\/wp\/v2\/pages\/13717\/revisions\/15816"}],"wp:attachment":[{"href":"https:\/\/wsm.art.pl\/index.php?rest_route=%2Fwp%2Fv2%2Fmedia&parent=13717"}],"curies":[{"name":"wp","href":"https:\/\/api.w.org\/{rel}","templated":true}]}}

<div data-elementor-type="wp-page" data-elementor-id="13717" class="elementor elementor-13717">
						<section class="elementor-section elementor-top-section elementor-element elementor-element-8b249b1 elementor-section-boxed elementor-section-height-default elementor-section-height-default" data-id="8b249b1" data-element_type="section">
						<div class="elementor-container elementor-column-gap-default">
					<div class="elementor-column elementor-col-100 elementor-top-column elementor-element elementor-element-1aeb34e" data-id="1aeb34e" data-element_type="column">
			<div class="elementor-widget-wrap elementor-element-populated">
						<div class="elementor-element elementor-element-90cdfe6 elementor-widget elementor-widget-heading" data-id="90cdfe6" data-element_type="widget" data-widget_type="heading.default">
				<div class="elementor-widget-container">
					<h2 class="elementor-heading-title elementor-size-default">Zoltan Almashi</h2>				</div>
				</div>
					</div>
		</div>
					</div>
		</section>
				<section class="elementor-section elementor-top-section elementor-element elementor-element-208796d2 elementor-section-boxed elementor-section-height-default elementor-section-height-default" data-id="208796d2" data-element_type="section">
						<div class="elementor-container elementor-column-gap-default">
					<div class="elementor-column elementor-col-50 elementor-top-column elementor-element elementor-element-2998c263" data-id="2998c263" data-element_type="column">
			<div class="elementor-widget-wrap elementor-element-populated">
						<div class="elementor-element elementor-element-4f2be069 elementor-widget elementor-widget-image" data-id="4f2be069" data-element_type="widget" data-widget_type="image.default">
				<div class="elementor-widget-container">
												<figure class="wp-caption">
										<img fetchpriority="high" decoding="async" width="768" height="1152" src="https://wsm.art.pl/wp-content/uploads/2024/03/Zoltan_Almashi_small-768x1152.jpg" class="attachment-medium_large size-medium_large wp-image-13719" alt="" srcset="https://wsm.art.pl/wp-content/uploads/2024/03/Zoltan_Almashi_small-768x1152.jpg 768w, https://wsm.art.pl/wp-content/uploads/2024/03/Zoltan_Almashi_small-200x300.jpg 200w, https://wsm.art.pl/wp-content/uploads/2024/03/Zoltan_Almashi_small-683x1024.jpg 683w, https://wsm.art.pl/wp-content/uploads/2024/03/Zoltan_Almashi_small.jpg 800w" sizes="(max-width: 768px) 100vw, 768px" />											<figcaption class="widget-image-caption wp-caption-text">archiwum kompozytora</figcaption>
										</figure>
									</div>
				</div>
					</div>
		</div>
				<div class="elementor-column elementor-col-50 elementor-top-column elementor-element elementor-element-22045959" data-id="22045959" data-element_type="column">
			<div class="elementor-widget-wrap elementor-element-populated">
						<div class="elementor-element elementor-element-20a87065 elementor-widget elementor-widget-text-editor" data-id="20a87065" data-element_type="widget" data-widget_type="text-editor.default">
				<div class="elementor-widget-container">
									<p><a name="_GoBack"></a>Ur. w 1975 r., ukończył Lwowską Akademie Muzyczną im. Mykoły Łysenki w klasie kompozycji i wiolonczeli Jurija Łaniuka, później aspiranturę w Narodowej Akademii Muzycznej Ukrainy im. Piotra Czajkowskiego pod kierownictwem Jewhena Stankowycza. Jest dwukrotnym laureatem konkursu im. Sergiusza Prokofiewa (jako wiolonczelista i kompozytor), a także laureatem Nagrody im. Lewka Rewuckiego oraz Nagrody im. Borysa Latoszyńskiego.</p><p>Jest autorem utworów na różne składy orkiestrowe, przede wszystkim kameralne. Utwory kompozytora wykonywane były w Szwajcarii, Francji, Polsce, Białorusi, Mołdawii, Niemczech, USA i Kanadzie. Jest uczestnikiem wszystkich największych festiwali muzycznych w Ukrainie – „Kontrasty” we Lwowie, „Forum Muzyki Młowych” w Kijowie, „Kyiv Music Fest”, kijowskie „Muzyczne Premiery Sezonu”, „Dwa Dni i Dwie Noce” w Odessie. W 2003 roku jego septet „Życie przedłużone” zabrzmiał na Festiwalu Gaudeamus Music Week w Amsterdamie w wykonaniu moskiewskiego Zespołu Muzyki Współczesnej. W 2004 roku kompozytor otrzymał zamówienie od Europejskiego Towarzystwa Kulturalnego, w wyniku którego powstała Sonata Nr 2 na wiolonczelę i fortepian – pierwsze wykonania odbyły się w Krakowie i Amsterdamie. W 2008 roku był stypendystą programu Ministra Kultury i Dziedzictwa Narodowego „Gaude Polonia”, w ramach którego odbywał staż kompozytorski u Aleksandra Lasonia w Akademii Muzycznej w Katowicach. W 2009 roku na zamówienie Polskiego Instytutu w Kijowie napisał utwór „A liść uniosą dalej wody rzeczne…”, wykonany następnie przez Polską Orkiestrę Sinfonia Iuventus pod dyrekcją Romana Rewakowicza podczas koncertowego tournee w Polsce i Ukrainie. Jest autorem ponad 80 utworów na różne obsady.</p><p>Aktualnie Zoltan Almaszi pracuje jako wiolonczelista w Narodowym Zespole Solistów „Kijowska Kamerata”, jest także członkiem różnych zespołów kameralnych wykonujących muzykę współczesną.</p><p><em><strong>Przygody Krysi<br /></strong></em></p><p>Kiedyś napisałem utwór na wiolonczelę solo i zdałem sobie sprawę, że jest to najbardziej ukraińsko brzmiący utwór, jaki kiedykolwiek napisałem. Nazwałem go <em>Krystia, Krystia</em>. A teraz, w czasie kolejnego wielkiego, egzystencjalnego testu dla naszego narodu, w jakiś sposób wracam do tego materiału ze szczególnym niepokojem. Chcę stworzyć całą opowieść o Krysi. Postmodernistyczną, ironiczną, tragiczną, przejmującą, awangardową, a jednocześnie liryczną i romantyczną. Ta historia ma pewną tradycję&#8230; Tak, Kwintet Schuberta <em>Pstrąg</em>! Idea, pomysł jest ten sam. Oczywiście sama muzyka Schuberta nie przypomina.</p><p style="text-align: left;"><em>Zoltan Almaszi</em></p>								</div>
				</div>
					</div>
		</div>
					</div>
		</section>
				</div>

<p>Zoltan Almashi archiwum kompozytora Ur. w 1975 r., ukończył Lwowską Akademie Muzyczną im. Mykoły Łysenki w klasie kompozycji i wiolonczeli Jurija Łaniuka, później aspiranturę w&hellip;</p>
