{"id":1363,"date":"2021-04-14T18:15:59","date_gmt":"2021-04-14T18:15:59","guid":{"rendered":"https:\/\/wsm2.ptmw.art.pl\/?page_id=1363"},"modified":"2021-05-01T12:54:25","modified_gmt":"2021-05-01T12:54:25","slug":"sikora-piano-duo","status":"publish","type":"page","link":"https:\/\/wsm.art.pl\/?page_id=1363","title":{"rendered":"Sikora Piano Duo"},"content":{"rendered":"\t\t<div data-elementor-type=\"wp-page\" data-elementor-id=\"1363\" class=\"elementor elementor-1363\">\n\t\t\t\t\t\t<section class=\"elementor-section elementor-top-section elementor-element elementor-element-24110ddb elementor-section-boxed elementor-section-height-default elementor-section-height-default\" data-id=\"24110ddb\" data-element_type=\"section\">\n\t\t\t\t\t\t<div class=\"elementor-container elementor-column-gap-default\">\n\t\t\t\t\t<div class=\"elementor-column elementor-col-100 elementor-top-column elementor-element elementor-element-54220d03\" data-id=\"54220d03\" data-element_type=\"column\">\n\t\t\t<div class=\"elementor-widget-wrap elementor-element-populated\">\n\t\t\t\t\t\t<div class=\"elementor-element elementor-element-214fb19e elementor-widget elementor-widget-heading\" data-id=\"214fb19e\" data-element_type=\"widget\" data-widget_type=\"heading.default\">\n\t\t\t\t<div class=\"elementor-widget-container\">\n\t\t\t\t\t<h2 class=\"elementor-heading-title elementor-size-default\">Sikora Piano Duo<\/h2>\t\t\t\t<\/div>\n\t\t\t\t<\/div>\n\t\t\t\t\t<\/div>\n\t\t<\/div>\n\t\t\t\t\t<\/div>\n\t\t<\/section>\n\t\t\t\t<section class=\"elementor-section elementor-top-section elementor-element elementor-element-208796d2 elementor-section-boxed elementor-section-height-default elementor-section-height-default\" data-id=\"208796d2\" data-element_type=\"section\">\n\t\t\t\t\t\t<div class=\"elementor-container elementor-column-gap-default\">\n\t\t\t\t\t<div class=\"elementor-column elementor-col-50 elementor-top-column elementor-element elementor-element-2998c263\" data-id=\"2998c263\" data-element_type=\"column\">\n\t\t\t<div class=\"elementor-widget-wrap elementor-element-populated\">\n\t\t\t\t\t\t<div class=\"elementor-element elementor-element-4f2be069 elementor-widget elementor-widget-image\" data-id=\"4f2be069\" data-element_type=\"widget\" data-widget_type=\"image.default\">\n\t\t\t\t<div class=\"elementor-widget-container\">\n\t\t\t\t\t\t\t\t\t\t\t\t<figure class=\"wp-caption\">\n\t\t\t\t\t\t\t\t\t\t<img fetchpriority=\"high\" decoding=\"async\" width=\"768\" height=\"1156\" src=\"https:\/\/wsm.art.pl\/wp-content\/uploads\/2021\/04\/Sikora-Piano-Duo-fot.-Pawel-Zadlo-768x1156.jpg\" class=\"attachment-medium_large size-medium_large wp-image-1418\" alt=\"\" srcset=\"https:\/\/wsm.art.pl\/wp-content\/uploads\/2021\/04\/Sikora-Piano-Duo-fot.-Pawel-Zadlo-768x1156.jpg 768w, https:\/\/wsm.art.pl\/wp-content\/uploads\/2021\/04\/Sikora-Piano-Duo-fot.-Pawel-Zadlo-199x300.jpg 199w, https:\/\/wsm.art.pl\/wp-content\/uploads\/2021\/04\/Sikora-Piano-Duo-fot.-Pawel-Zadlo-680x1024.jpg 680w, https:\/\/wsm.art.pl\/wp-content\/uploads\/2021\/04\/Sikora-Piano-Duo-fot.-Pawel-Zadlo-1020x1536.jpg 1020w, https:\/\/wsm.art.pl\/wp-content\/uploads\/2021\/04\/Sikora-Piano-Duo-fot.-Pawel-Zadlo.jpg 1063w\" sizes=\"(max-width: 768px) 100vw, 768px\" \/>\t\t\t\t\t\t\t\t\t\t\t<figcaption class=\"widget-image-caption wp-caption-text\">fot. Pawe\u0142 \u017b\u0105d\u0142o<\/figcaption>\n\t\t\t\t\t\t\t\t\t\t<\/figure>\n\t\t\t\t\t\t\t\t\t<\/div>\n\t\t\t\t<\/div>\n\t\t\t\t\t<\/div>\n\t\t<\/div>\n\t\t\t\t<div class=\"elementor-column elementor-col-50 elementor-top-column elementor-element elementor-element-22045959\" data-id=\"22045959\" data-element_type=\"column\">\n\t\t\t<div class=\"elementor-widget-wrap elementor-element-populated\">\n\t\t\t\t\t\t<div class=\"elementor-element elementor-element-20a87065 elementor-widget elementor-widget-text-editor\" data-id=\"20a87065\" data-element_type=\"widget\" data-widget_type=\"text-editor.default\">\n\t\t\t\t<div class=\"elementor-widget-container\">\n\t\t\t\t\t\t\t\t\t<p>Duet tworz\u0105 absolwenci katowickiej Akademii Muzycznej Marta W\u00f3jcik-Sikora oraz Jakub Sikora. Wsp\u00f3\u0142prac\u0119 rozpocz\u0119li ju\u017c w czasie trwania studi\u00f3w. Pragn\u0105c doskonali\u0107 swoje umiej\u0119tno\u015bci w dziedzinie kameralistyki w 2015 uko\u0144czyli studia podyplomowe na specjalno\u015bci Duet fortepianowy pod kierunkiem prof. Wojciecha \u015awita\u0142y. Wielokrotnie uczestniczyli w mistrzowskich kursach pianistycznych w Blankenburg (Niemcy) oraz Ruse (Bu\u0142garia). Obecnie duet kszta\u0142ci si\u0119 pod kierunkiem \u015bwiatowej s\u0142awy duetu Aglika Genova &amp; Liuben Dimitrov, wyk\u0142adowc\u00f3w Hochschule f\u00fcr Musik, Theater und Medien.<br \/>W swoim repertuarze duet posiada utwory zar\u00f3wno na 4 r\u0119ce jak i dwa fortepiany regularnie go powi\u0119kszaj\u0105c o nowe pozycje.<br \/>Duet wielokrotnie wyst\u0119powa\u0142 w kraju i za granic\u0105, m.in. w Bu\u0142garii, Niemczech, Austrii i W\u0142oszech. Arty\u015bci zdobyli III nagrod\u0119 w 2011 na Mi\u0119dzynarodowym Konkursie Pianistycznym \u201eMusic without limits\u201d w Druskiennikach (Litwa) oraz I nagrod\u0119 na Mi\u0119dzynarodowym Konkursie Pianistycznym w Forio d&#8217;Ischia (W\u0142ochy) w 2014. W 2016 zaj\u0119li II miejsce na Mi\u0119dzynarodowym Konkursie Pianistycznym \u201eChopin in Roma\u201d w Rzymie w kategorii duet\u00f3w fortepianowych na cztery r\u0119ce. W listopadzie 2017 Duet zdoby\u0142 I nagrod\u0119 w kategorii duet\u00f3w fortepianowych na XI Mi\u0119dzynarodowym konkursie im Franciszka Schuberta w Ruse. W nast\u0119pnym roku Duet wyst\u0105pi\u0142 z recitalem na presti\u017cowym festiwalu \u201eMarch Music Days\u201d w Ruse, gdzie spotka\u0142 si\u0119 z gor\u0105cym przyj\u0119ciem mi\u0119dzynarodowej publiczno\u015bci. Podczas VII Mi\u0119dzynarodowego Konkursu Duet\u00f3w Fortepianowych w Bia\u0142ymstoku w 2018 Duet otrzyma\u0142 nagrod\u0119 specjaln\u0105 Zwi\u0105zku Kompozytor\u00f3w Polskich za najlepsze wykonanie utwor\u00f3w muzyki polskiej. W 2019 arty\u015bci zostali p\u00f3\u0142finalistami XXI Mi\u0119dzynarodowego Konkursu Duet\u00f3w Fortepianowych im. F. Schuberta w Jesenikach oraz Mi\u0119dzynarodowego Konkursu Duet\u00f3w Fortepianowych im. S. Sz\u00f6renyi w Bukareszcie.<\/p><p><a href=\"http:\/\/www.sikorapianoduo.pl\"><strong>www.sikorapianoduo.pl<\/strong><\/a><\/p>\t\t\t\t\t\t\t\t<\/div>\n\t\t\t\t<\/div>\n\t\t\t\t\t<\/div>\n\t\t<\/div>\n\t\t\t\t\t<\/div>\n\t\t<\/section>\n\t\t\t\t<\/div>\n\t\t","protected":false},"excerpt":{"rendered":"<p>Sikora Piano Duo fot. Pawe\u0142 \u017b\u0105d\u0142o Duet tworz\u0105 absolwenci katowickiej Akademii Muzycznej Marta W\u00f3jcik-Sikora oraz Jakub Sikora. Wsp\u00f3\u0142prac\u0119 rozpocz\u0119li ju\u017c w czasie trwania studi\u00f3w. Pragn\u0105c&hellip;<\/p>\n","protected":false},"author":1,"featured_media":0,"parent":0,"menu_order":0,"comment_status":"closed","ping_status":"closed","template":"","meta":{"footnotes":""},"class_list":["post-1363","page","type-page","status-publish","hentry"],"_links":{"self":[{"href":"https:\/\/wsm.art.pl\/index.php?rest_route=\/wp\/v2\/pages\/1363","targetHints":{"allow":["GET"]}}],"collection":[{"href":"https:\/\/wsm.art.pl\/index.php?rest_route=\/wp\/v2\/pages"}],"about":[{"href":"https:\/\/wsm.art.pl\/index.php?rest_route=\/wp\/v2\/types\/page"}],"author":[{"embeddable":true,"href":"https:\/\/wsm.art.pl\/index.php?rest_route=\/wp\/v2\/users\/1"}],"replies":[{"embeddable":true,"href":"https:\/\/wsm.art.pl\/index.php?rest_route=%2Fwp%2Fv2%2Fcomments&post=1363"}],"version-history":[{"count":20,"href":"https:\/\/wsm.art.pl\/index.php?rest_route=\/wp\/v2\/pages\/1363\/revisions"}],"predecessor-version":[{"id":3595,"href":"https:\/\/wsm.art.pl\/index.php?rest_route=\/wp\/v2\/pages\/1363\/revisions\/3595"}],"wp:attachment":[{"href":"https:\/\/wsm.art.pl\/index.php?rest_route=%2Fwp%2Fv2%2Fmedia&parent=1363"}],"curies":[{"name":"wp","href":"https:\/\/api.w.org\/{rel}","templated":true}]}}

<div data-elementor-type="wp-page" data-elementor-id="1363" class="elementor elementor-1363">
						<section class="elementor-section elementor-top-section elementor-element elementor-element-24110ddb elementor-section-boxed elementor-section-height-default elementor-section-height-default" data-id="24110ddb" data-element_type="section">
						<div class="elementor-container elementor-column-gap-default">
					<div class="elementor-column elementor-col-100 elementor-top-column elementor-element elementor-element-54220d03" data-id="54220d03" data-element_type="column">
			<div class="elementor-widget-wrap elementor-element-populated">
						<div class="elementor-element elementor-element-214fb19e elementor-widget elementor-widget-heading" data-id="214fb19e" data-element_type="widget" data-widget_type="heading.default">
				<div class="elementor-widget-container">
					<h2 class="elementor-heading-title elementor-size-default">Sikora Piano Duo</h2>				</div>
				</div>
					</div>
		</div>
					</div>
		</section>
				<section class="elementor-section elementor-top-section elementor-element elementor-element-208796d2 elementor-section-boxed elementor-section-height-default elementor-section-height-default" data-id="208796d2" data-element_type="section">
						<div class="elementor-container elementor-column-gap-default">
					<div class="elementor-column elementor-col-50 elementor-top-column elementor-element elementor-element-2998c263" data-id="2998c263" data-element_type="column">
			<div class="elementor-widget-wrap elementor-element-populated">
						<div class="elementor-element elementor-element-4f2be069 elementor-widget elementor-widget-image" data-id="4f2be069" data-element_type="widget" data-widget_type="image.default">
				<div class="elementor-widget-container">
												<figure class="wp-caption">
										<img fetchpriority="high" decoding="async" width="768" height="1156" src="https://wsm.art.pl/wp-content/uploads/2021/04/Sikora-Piano-Duo-fot.-Pawel-Zadlo-768x1156.jpg" class="attachment-medium_large size-medium_large wp-image-1418" alt="" srcset="https://wsm.art.pl/wp-content/uploads/2021/04/Sikora-Piano-Duo-fot.-Pawel-Zadlo-768x1156.jpg 768w, https://wsm.art.pl/wp-content/uploads/2021/04/Sikora-Piano-Duo-fot.-Pawel-Zadlo-199x300.jpg 199w, https://wsm.art.pl/wp-content/uploads/2021/04/Sikora-Piano-Duo-fot.-Pawel-Zadlo-680x1024.jpg 680w, https://wsm.art.pl/wp-content/uploads/2021/04/Sikora-Piano-Duo-fot.-Pawel-Zadlo-1020x1536.jpg 1020w, https://wsm.art.pl/wp-content/uploads/2021/04/Sikora-Piano-Duo-fot.-Pawel-Zadlo.jpg 1063w" sizes="(max-width: 768px) 100vw, 768px" />											<figcaption class="widget-image-caption wp-caption-text">fot. Paweł Żądło</figcaption>
										</figure>
									</div>
				</div>
					</div>
		</div>
				<div class="elementor-column elementor-col-50 elementor-top-column elementor-element elementor-element-22045959" data-id="22045959" data-element_type="column">
			<div class="elementor-widget-wrap elementor-element-populated">
						<div class="elementor-element elementor-element-20a87065 elementor-widget elementor-widget-text-editor" data-id="20a87065" data-element_type="widget" data-widget_type="text-editor.default">
				<div class="elementor-widget-container">
									<p>Duet tworzą absolwenci katowickiej Akademii Muzycznej Marta Wójcik-Sikora oraz Jakub Sikora. Współpracę rozpoczęli już w czasie trwania studiów. Pragnąc doskonalić swoje umiejętności w dziedzinie kameralistyki w 2015 ukończyli studia podyplomowe na specjalności Duet fortepianowy pod kierunkiem prof. Wojciecha Świtały. Wielokrotnie uczestniczyli w mistrzowskich kursach pianistycznych w Blankenburg (Niemcy) oraz Ruse (Bułgaria). Obecnie duet kształci się pod kierunkiem światowej sławy duetu Aglika Genova &amp; Liuben Dimitrov, wykładowców Hochschule für Musik, Theater und Medien.<br />W swoim repertuarze duet posiada utwory zarówno na 4 ręce jak i dwa fortepiany regularnie go powiększając o nowe pozycje.<br />Duet wielokrotnie występował w kraju i za granicą, m.in. w Bułgarii, Niemczech, Austrii i Włoszech. Artyści zdobyli III nagrodę w 2011 na Międzynarodowym Konkursie Pianistycznym „Music without limits” w Druskiennikach (Litwa) oraz I nagrodę na Międzynarodowym Konkursie Pianistycznym w Forio d&#8217;Ischia (Włochy) w 2014. W 2016 zajęli II miejsce na Międzynarodowym Konkursie Pianistycznym „Chopin in Roma” w Rzymie w kategorii duetów fortepianowych na cztery ręce. W listopadzie 2017 Duet zdobył I nagrodę w kategorii duetów fortepianowych na XI Międzynarodowym konkursie im Franciszka Schuberta w Ruse. W następnym roku Duet wystąpił z recitalem na prestiżowym festiwalu „March Music Days” w Ruse, gdzie spotkał się z gorącym przyjęciem międzynarodowej publiczności. Podczas VII Międzynarodowego Konkursu Duetów Fortepianowych w Białymstoku w 2018 Duet otrzymał nagrodę specjalną Związku Kompozytorów Polskich za najlepsze wykonanie utworów muzyki polskiej. W 2019 artyści zostali półfinalistami XXI Międzynarodowego Konkursu Duetów Fortepianowych im. F. Schuberta w Jesenikach oraz Międzynarodowego Konkursu Duetów Fortepianowych im. S. Szörenyi w Bukareszcie.</p><p><a href="http://www.sikorapianoduo.pl"><strong>www.sikorapianoduo.pl</strong></a></p>								</div>
				</div>
					</div>
		</div>
					</div>
		</section>
				</div>

<p>Sikora Piano Duo fot. Paweł Żądło Duet tworzą absolwenci katowickiej Akademii Muzycznej Marta Wójcik-Sikora oraz Jakub Sikora. Współpracę rozpoczęli już w czasie trwania studiów. Pragnąc&hellip;</p>
