{"id":1122,"date":"2021-04-12T15:25:14","date_gmt":"2021-04-12T15:25:14","guid":{"rendered":"https:\/\/wsm2.ptmw.art.pl\/?page_id=1122"},"modified":"2021-05-08T23:55:38","modified_gmt":"2021-05-08T23:55:38","slug":"wladyslaw-slowinski","status":"publish","type":"page","link":"https:\/\/wsm.art.pl\/?page_id=1122","title":{"rendered":"W\u0142adys\u0142aw S\u0142owi\u0144ski"},"content":{"rendered":"\t\t<div data-elementor-type=\"wp-page\" data-elementor-id=\"1122\" class=\"elementor elementor-1122\">\n\t\t\t\t\t\t<section class=\"elementor-section elementor-top-section elementor-element elementor-element-24110ddb elementor-section-boxed elementor-section-height-default elementor-section-height-default\" data-id=\"24110ddb\" data-element_type=\"section\">\n\t\t\t\t\t\t<div class=\"elementor-container elementor-column-gap-default\">\n\t\t\t\t\t<div class=\"elementor-column elementor-col-100 elementor-top-column elementor-element elementor-element-54220d03\" data-id=\"54220d03\" data-element_type=\"column\">\n\t\t\t<div class=\"elementor-widget-wrap elementor-element-populated\">\n\t\t\t\t\t\t<div class=\"elementor-element elementor-element-214fb19e elementor-widget elementor-widget-heading\" data-id=\"214fb19e\" data-element_type=\"widget\" data-widget_type=\"heading.default\">\n\t\t\t\t<div class=\"elementor-widget-container\">\n\t\t\t\t\t<h2 class=\"elementor-heading-title elementor-size-default\">W\u0142adys\u0142aw S\u0142owi\u0144ski<\/h2>\t\t\t\t<\/div>\n\t\t\t\t<\/div>\n\t\t\t\t\t<\/div>\n\t\t<\/div>\n\t\t\t\t\t<\/div>\n\t\t<\/section>\n\t\t\t\t<section class=\"elementor-section elementor-top-section elementor-element elementor-element-208796d2 elementor-section-boxed elementor-section-height-default elementor-section-height-default\" data-id=\"208796d2\" data-element_type=\"section\">\n\t\t\t\t\t\t<div class=\"elementor-container elementor-column-gap-default\">\n\t\t\t\t\t<div class=\"elementor-column elementor-col-50 elementor-top-column elementor-element elementor-element-2998c263\" data-id=\"2998c263\" data-element_type=\"column\">\n\t\t\t<div class=\"elementor-widget-wrap elementor-element-populated\">\n\t\t\t\t\t\t<div class=\"elementor-element elementor-element-4f2be069 elementor-widget elementor-widget-image\" data-id=\"4f2be069\" data-element_type=\"widget\" data-widget_type=\"image.default\">\n\t\t\t\t<div class=\"elementor-widget-container\">\n\t\t\t\t\t\t\t\t\t\t\t\t<figure class=\"wp-caption\">\n\t\t\t\t\t\t\t\t\t\t<img fetchpriority=\"high\" decoding=\"async\" width=\"768\" height=\"1024\" src=\"https:\/\/wsm.art.pl\/wp-content\/uploads\/2021\/04\/slowiski-w.-fot.-magorzata-kosiska-768x1024.jpg\" class=\"attachment-medium_large size-medium_large wp-image-1338\" alt=\"\" srcset=\"https:\/\/wsm.art.pl\/wp-content\/uploads\/2021\/04\/slowiski-w.-fot.-magorzata-kosiska-768x1024.jpg 768w, https:\/\/wsm.art.pl\/wp-content\/uploads\/2021\/04\/slowiski-w.-fot.-magorzata-kosiska-225x300.jpg 225w, https:\/\/wsm.art.pl\/wp-content\/uploads\/2021\/04\/slowiski-w.-fot.-magorzata-kosiska.jpg 900w\" sizes=\"(max-width: 768px) 100vw, 768px\" \/>\t\t\t\t\t\t\t\t\t\t\t<figcaption class=\"widget-image-caption wp-caption-text\">fot. Ma\u0142gorzata Kosi\u0144ska<\/figcaption>\n\t\t\t\t\t\t\t\t\t\t<\/figure>\n\t\t\t\t\t\t\t\t\t<\/div>\n\t\t\t\t<\/div>\n\t\t\t\t\t<\/div>\n\t\t<\/div>\n\t\t\t\t<div class=\"elementor-column elementor-col-50 elementor-top-column elementor-element elementor-element-22045959\" data-id=\"22045959\" data-element_type=\"column\">\n\t\t\t<div class=\"elementor-widget-wrap elementor-element-populated\">\n\t\t\t\t\t\t<div class=\"elementor-element elementor-element-20a87065 elementor-widget elementor-widget-text-editor\" data-id=\"20a87065\" data-element_type=\"widget\" data-widget_type=\"text-editor.default\">\n\t\t\t\t<div class=\"elementor-widget-container\">\n\t\t\t\t\t\t\t\t\t<p>Kompozytor, dyrygent i organizator \u017cycia muzycznego; urodzi\u0142 si\u0119 14 maja 1930 w Sadlnie. W latach 1949-51 studiowa\u0142 muzykologi\u0119 pod kierunkiem Adolfa Chyli\u0144skiego na Uniwersytecie Adama Mickiewicza w Poznaniu. W latach 1950-54 odby\u0142 studia z zakresu kompozycji w klasie Tadeusza Szeligowskiego, a od 1951 do 1955 tak\u017ce dyrygentury u Waleriana Bierdiajewa i Stanis\u0142awa Wis\u0142ockiego w Pa\u0144stwowej Wy\u017cszej Szkole Muzycznej w Poznaniu.<br \/>W latach 1954-64 by\u0142 dyrygentem w Operze Pozna\u0144skiej oraz wsp\u00f3\u0142pracowa\u0142 jednocze\u015bnie z wieloma orkiestrami symfonicznymi, g\u0142\u00f3wnie z Filharmoni\u0105 Pozna\u0144sk\u0105. P\u00f3\u017aniej wsp\u00f3\u0142pracowa\u0142 z Teatrem Wielkim w \u0141odzi oraz Teatrem Wielkim w Warszawie. W latach 1970-73 by\u0142 dyrektorem artystycznym wytw\u00f3rni p\u0142ytowej Polskie Nagrania. Od 1973 do 1985 pe\u0142ni\u0142 funkcj\u0119 sekretarza generalnego Zwi\u0105zku Kompozytor\u00f3w Polskich, a od 1985 do 2001 by\u0142 prezesem Oddzia\u0142u Warszawskiego ZKP.<br \/>W 1986 powo\u0142a\u0142 do \u017cycia Warszawskie Spotkania Muzyczne, kt\u00f3rych by\u0142 dyrektorem artystycznym do 2016 roku.<br \/>Za swoj\u0105 tw\u00f3rczo\u015b\u0107 oraz dzia\u0142alno\u015b\u0107 organizacyjn\u0105 otrzyma\u0142 wiele nagr\u00f3d i odznacze\u0144: w 1975 \u2013 Z\u0142oty Krzy\u017c Zas\u0142ugi, w 1977 \u2013 Nagrod\u0119 Prezesa Rady Ministr\u00f3w za tw\u00f3rczo\u015b\u0107 dla dzieci i m\u0142odzie\u017cy, w 1980 \u2013 Krzy\u017c Kawalerski Orderu Odrodzenia Polski, w 1986 \u2013 Z\u0142ot\u0105 Odznak\u0119 Honorow\u0105 \u201eZa zas\u0142ugi dla Warszawy\u201d, w 1987 \u2013 Krzy\u017c Oficerski Orderu Odrodzenia Polski, w 1990 \u2013 Nagrod\u0119 Wojewody Warszawskiego za ca\u0142okszta\u0142t dorobku tw\u00f3rczego, w 1999 \u2013 doroczn\u0105 Nagrod\u0119 Zwi\u0105zku Kompozytor\u00f3w Polskich za tw\u00f3rczo\u015b\u0107 kompozytorsk\u0105, powo\u0142anie do \u017cycia Warszawskich Spotka\u0144 Muzycznych oraz zas\u0142ugi dla ZKP, w 2001 \u2013 Nagrod\u0119 Marsza\u0142ka Wojew\u00f3dztwa Mazowieckiego za tw\u00f3rczo\u015b\u0107 kompozytorsk\u0105 i dzia\u0142alno\u015b\u0107 spo\u0142eczn\u0105, w 2005 \u2013 Krzy\u017c Komandorski Orderu Odrodzenia Polski, w 2006 \u2013 Srebrny Medal Gloria Artis \u2013 Zas\u0142u\u017cony Kulturze oraz Nagrod\u0119 Samorz\u0105du Wojew\u00f3dztwa Mazowieckiego im. Cypriana Kamila Norwida w dziedzinie muzyki.<br \/>W\u0142adys\u0142aw S\u0142owi\u0144ski zrekonstruowa\u0142 i opracowa\u0142 zaginion\u0105 partytur\u0119 opery <em>Stara ba\u015b\u0144<\/em>\u00a0W\u0142adys\u0142awa \u017bele\u0144skiego (1959).<\/p><p>wi\u0119cej na <a href=\"http:\/\/www.polmic.pl\/index.php?option=com_mwosoby&amp;Itemid=4&amp;id=241&amp;view=czlowiek&amp;lang=pl\" target=\"_blank\" rel=\"noopener\"><strong>www.polmic.pl<\/strong><\/a><\/p><p><strong>Jesienna opowie\u015b\u0107<\/strong> (koncert 12 maja 2021)<br \/><i>Jesienna opowie\u015b\u0107<\/i> na kwartet smyczkowy powsta\u0142a w 2007 r. na zam\u00f3wienie Zwi\u0105zku Kompozytor\u00f3w Polskich w ramach projektu finansowanego ze \u015brodk\u00f3w Ministra Kultury<br \/>i Dziedzictwa Narodowego z programu operacyjnego \u201eZnaki czasu\u201d. Prawykonanie utworu odby\u0142o si\u0119 podczas 21. Warszawskich Spotka\u0144 Muzycznych. Wykonawc\u0105 by\u0142 Kwartet Wilan\u00f3w. Opracowania utworu na orkiestr\u0119 smyczkow\u0105 dokona\u0142 w roku 2020 Jan Mi\u0142osz Zarzycki.<\/p>\t\t\t\t\t\t\t\t<\/div>\n\t\t\t\t<\/div>\n\t\t\t\t\t<\/div>\n\t\t<\/div>\n\t\t\t\t\t<\/div>\n\t\t<\/section>\n\t\t\t\t<\/div>\n\t\t","protected":false},"excerpt":{"rendered":"<p>W\u0142adys\u0142aw S\u0142owi\u0144ski fot. Ma\u0142gorzata Kosi\u0144ska Kompozytor, dyrygent i organizator \u017cycia muzycznego; urodzi\u0142 si\u0119 14 maja 1930 w Sadlnie. W latach 1949-51 studiowa\u0142 muzykologi\u0119 pod kierunkiem&hellip;<\/p>\n","protected":false},"author":1,"featured_media":0,"parent":0,"menu_order":0,"comment_status":"closed","ping_status":"closed","template":"","meta":{"footnotes":""},"class_list":["post-1122","page","type-page","status-publish","hentry"],"_links":{"self":[{"href":"https:\/\/wsm.art.pl\/index.php?rest_route=\/wp\/v2\/pages\/1122","targetHints":{"allow":["GET"]}}],"collection":[{"href":"https:\/\/wsm.art.pl\/index.php?rest_route=\/wp\/v2\/pages"}],"about":[{"href":"https:\/\/wsm.art.pl\/index.php?rest_route=\/wp\/v2\/types\/page"}],"author":[{"embeddable":true,"href":"https:\/\/wsm.art.pl\/index.php?rest_route=\/wp\/v2\/users\/1"}],"replies":[{"embeddable":true,"href":"https:\/\/wsm.art.pl\/index.php?rest_route=%2Fwp%2Fv2%2Fcomments&post=1122"}],"version-history":[{"count":41,"href":"https:\/\/wsm.art.pl\/index.php?rest_route=\/wp\/v2\/pages\/1122\/revisions"}],"predecessor-version":[{"id":4827,"href":"https:\/\/wsm.art.pl\/index.php?rest_route=\/wp\/v2\/pages\/1122\/revisions\/4827"}],"wp:attachment":[{"href":"https:\/\/wsm.art.pl\/index.php?rest_route=%2Fwp%2Fv2%2Fmedia&parent=1122"}],"curies":[{"name":"wp","href":"https:\/\/api.w.org\/{rel}","templated":true}]}}

Władysław Słowiński

<div data-elementor-type="wp-page" data-elementor-id="1122" class="elementor elementor-1122">
						<section class="elementor-section elementor-top-section elementor-element elementor-element-24110ddb elementor-section-boxed elementor-section-height-default elementor-section-height-default" data-id="24110ddb" data-element_type="section">
						<div class="elementor-container elementor-column-gap-default">
					<div class="elementor-column elementor-col-100 elementor-top-column elementor-element elementor-element-54220d03" data-id="54220d03" data-element_type="column">
			<div class="elementor-widget-wrap elementor-element-populated">
						<div class="elementor-element elementor-element-214fb19e elementor-widget elementor-widget-heading" data-id="214fb19e" data-element_type="widget" data-widget_type="heading.default">
				<div class="elementor-widget-container">
					<h2 class="elementor-heading-title elementor-size-default">Władysław Słowiński</h2>				</div>
				</div>
					</div>
		</div>
					</div>
		</section>
				<section class="elementor-section elementor-top-section elementor-element elementor-element-208796d2 elementor-section-boxed elementor-section-height-default elementor-section-height-default" data-id="208796d2" data-element_type="section">
						<div class="elementor-container elementor-column-gap-default">
					<div class="elementor-column elementor-col-50 elementor-top-column elementor-element elementor-element-2998c263" data-id="2998c263" data-element_type="column">
			<div class="elementor-widget-wrap elementor-element-populated">
						<div class="elementor-element elementor-element-4f2be069 elementor-widget elementor-widget-image" data-id="4f2be069" data-element_type="widget" data-widget_type="image.default">
				<div class="elementor-widget-container">
												<figure class="wp-caption">
										<img fetchpriority="high" decoding="async" width="768" height="1024" src="https://wsm.art.pl/wp-content/uploads/2021/04/slowiski-w.-fot.-magorzata-kosiska-768x1024.jpg" class="attachment-medium_large size-medium_large wp-image-1338" alt="" srcset="https://wsm.art.pl/wp-content/uploads/2021/04/slowiski-w.-fot.-magorzata-kosiska-768x1024.jpg 768w, https://wsm.art.pl/wp-content/uploads/2021/04/slowiski-w.-fot.-magorzata-kosiska-225x300.jpg 225w, https://wsm.art.pl/wp-content/uploads/2021/04/slowiski-w.-fot.-magorzata-kosiska.jpg 900w" sizes="(max-width: 768px) 100vw, 768px" />											<figcaption class="widget-image-caption wp-caption-text">fot. Małgorzata Kosińska</figcaption>
										</figure>
									</div>
				</div>
					</div>
		</div>
				<div class="elementor-column elementor-col-50 elementor-top-column elementor-element elementor-element-22045959" data-id="22045959" data-element_type="column">
			<div class="elementor-widget-wrap elementor-element-populated">
						<div class="elementor-element elementor-element-20a87065 elementor-widget elementor-widget-text-editor" data-id="20a87065" data-element_type="widget" data-widget_type="text-editor.default">
				<div class="elementor-widget-container">
									<p>Kompozytor, dyrygent i organizator życia muzycznego; urodził się 14 maja 1930 w Sadlnie. W latach 1949-51 studiował muzykologię pod kierunkiem Adolfa Chylińskiego na Uniwersytecie Adama Mickiewicza w Poznaniu. W latach 1950-54 odbył studia z zakresu kompozycji w klasie Tadeusza Szeligowskiego, a od 1951 do 1955 także dyrygentury u Waleriana Bierdiajewa i Stanisława Wisłockiego w Państwowej Wyższej Szkole Muzycznej w Poznaniu.<br />W latach 1954-64 był dyrygentem w Operze Poznańskiej oraz współpracował jednocześnie z wieloma orkiestrami symfonicznymi, głównie z Filharmonią Poznańską. Później współpracował z Teatrem Wielkim w Łodzi oraz Teatrem Wielkim w Warszawie. W latach 1970-73 był dyrektorem artystycznym wytwórni płytowej Polskie Nagrania. Od 1973 do 1985 pełnił funkcję sekretarza generalnego Związku Kompozytorów Polskich, a od 1985 do 2001 był prezesem Oddziału Warszawskiego ZKP.<br />W 1986 powołał do życia Warszawskie Spotkania Muzyczne, których był dyrektorem artystycznym do 2016 roku.<br />Za swoją twórczość oraz działalność organizacyjną otrzymał wiele nagród i odznaczeń: w 1975 – Złoty Krzyż Zasługi, w 1977 – Nagrodę Prezesa Rady Ministrów za twórczość dla dzieci i młodzieży, w 1980 – Krzyż Kawalerski Orderu Odrodzenia Polski, w 1986 – Złotą Odznakę Honorową „Za zasługi dla Warszawy”, w 1987 – Krzyż Oficerski Orderu Odrodzenia Polski, w 1990 – Nagrodę Wojewody Warszawskiego za całokształt dorobku twórczego, w 1999 – doroczną Nagrodę Związku Kompozytorów Polskich za twórczość kompozytorską, powołanie do życia Warszawskich Spotkań Muzycznych oraz zasługi dla ZKP, w 2001 – Nagrodę Marszałka Województwa Mazowieckiego za twórczość kompozytorską i działalność społeczną, w 2005 – Krzyż Komandorski Orderu Odrodzenia Polski, w 2006 – Srebrny Medal Gloria Artis – Zasłużony Kulturze oraz Nagrodę Samorządu Województwa Mazowieckiego im. Cypriana Kamila Norwida w dziedzinie muzyki.<br />Władysław Słowiński zrekonstruował i opracował zaginioną partyturę opery <em>Stara baśń</em> Władysława Żeleńskiego (1959).</p><p>więcej na <a href="http://www.polmic.pl/index.php?option=com_mwosoby&amp;Itemid=4&amp;id=241&amp;view=czlowiek&amp;lang=pl" target="_blank" rel="noopener"><strong>www.polmic.pl</strong></a></p><p><strong>Jesienna opowieść</strong> (koncert 12 maja 2021)<br /><i>Jesienna opowieść</i> na kwartet smyczkowy powstała w 2007 r. na zamówienie Związku Kompozytorów Polskich w ramach projektu finansowanego ze środków Ministra Kultury<br />i Dziedzictwa Narodowego z programu operacyjnego „Znaki czasu”. Prawykonanie utworu odbyło się podczas 21. Warszawskich Spotkań Muzycznych. Wykonawcą był Kwartet Wilanów. Opracowania utworu na orkiestrę smyczkową dokonał w roku 2020 Jan Miłosz Zarzycki.</p>								</div>
				</div>
					</div>
		</div>
					</div>
		</section>
				</div>

<p>Władysław Słowiński fot. Małgorzata Kosińska Kompozytor, dyrygent i organizator życia muzycznego; urodził się 14 maja 1930 w Sadlnie. W latach 1949-51 studiował muzykologię pod kierunkiem&hellip;</p>
