{"id":1120,"date":"2021-04-12T15:24:57","date_gmt":"2021-04-12T15:24:57","guid":{"rendered":"https:\/\/wsm2.ptmw.art.pl\/?page_id=1120"},"modified":"2021-05-13T17:14:26","modified_gmt":"2021-05-13T17:14:26","slug":"edward-sielicki","status":"publish","type":"page","link":"https:\/\/wsm.art.pl\/?page_id=1120","title":{"rendered":"Edward Sielicki"},"content":{"rendered":"\t\t<div data-elementor-type=\"wp-page\" data-elementor-id=\"1120\" class=\"elementor elementor-1120\">\n\t\t\t\t\t\t<section class=\"elementor-section elementor-top-section elementor-element elementor-element-24110ddb elementor-section-boxed elementor-section-height-default elementor-section-height-default\" data-id=\"24110ddb\" data-element_type=\"section\">\n\t\t\t\t\t\t<div class=\"elementor-container elementor-column-gap-default\">\n\t\t\t\t\t<div class=\"elementor-column elementor-col-100 elementor-top-column elementor-element elementor-element-54220d03\" data-id=\"54220d03\" data-element_type=\"column\">\n\t\t\t<div class=\"elementor-widget-wrap elementor-element-populated\">\n\t\t\t\t\t\t<div class=\"elementor-element elementor-element-214fb19e elementor-widget elementor-widget-heading\" data-id=\"214fb19e\" data-element_type=\"widget\" data-widget_type=\"heading.default\">\n\t\t\t\t<div class=\"elementor-widget-container\">\n\t\t\t\t\t<h2 class=\"elementor-heading-title elementor-size-default\">Edward Sielicki<\/h2>\t\t\t\t<\/div>\n\t\t\t\t<\/div>\n\t\t\t\t\t<\/div>\n\t\t<\/div>\n\t\t\t\t\t<\/div>\n\t\t<\/section>\n\t\t\t\t<section class=\"elementor-section elementor-top-section elementor-element elementor-element-208796d2 elementor-section-boxed elementor-section-height-default elementor-section-height-default\" data-id=\"208796d2\" data-element_type=\"section\">\n\t\t\t\t\t\t<div class=\"elementor-container elementor-column-gap-default\">\n\t\t\t\t\t<div class=\"elementor-column elementor-col-50 elementor-top-column elementor-element elementor-element-2998c263\" data-id=\"2998c263\" data-element_type=\"column\">\n\t\t\t<div class=\"elementor-widget-wrap elementor-element-populated\">\n\t\t\t\t\t\t<div class=\"elementor-element elementor-element-4f2be069 elementor-widget elementor-widget-image\" data-id=\"4f2be069\" data-element_type=\"widget\" data-widget_type=\"image.default\">\n\t\t\t\t<div class=\"elementor-widget-container\">\n\t\t\t\t\t\t\t\t\t\t\t\t<figure class=\"wp-caption\">\n\t\t\t\t\t\t\t\t\t\t<img fetchpriority=\"high\" decoding=\"async\" width=\"535\" height=\"800\" src=\"https:\/\/wsm.art.pl\/wp-content\/uploads\/2021\/04\/Edrward-Sielicki-maly-fot.-Kim-Seo-Young.jpg\" class=\"attachment-medium_large size-medium_large wp-image-1231\" alt=\"\" srcset=\"https:\/\/wsm.art.pl\/wp-content\/uploads\/2021\/04\/Edrward-Sielicki-maly-fot.-Kim-Seo-Young.jpg 535w, https:\/\/wsm.art.pl\/wp-content\/uploads\/2021\/04\/Edrward-Sielicki-maly-fot.-Kim-Seo-Young-201x300.jpg 201w\" sizes=\"(max-width: 535px) 100vw, 535px\" \/>\t\t\t\t\t\t\t\t\t\t\t<figcaption class=\"widget-image-caption wp-caption-text\">fot. Kim Seo Young<\/figcaption>\n\t\t\t\t\t\t\t\t\t\t<\/figure>\n\t\t\t\t\t\t\t\t\t<\/div>\n\t\t\t\t<\/div>\n\t\t\t\t\t<\/div>\n\t\t<\/div>\n\t\t\t\t<div class=\"elementor-column elementor-col-50 elementor-top-column elementor-element elementor-element-22045959\" data-id=\"22045959\" data-element_type=\"column\">\n\t\t\t<div class=\"elementor-widget-wrap elementor-element-populated\">\n\t\t\t\t\t\t<div class=\"elementor-element elementor-element-20a87065 elementor-widget elementor-widget-text-editor\" data-id=\"20a87065\" data-element_type=\"widget\" data-widget_type=\"text-editor.default\">\n\t\t\t\t<div class=\"elementor-widget-container\">\n\t\t\t\t\t\t\t\t\t<p style=\"text-align: left;\">Urodzi\u0142 si\u0119 3 czerwca 1956 w Warszawie. Studiowa\u0142 kompozycj\u0119 w Akademii Muzycznej w Warszawie (obecnie Uniwersytet Muzyczny Fryderyka Chopina) u Andrzeja Dobrowolskiego i W\u0142odzimierza Koto\u0144skiego (1975-1980). W 1984 kontynuowa\u0142 studia kompozytorskie oraz w dziedzinie muzyki elektronicznej, u Tona de Leeuw w Konserwatorium im. Sweelincka w Amsterdamie (w ramach stypendium Rz\u0105du Holenderskiego). Jest laureatem m.in. Konkursu M\u0142odych ZKP, Konkursu Oddzia\u0142u Warszawskiego ZKP oraz Mi\u0119dzynarodowego Konkursu Kompozytorskiego \u201eRadio Suisse Romande\u201d w Genewie, Mi\u0119dzynarodowego Konkursu Muzyki Elektroakustycznej w Bourges oraz Nagrody M\u0142odych im. Stanis\u0142awa Wyspia\u0144skiego. Szereg jego dzie\u0142 zarejestrowanych zosta\u0142o archiwalnie w Polskim Radiu i na p\u0142ytach. Wsp\u00f3\u0142pracowa\u0142 ze Studiem Eksperymentalnym Polskiego Radia, kt\u00f3re kilkakrotnie zamawia\u0142o u niego utwory. Czterokrotnie nominowany do Nagrody Przemys\u0142u Fonograficznego FRYDERYK. Wyk\u0142ada na Uniwersytecie Muzycznym Fryderyka Chopina. Prowadzi\u0142 zaj\u0119cia i kursy mistrzowskie na Letnim Uniwersytecie w Marly-le-Roi pod Pary\u017cem, w Konserwatorium Muzycznym im. Rimskiego-Korsakowa w St. Petersburgu, Akademii Sztuki w Stambule oraz wielokrotnie (w latach 2001-2019) prowadzi\u0142 klas\u0119 kompozycji na Uniwersytecie Keimyung w Daegu w Korei Po\u0142udniowej. W 2007 uzyska\u0142 tytu\u0142 doktora habilitowanego sztuki muzycznej. W latach 2008-12 pe\u0142ni\u0142 funkcj\u0119 prodziekana Wydzia\u0142u Kompozycji, Dyrygentury i Teorii Muzyki Uniwersytetu Muzycznego Fryderyka Chopina.<br \/>Jest autorem ponad 160 kompozycji niemal w ka\u017cdych gatunkach z elektronik\u0105 i multimediami w\u0142\u0105cznie. W\u015br\u00f3d najwa\u017cniejszych s\u0105: muzyka oratoryjna, na ch\u00f3r a cappella, symfonie, koncerty (fortepianowy, fletowy, obojowy, klarnetowy, akordeonowy, na kwartet smyczkowy i orkiestr\u0119, na fortepian na 4 r\u0119ce i orkiestr\u0119 smyczkow\u0105, concertino na wiolonczel\u0119 i smyczki, na alt\u00f3wk\u0119 i smyczki), 3 sinfonietty, 2 koncerty na orkiestr\u0119 smyczkow\u0105 oraz utwory na instrument z orkiestr\u0105 (bandoneon, saksofon, skrzypce, fortepian, perkusja), utwory kameralne (sonaty: alt\u00f3wkowa, skrzypcowa, klawesynowa, na 2 skrzypiec), kwartety smyczkowe, utwory na r\u00f3\u017cne sk\u0142ady, solowe utwory fortepianowe oraz na inne instrumenty (flet, ob\u00f3j, organy), muzyka elektroniczna, w tym z udzia\u0142em instrument\u00f3w, muzyka do telewizji, teatru, muzyka dla dzieci i in. Jego muzyka jest wykonywana przez wielu czo\u0142owych artyst\u00f3w w kraju i zagranic\u0105 oraz nagrywana na p\u0142yty.<\/p><p style=\"text-align: left;\">wi\u0119cej na <a href=\"http:\/\/www.polmic.pl\/index.php?option=com_mwosoby&amp;id=189&amp;view=czlowiek&amp;litera=21&amp;Itemid=5&amp;lang=pl\" target=\"_blank\" rel=\"noopener\"><strong>www.polmic.pl<\/strong><\/a><\/p><p class=\"western\" style=\"text-align: left;\" align=\"justify\"><span style=\"font-family: Archivo Narrow, sans-serif;\"><span style=\"font-size: medium;\"><strong>Deszcze<\/strong> (koncert 12 maja 2021)<i><br \/>Deszcze<\/i><\/span><\/span><span style=\"font-family: Archivo Narrow, sans-serif;\"><span style=\"font-size: medium;\"> \u2013 koncert na fortepian na 4 r\u0119ce i orkiestr\u0119 smyczkow\u0105 jest jednym z kilku moich utwor\u00f3w inspirowanych malarstwem. Zosta\u0142 dedykowany pi\u0119ciu wybitnym malarzom surrealistom r\u00f3\u017cnych narodowo\u015bci, kt\u00f3rych dzie\u0142a wywar\u0142y na mnie najwi\u0119ksze wra\u017cenie. S\u0105 to: Francuz \u2013 Andr\u00e9 Masson, Katalo\u0144czyk \u2013 Joan Mir\u00f2, Niemiec \u2013 Max Ernst, Austriak \u2013 Friedensreich Hundertwasser oraz Kuba\u0144czyk \u2013 Vilfredo Lam. Cz\u0119\u015b\u0107 ich tw\u00f3rczo\u015bci powi\u0105za\u0107 mo\u017cna z wod\u0105 i deszczem.<br \/><\/span><\/span><span style=\"font-family: 'Archivo Narrow', sans-serif;\"><span style=\"font-size: medium;\">Utw\u00f3r sk\u0142ada si\u0119 z 5 cz\u0119\u015bci. Pierwsza z podtytu\u0142em <\/span><\/span><span style=\"font-family: 'Archivo Narrow', sans-serif;\"><span style=\"font-size: medium;\"><i>Cherrapungi<\/i><\/span><\/span><span style=\"font-family: 'Archivo Narrow', sans-serif;\"><span style=\"font-size: medium;\">, to miasto w Indiach, w kt\u00f3rym wyst\u0119puje najwi\u0119ksza ilo\u015b\u0107 opad\u00f3w na \u015bwiecie i kojarzy si\u0119 z bogato kolorystyczn\u0105 i wieloznaczn\u0105 struktur\u0105 malarstwa tego na po\u0142y abstrakcyjnego malarza. Cz\u0119\u015b\u0107 II \u2013 <\/span><\/span><span style=\"font-family: 'Archivo Narrow', sans-serif;\"><span style=\"font-size: medium;\"><i>Sople lodu<\/i><\/span><\/span><span style=\"font-family: 'Archivo Narrow', sans-serif;\"><span style=\"font-size: medium;\"> \u2013 muzycznie odwo\u0142uje si\u0119 do kadencyjnego motywu z\u00a0wolnej cz\u0119\u015bci <\/span><\/span><span style=\"font-family: 'Archivo Narrow', sans-serif;\"><span style=\"font-size: medium;\"><i>Koncertu fortepianowego e-moll<\/i><\/span><\/span><span style=\"font-family: 'Archivo Narrow', sans-serif;\"><span style=\"font-size: medium;\"> Fryderyka Chopina, cz\u0119sto okre\u015blanej jako krople wody ze spadaj\u0105cych sopli. Dziwnym trafem malarstwo Mir\u00f2 jest pe\u0142ne zawisaj\u0105cych w powietrzu element\u00f3w podobnych do kropli wody. Cz\u0119\u015b\u0107 III <\/span><\/span><span style=\"font-family: 'Archivo Narrow', sans-serif;\"><span style=\"font-size: medium;\"><i>Europa po deszczu<\/i><\/span><\/span><span style=\"font-family: 'Archivo Narrow', sans-serif;\"><span style=\"font-size: medium;\"> nawi\u0105zuje do niezwyk\u0142ego cyklu Ernsta, w kt\u00f3rym znajduje si\u0119 odwo\u0142anie do Europy po Wojnie. Cz\u0119\u015b\u0107 IV <\/span><\/span><span style=\"font-family: 'Archivo Narrow', sans-serif;\"><span style=\"font-size: medium;\"><i>Regentag<\/i><\/span><\/span><span style=\"font-family: 'Archivo Narrow', sans-serif;\"><span style=\"font-size: medium;\"> (Deszczowy dzie\u0144) to nazwa towarzysz\u0105ca Hundertwasserowi (maj\u0105cego \u201esto w\u00f3d\u201d w nazwisku!) i jego niezliczonym grafikom i obrazom zwi\u0105zanym z deszczem, kt\u00f3ry ten artysta uwielbia\u0142. I wreszcie ostatnia cz\u0119\u015b\u0107 to las tropikalny Vilfredo Lama. Tytu\u0142 cz\u0119\u015bci: <\/span><\/span><span style=\"font-family: 'Archivo Narrow', sans-serif;\"><span style=\"font-size: medium;\"><i>Las w deszczu<\/i><\/span><\/span><span style=\"font-family: 'Archivo Narrow', sans-serif;\"><span style=\"font-size: medium;\"> (nieprzypadkowa aluzja do jednego z <\/span><\/span><span style=\"font-family: 'Archivo Narrow', sans-serif;\"><span style=\"font-size: medium;\"><i>Preludi\u00f3w<\/i><\/span><\/span><span style=\"font-family: 'Archivo Narrow', sans-serif;\"><span style=\"font-size: medium;\"> Debussy\u2019ego). Pe\u0142ne odniesie\u0144 do d\u017cungli obrazy tego malarza przynosz\u0105 g\u0119st\u0105 atmosfer\u0119 tropik\u00f3w, z kt\u00f3rych wy\u0142ania si\u0119 ca\u0142kiem niespodziewanie, jak z mg\u0142y \u2013 kuba\u0144ski taniec: rumba. <\/span><\/span><span style=\"font-family: Archivo Narrow, sans-serif;\"><span style=\"font-size: medium;\">Data powstania utworu: 2012-13.<br \/><\/span><\/span><em><span style=\"font-family: Archivo Narrow, sans-serif;\"><span style=\"font-size: medium;\">Edward Sielicki<\/span><\/span><\/em><\/p>\t\t\t\t\t\t\t\t<\/div>\n\t\t\t\t<\/div>\n\t\t\t\t\t<\/div>\n\t\t<\/div>\n\t\t\t\t\t<\/div>\n\t\t<\/section>\n\t\t\t\t<section class=\"elementor-section elementor-top-section elementor-element elementor-element-f533ae1 elementor-section-boxed elementor-section-height-default elementor-section-height-default\" data-id=\"f533ae1\" data-element_type=\"section\">\n\t\t\t\t\t\t<div class=\"elementor-container elementor-column-gap-default\">\n\t\t\t\t\t<div class=\"elementor-column elementor-col-50 elementor-top-column elementor-element elementor-element-637e2e4\" data-id=\"637e2e4\" data-element_type=\"column\">\n\t\t\t<div class=\"elementor-widget-wrap\">\n\t\t\t\t\t\t\t<\/div>\n\t\t<\/div>\n\t\t\t\t<div class=\"elementor-column elementor-col-50 elementor-top-column elementor-element elementor-element-6e03eff\" data-id=\"6e03eff\" data-element_type=\"column\">\n\t\t\t<div class=\"elementor-widget-wrap elementor-element-populated\">\n\t\t\t\t\t\t<div class=\"elementor-element elementor-element-839dad9 elementor-widget elementor-widget-image\" data-id=\"839dad9\" data-element_type=\"widget\" data-widget_type=\"image.default\">\n\t\t\t\t<div class=\"elementor-widget-container\">\n\t\t\t\t\t\t\t\t\t\t\t\t<figure class=\"wp-caption\">\n\t\t\t\t\t\t\t\t\t\t<img decoding=\"async\" width=\"781\" height=\"1000\" src=\"https:\/\/wsm.art.pl\/wp-content\/uploads\/2021\/05\/Masson.jpg\" class=\"attachment-large size-large wp-image-5589\" alt=\"\" srcset=\"https:\/\/wsm.art.pl\/wp-content\/uploads\/2021\/05\/Masson.jpg 781w, https:\/\/wsm.art.pl\/wp-content\/uploads\/2021\/05\/Masson-234x300.jpg 234w, https:\/\/wsm.art.pl\/wp-content\/uploads\/2021\/05\/Masson-768x983.jpg 768w\" sizes=\"(max-width: 781px) 100vw, 781px\" \/>\t\t\t\t\t\t\t\t\t\t\t<figcaption class=\"widget-image-caption wp-caption-text\">Andr\u00e9 Masson<\/figcaption>\n\t\t\t\t\t\t\t\t\t\t<\/figure>\n\t\t\t\t\t\t\t\t\t<\/div>\n\t\t\t\t<\/div>\n\t\t\t\t\t<\/div>\n\t\t<\/div>\n\t\t\t\t\t<\/div>\n\t\t<\/section>\n\t\t\t\t<section class=\"elementor-section elementor-top-section elementor-element elementor-element-3236fc7 elementor-section-boxed elementor-section-height-default elementor-section-height-default\" data-id=\"3236fc7\" data-element_type=\"section\">\n\t\t\t\t\t\t<div class=\"elementor-container elementor-column-gap-default\">\n\t\t\t\t\t<div class=\"elementor-column elementor-col-50 elementor-top-column elementor-element elementor-element-aa795be\" data-id=\"aa795be\" data-element_type=\"column\">\n\t\t\t<div class=\"elementor-widget-wrap\">\n\t\t\t\t\t\t\t<\/div>\n\t\t<\/div>\n\t\t\t\t<div class=\"elementor-column elementor-col-50 elementor-top-column elementor-element elementor-element-89967a2\" data-id=\"89967a2\" data-element_type=\"column\">\n\t\t\t<div class=\"elementor-widget-wrap elementor-element-populated\">\n\t\t\t\t\t\t<div class=\"elementor-element elementor-element-9a3777b elementor-widget elementor-widget-image\" data-id=\"9a3777b\" data-element_type=\"widget\" data-widget_type=\"image.default\">\n\t\t\t\t<div class=\"elementor-widget-container\">\n\t\t\t\t\t\t\t\t\t\t\t\t<figure class=\"wp-caption\">\n\t\t\t\t\t\t\t\t\t\t<img decoding=\"async\" width=\"584\" height=\"720\" src=\"https:\/\/wsm.art.pl\/wp-content\/uploads\/2021\/05\/Joan-Miro.jpg\" class=\"attachment-large size-large wp-image-5587\" alt=\"\" srcset=\"https:\/\/wsm.art.pl\/wp-content\/uploads\/2021\/05\/Joan-Miro.jpg 584w, https:\/\/wsm.art.pl\/wp-content\/uploads\/2021\/05\/Joan-Miro-243x300.jpg 243w\" sizes=\"(max-width: 584px) 100vw, 584px\" \/>\t\t\t\t\t\t\t\t\t\t\t<figcaption class=\"widget-image-caption wp-caption-text\">Joan Mir\u00f2<\/figcaption>\n\t\t\t\t\t\t\t\t\t\t<\/figure>\n\t\t\t\t\t\t\t\t\t<\/div>\n\t\t\t\t<\/div>\n\t\t\t\t\t<\/div>\n\t\t<\/div>\n\t\t\t\t\t<\/div>\n\t\t<\/section>\n\t\t\t\t<section class=\"elementor-section elementor-top-section elementor-element elementor-element-e2f723e elementor-section-boxed elementor-section-height-default elementor-section-height-default\" data-id=\"e2f723e\" data-element_type=\"section\">\n\t\t\t\t\t\t<div class=\"elementor-container elementor-column-gap-default\">\n\t\t\t\t\t<div class=\"elementor-column elementor-col-50 elementor-top-column elementor-element elementor-element-a31a497\" data-id=\"a31a497\" data-element_type=\"column\">\n\t\t\t<div class=\"elementor-widget-wrap\">\n\t\t\t\t\t\t\t<\/div>\n\t\t<\/div>\n\t\t\t\t<div class=\"elementor-column elementor-col-50 elementor-top-column elementor-element elementor-element-300552e\" data-id=\"300552e\" data-element_type=\"column\">\n\t\t\t<div class=\"elementor-widget-wrap elementor-element-populated\">\n\t\t\t\t\t\t<div class=\"elementor-element elementor-element-6ef51a7 elementor-widget elementor-widget-image\" data-id=\"6ef51a7\" data-element_type=\"widget\" data-widget_type=\"image.default\">\n\t\t\t\t<div class=\"elementor-widget-container\">\n\t\t\t\t\t\t\t\t\t\t\t\t<figure class=\"wp-caption\">\n\t\t\t\t\t\t\t\t\t\t<img loading=\"lazy\" decoding=\"async\" width=\"843\" height=\"676\" src=\"https:\/\/wsm.art.pl\/wp-content\/uploads\/2021\/05\/Max-Ernst.jpg\" class=\"attachment-large size-large wp-image-5584\" alt=\"\" srcset=\"https:\/\/wsm.art.pl\/wp-content\/uploads\/2021\/05\/Max-Ernst.jpg 1024w, https:\/\/wsm.art.pl\/wp-content\/uploads\/2021\/05\/Max-Ernst-300x241.jpg 300w, https:\/\/wsm.art.pl\/wp-content\/uploads\/2021\/05\/Max-Ernst-768x616.jpg 768w\" sizes=\"(max-width: 843px) 100vw, 843px\" \/>\t\t\t\t\t\t\t\t\t\t\t<figcaption class=\"widget-image-caption wp-caption-text\">Max Ernst<\/figcaption>\n\t\t\t\t\t\t\t\t\t\t<\/figure>\n\t\t\t\t\t\t\t\t\t<\/div>\n\t\t\t\t<\/div>\n\t\t\t\t\t<\/div>\n\t\t<\/div>\n\t\t\t\t\t<\/div>\n\t\t<\/section>\n\t\t\t\t<section class=\"elementor-section elementor-top-section elementor-element elementor-element-cd2980b elementor-section-boxed elementor-section-height-default elementor-section-height-default\" data-id=\"cd2980b\" data-element_type=\"section\">\n\t\t\t\t\t\t<div class=\"elementor-container elementor-column-gap-default\">\n\t\t\t\t\t<div class=\"elementor-column elementor-col-50 elementor-top-column elementor-element elementor-element-df82684\" data-id=\"df82684\" data-element_type=\"column\">\n\t\t\t<div class=\"elementor-widget-wrap\">\n\t\t\t\t\t\t\t<\/div>\n\t\t<\/div>\n\t\t\t\t<div class=\"elementor-column elementor-col-50 elementor-top-column elementor-element elementor-element-3726dc4\" data-id=\"3726dc4\" data-element_type=\"column\">\n\t\t\t<div class=\"elementor-widget-wrap elementor-element-populated\">\n\t\t\t\t\t\t<div class=\"elementor-element elementor-element-ce66b5a elementor-widget elementor-widget-image\" data-id=\"ce66b5a\" data-element_type=\"widget\" data-widget_type=\"image.default\">\n\t\t\t\t<div class=\"elementor-widget-container\">\n\t\t\t\t\t\t\t\t\t\t\t\t<figure class=\"wp-caption\">\n\t\t\t\t\t\t\t\t\t\t<img loading=\"lazy\" decoding=\"async\" width=\"800\" height=\"803\" src=\"https:\/\/wsm.art.pl\/wp-content\/uploads\/2021\/05\/Hundertwasser.jpg\" class=\"attachment-large size-large wp-image-5586\" alt=\"\" srcset=\"https:\/\/wsm.art.pl\/wp-content\/uploads\/2021\/05\/Hundertwasser.jpg 800w, https:\/\/wsm.art.pl\/wp-content\/uploads\/2021\/05\/Hundertwasser-300x300.jpg 300w, https:\/\/wsm.art.pl\/wp-content\/uploads\/2021\/05\/Hundertwasser-150x150.jpg 150w, https:\/\/wsm.art.pl\/wp-content\/uploads\/2021\/05\/Hundertwasser-768x771.jpg 768w\" sizes=\"(max-width: 800px) 100vw, 800px\" \/>\t\t\t\t\t\t\t\t\t\t\t<figcaption class=\"widget-image-caption wp-caption-text\">Friedensreich Hundertwasser<\/figcaption>\n\t\t\t\t\t\t\t\t\t\t<\/figure>\n\t\t\t\t\t\t\t\t\t<\/div>\n\t\t\t\t<\/div>\n\t\t\t\t\t<\/div>\n\t\t<\/div>\n\t\t\t\t\t<\/div>\n\t\t<\/section>\n\t\t\t\t<section class=\"elementor-section elementor-top-section elementor-element elementor-element-96b40d7 elementor-section-boxed elementor-section-height-default elementor-section-height-default\" data-id=\"96b40d7\" data-element_type=\"section\">\n\t\t\t\t\t\t<div class=\"elementor-container elementor-column-gap-default\">\n\t\t\t\t\t<div class=\"elementor-column elementor-col-50 elementor-top-column elementor-element elementor-element-fb9d876\" data-id=\"fb9d876\" data-element_type=\"column\">\n\t\t\t<div class=\"elementor-widget-wrap\">\n\t\t\t\t\t\t\t<\/div>\n\t\t<\/div>\n\t\t\t\t<div class=\"elementor-column elementor-col-50 elementor-top-column elementor-element elementor-element-5f00566\" data-id=\"5f00566\" data-element_type=\"column\">\n\t\t\t<div class=\"elementor-widget-wrap elementor-element-populated\">\n\t\t\t\t\t\t<div class=\"elementor-element elementor-element-52c1ffe elementor-widget elementor-widget-image\" data-id=\"52c1ffe\" data-element_type=\"widget\" data-widget_type=\"image.default\">\n\t\t\t\t<div class=\"elementor-widget-container\">\n\t\t\t\t\t\t\t\t\t\t\t\t<figure class=\"wp-caption\">\n\t\t\t\t\t\t\t\t\t\t<img loading=\"lazy\" decoding=\"async\" width=\"659\" height=\"686\" src=\"https:\/\/wsm.art.pl\/wp-content\/uploads\/2021\/05\/Wilfredo-Lam.jpg\" class=\"attachment-large size-large wp-image-5585\" alt=\"\" srcset=\"https:\/\/wsm.art.pl\/wp-content\/uploads\/2021\/05\/Wilfredo-Lam.jpg 659w, https:\/\/wsm.art.pl\/wp-content\/uploads\/2021\/05\/Wilfredo-Lam-288x300.jpg 288w\" sizes=\"(max-width: 659px) 100vw, 659px\" \/>\t\t\t\t\t\t\t\t\t\t\t<figcaption class=\"widget-image-caption wp-caption-text\">Vilfredo Lam<\/figcaption>\n\t\t\t\t\t\t\t\t\t\t<\/figure>\n\t\t\t\t\t\t\t\t\t<\/div>\n\t\t\t\t<\/div>\n\t\t\t\t\t<\/div>\n\t\t<\/div>\n\t\t\t\t\t<\/div>\n\t\t<\/section>\n\t\t\t\t<\/div>\n\t\t","protected":false},"excerpt":{"rendered":"<p>Edward Sielicki fot. Kim Seo Young Urodzi\u0142 si\u0119 3 czerwca 1956 w Warszawie. Studiowa\u0142 kompozycj\u0119 w Akademii Muzycznej w Warszawie (obecnie Uniwersytet Muzyczny Fryderyka Chopina)&hellip;<\/p>\n","protected":false},"author":1,"featured_media":0,"parent":0,"menu_order":0,"comment_status":"closed","ping_status":"closed","template":"","meta":{"footnotes":""},"class_list":["post-1120","page","type-page","status-publish","hentry"],"_links":{"self":[{"href":"https:\/\/wsm.art.pl\/index.php?rest_route=\/wp\/v2\/pages\/1120","targetHints":{"allow":["GET"]}}],"collection":[{"href":"https:\/\/wsm.art.pl\/index.php?rest_route=\/wp\/v2\/pages"}],"about":[{"href":"https:\/\/wsm.art.pl\/index.php?rest_route=\/wp\/v2\/types\/page"}],"author":[{"embeddable":true,"href":"https:\/\/wsm.art.pl\/index.php?rest_route=\/wp\/v2\/users\/1"}],"replies":[{"embeddable":true,"href":"https:\/\/wsm.art.pl\/index.php?rest_route=%2Fwp%2Fv2%2Fcomments&post=1120"}],"version-history":[{"count":35,"href":"https:\/\/wsm.art.pl\/index.php?rest_route=\/wp\/v2\/pages\/1120\/revisions"}],"predecessor-version":[{"id":5598,"href":"https:\/\/wsm.art.pl\/index.php?rest_route=\/wp\/v2\/pages\/1120\/revisions\/5598"}],"wp:attachment":[{"href":"https:\/\/wsm.art.pl\/index.php?rest_route=%2Fwp%2Fv2%2Fmedia&parent=1120"}],"curies":[{"name":"wp","href":"https:\/\/api.w.org\/{rel}","templated":true}]}}