{"id":1112,"date":"2021-04-12T15:24:00","date_gmt":"2021-04-12T15:24:00","guid":{"rendered":"https:\/\/wsm2.ptmw.art.pl\/?page_id=1112"},"modified":"2021-05-09T20:41:23","modified_gmt":"2021-05-09T20:41:23","slug":"maciej-malecki","status":"publish","type":"page","link":"https:\/\/wsm.art.pl\/?page_id=1112","title":{"rendered":"Maciej Ma\u0142ecki"},"content":{"rendered":"\t\t<div data-elementor-type=\"wp-page\" data-elementor-id=\"1112\" class=\"elementor elementor-1112\">\n\t\t\t\t\t\t<section class=\"elementor-section elementor-top-section elementor-element elementor-element-24110ddb elementor-section-boxed elementor-section-height-default elementor-section-height-default\" data-id=\"24110ddb\" data-element_type=\"section\">\n\t\t\t\t\t\t<div class=\"elementor-container elementor-column-gap-default\">\n\t\t\t\t\t<div class=\"elementor-column elementor-col-100 elementor-top-column elementor-element elementor-element-54220d03\" data-id=\"54220d03\" data-element_type=\"column\">\n\t\t\t<div class=\"elementor-widget-wrap elementor-element-populated\">\n\t\t\t\t\t\t<div class=\"elementor-element elementor-element-214fb19e elementor-widget elementor-widget-heading\" data-id=\"214fb19e\" data-element_type=\"widget\" data-widget_type=\"heading.default\">\n\t\t\t\t<div class=\"elementor-widget-container\">\n\t\t\t\t\t<h2 class=\"elementor-heading-title elementor-size-default\">Maciej Ma\u0142ecki<\/h2>\t\t\t\t<\/div>\n\t\t\t\t<\/div>\n\t\t\t\t\t<\/div>\n\t\t<\/div>\n\t\t\t\t\t<\/div>\n\t\t<\/section>\n\t\t\t\t<section class=\"elementor-section elementor-top-section elementor-element elementor-element-208796d2 elementor-section-boxed elementor-section-height-default elementor-section-height-default\" data-id=\"208796d2\" data-element_type=\"section\">\n\t\t\t\t\t\t<div class=\"elementor-container elementor-column-gap-default\">\n\t\t\t\t\t<div class=\"elementor-column elementor-col-50 elementor-top-column elementor-element elementor-element-2998c263\" data-id=\"2998c263\" data-element_type=\"column\">\n\t\t\t<div class=\"elementor-widget-wrap elementor-element-populated\">\n\t\t\t\t\t\t<div class=\"elementor-element elementor-element-4f2be069 elementor-widget elementor-widget-image\" data-id=\"4f2be069\" data-element_type=\"widget\" data-widget_type=\"image.default\">\n\t\t\t\t<div class=\"elementor-widget-container\">\n\t\t\t\t\t\t\t\t\t\t\t\t<figure class=\"wp-caption\">\n\t\t\t\t\t\t\t\t\t\t<img decoding=\"async\" src=\"https:\/\/wsm.art.pl\/wp-content\/uploads\/elementor\/thumbs\/MALECKI-fot.-Ewa-Modestowicz-p6drcmxl2asuykxw2osdlqrwnk9cjblicedwnb7tl4.jpg\" title=\"MA\u0141ECKI fot. Ewa Modestowicz\" alt=\"MA\u0141ECKI fot. Ewa Modestowicz\" loading=\"lazy\" \/>\t\t\t\t\t\t\t\t\t\t\t<figcaption class=\"widget-image-caption wp-caption-text\">fot. Ewa Modestowicz<\/figcaption>\n\t\t\t\t\t\t\t\t\t\t<\/figure>\n\t\t\t\t\t\t\t\t\t<\/div>\n\t\t\t\t<\/div>\n\t\t\t\t\t<\/div>\n\t\t<\/div>\n\t\t\t\t<div class=\"elementor-column elementor-col-50 elementor-top-column elementor-element elementor-element-22045959\" data-id=\"22045959\" data-element_type=\"column\">\n\t\t\t<div class=\"elementor-widget-wrap elementor-element-populated\">\n\t\t\t\t\t\t<div class=\"elementor-element elementor-element-20a87065 elementor-widget elementor-widget-text-editor\" data-id=\"20a87065\" data-element_type=\"widget\" data-widget_type=\"text-editor.default\">\n\t\t\t\t<div class=\"elementor-widget-container\">\n\t\t\t\t\t\t\t\t\t<p>Urodzi\u0142 si\u0119 w 1940 roku. Kompozytor, pianista. Studiowa\u0142 w sto\u0142ecznej Pa\u0144stwowej Wy\u017cszej Szkole Muzycznej \u2013 kompozycj\u0119 u Kazimierza Sikorskiego i fortepian u Natalii Hornowskiej. Wykszta\u0142cenie uzupe\u0142nia\u0142 w Eastman School of Music w Rochester, USA. Po studiach przez kilka lat gra\u0142 w duecie fortepianowym z Jerzym Derflem.<br \/>W latach 70. komponowa\u0142 g\u0142\u00f3wnie dla teatru, radia, telewizji i filmu. W nast\u0119pnym dziesi\u0119cioleciu poszerzy\u0142 ten rodzaj tw\u00f3rczo\u015bci o muzyk\u0119 koncertow\u0105. W 1993 roku zosta\u0142 Prezesem Zwi\u0105zku Kompozytor\u00f3w Polskich i pe\u0142ni\u0142 t\u0119 funkcj\u0119 przez trzy kadencje.<br \/>Autor wielu kompozycji solowych i kameralnych (m.in. pi\u0119ciu kwartet\u00f3w smyczkowych), orkiestrowych (w\u015br\u00f3d nich trzy symfonie), utwor\u00f3w na instrumenty solo z orkiestr\u0105 (m.in. dziewi\u0119ciu koncert\u00f3w), utwor\u00f3w na orkiestr\u0119 d\u0119t\u0105, pie\u015bni, pie\u015bni ch\u00f3ralnych, utwor\u00f3w scenicznych (opera, dwa balety, dwa musicale, dzie\u0142a radiowo-estradowe), a tak\u017ce muzyki teatralnej, filmowej, piosenek dla dzieci i szeregu opracowa\u0144.<br \/>Laureat nagr\u00f3d i wyr\u00f3\u017cnie\u0144. W 2013 zosta\u0142 uhonorowany Krzy\u017cem Kawalerskim Orderu Odrodzenia Polski.<\/p><p><a href=\"http:\/\/www.malecki.art.pl\" target=\"_blank\" rel=\"noopener\"><strong>www.malecki.art.pl<\/strong><\/a><\/p><p><strong>Operowy zawr\u00f3t g\u0142ow<\/strong>y (koncert 9 maja 2021)<br \/>Opera mia\u0142a swoj\u0105 premier\u0119 w 2017 w kluboteatrze Dzika Strona Wis\u0142y z za\u0142o\u017ceniem, \u017ce spektakle b\u0119d\u0105 prezentowane w szko\u0142ach i domach kultury. W 2020 Opera Nova<br \/>w Bydgoszczy z wielkim powodzeniem w\u0142\u0105czy\u0142a do swego repertuaru wzbogacon\u0105 wersj\u0119 przedstawienia. Bohaterowie spektaklu \u2013 Kropka i Wykrzyknik \u2013 po\u015br\u00f3d zawi\u0142o\u015bci polskiego j\u0119zyka wprowadzaj\u0105 dzieci w \u015bwiat muzyki operowej.<\/p><p><em>Maciej Ma\u0142ecki<\/em><\/p>\t\t\t\t\t\t\t\t<\/div>\n\t\t\t\t<\/div>\n\t\t\t\t\t<\/div>\n\t\t<\/div>\n\t\t\t\t\t<\/div>\n\t\t<\/section>\n\t\t\t\t<\/div>\n\t\t","protected":false},"excerpt":{"rendered":"<p>Maciej Ma\u0142ecki fot. Ewa Modestowicz Urodzi\u0142 si\u0119 w 1940 roku. Kompozytor, pianista. Studiowa\u0142 w sto\u0142ecznej Pa\u0144stwowej Wy\u017cszej Szkole Muzycznej \u2013 kompozycj\u0119 u Kazimierza Sikorskiego i&hellip;<\/p>\n","protected":false},"author":1,"featured_media":0,"parent":0,"menu_order":0,"comment_status":"closed","ping_status":"closed","template":"","meta":{"footnotes":""},"class_list":["post-1112","page","type-page","status-publish","hentry"],"_links":{"self":[{"href":"https:\/\/wsm.art.pl\/index.php?rest_route=\/wp\/v2\/pages\/1112","targetHints":{"allow":["GET"]}}],"collection":[{"href":"https:\/\/wsm.art.pl\/index.php?rest_route=\/wp\/v2\/pages"}],"about":[{"href":"https:\/\/wsm.art.pl\/index.php?rest_route=\/wp\/v2\/types\/page"}],"author":[{"embeddable":true,"href":"https:\/\/wsm.art.pl\/index.php?rest_route=\/wp\/v2\/users\/1"}],"replies":[{"embeddable":true,"href":"https:\/\/wsm.art.pl\/index.php?rest_route=%2Fwp%2Fv2%2Fcomments&post=1112"}],"version-history":[{"count":23,"href":"https:\/\/wsm.art.pl\/index.php?rest_route=\/wp\/v2\/pages\/1112\/revisions"}],"predecessor-version":[{"id":4984,"href":"https:\/\/wsm.art.pl\/index.php?rest_route=\/wp\/v2\/pages\/1112\/revisions\/4984"}],"wp:attachment":[{"href":"https:\/\/wsm.art.pl\/index.php?rest_route=%2Fwp%2Fv2%2Fmedia&parent=1112"}],"curies":[{"name":"wp","href":"https:\/\/api.w.org\/{rel}","templated":true}]}}

Maciej Małecki

<div data-elementor-type="wp-page" data-elementor-id="1112" class="elementor elementor-1112">
						<section class="elementor-section elementor-top-section elementor-element elementor-element-24110ddb elementor-section-boxed elementor-section-height-default elementor-section-height-default" data-id="24110ddb" data-element_type="section">
						<div class="elementor-container elementor-column-gap-default">
					<div class="elementor-column elementor-col-100 elementor-top-column elementor-element elementor-element-54220d03" data-id="54220d03" data-element_type="column">
			<div class="elementor-widget-wrap elementor-element-populated">
						<div class="elementor-element elementor-element-214fb19e elementor-widget elementor-widget-heading" data-id="214fb19e" data-element_type="widget" data-widget_type="heading.default">
				<div class="elementor-widget-container">
					<h2 class="elementor-heading-title elementor-size-default">Maciej Małecki</h2>				</div>
				</div>
					</div>
		</div>
					</div>
		</section>
				<section class="elementor-section elementor-top-section elementor-element elementor-element-208796d2 elementor-section-boxed elementor-section-height-default elementor-section-height-default" data-id="208796d2" data-element_type="section">
						<div class="elementor-container elementor-column-gap-default">
					<div class="elementor-column elementor-col-50 elementor-top-column elementor-element elementor-element-2998c263" data-id="2998c263" data-element_type="column">
			<div class="elementor-widget-wrap elementor-element-populated">
						<div class="elementor-element elementor-element-4f2be069 elementor-widget elementor-widget-image" data-id="4f2be069" data-element_type="widget" data-widget_type="image.default">
				<div class="elementor-widget-container">
												<figure class="wp-caption">
										<img decoding="async" src="https://wsm.art.pl/wp-content/uploads/elementor/thumbs/MALECKI-fot.-Ewa-Modestowicz-p6drcmxl2asuykxw2osdlqrwnk9cjblicedwnb7tl4.jpg" title="MAŁECKI fot. Ewa Modestowicz" alt="MAŁECKI fot. Ewa Modestowicz" loading="lazy" />											<figcaption class="widget-image-caption wp-caption-text">fot. Ewa Modestowicz</figcaption>
										</figure>
									</div>
				</div>
					</div>
		</div>
				<div class="elementor-column elementor-col-50 elementor-top-column elementor-element elementor-element-22045959" data-id="22045959" data-element_type="column">
			<div class="elementor-widget-wrap elementor-element-populated">
						<div class="elementor-element elementor-element-20a87065 elementor-widget elementor-widget-text-editor" data-id="20a87065" data-element_type="widget" data-widget_type="text-editor.default">
				<div class="elementor-widget-container">
									<p>Urodził się w 1940 roku. Kompozytor, pianista. Studiował w stołecznej Państwowej Wyższej Szkole Muzycznej – kompozycję u Kazimierza Sikorskiego i fortepian u Natalii Hornowskiej. Wykształcenie uzupełniał w Eastman School of Music w Rochester, USA. Po studiach przez kilka lat grał w duecie fortepianowym z Jerzym Derflem.<br />W latach 70. komponował głównie dla teatru, radia, telewizji i filmu. W następnym dziesięcioleciu poszerzył ten rodzaj twórczości o muzykę koncertową. W 1993 roku został Prezesem Związku Kompozytorów Polskich i pełnił tę funkcję przez trzy kadencje.<br />Autor wielu kompozycji solowych i kameralnych (m.in. pięciu kwartetów smyczkowych), orkiestrowych (wśród nich trzy symfonie), utworów na instrumenty solo z orkiestrą (m.in. dziewięciu koncertów), utworów na orkiestrę dętą, pieśni, pieśni chóralnych, utworów scenicznych (opera, dwa balety, dwa musicale, dzieła radiowo-estradowe), a także muzyki teatralnej, filmowej, piosenek dla dzieci i szeregu opracowań.<br />Laureat nagród i wyróżnień. W 2013 został uhonorowany Krzyżem Kawalerskim Orderu Odrodzenia Polski.</p><p><a href="http://www.malecki.art.pl" target="_blank" rel="noopener"><strong>www.malecki.art.pl</strong></a></p><p><strong>Operowy zawrót głow</strong>y (koncert 9 maja 2021)<br />Opera miała swoją premierę w 2017 w kluboteatrze Dzika Strona Wisły z założeniem, że spektakle będą prezentowane w szkołach i domach kultury. W 2020 Opera Nova<br />w Bydgoszczy z wielkim powodzeniem włączyła do swego repertuaru wzbogaconą wersję przedstawienia. Bohaterowie spektaklu – Kropka i Wykrzyknik – pośród zawiłości polskiego języka wprowadzają dzieci w świat muzyki operowej.</p><p><em>Maciej Małecki</em></p>								</div>
				</div>
					</div>
		</div>
					</div>
		</section>
				</div>

<p>Maciej Małecki fot. Ewa Modestowicz Urodził się w 1940 roku. Kompozytor, pianista. Studiował w stołecznej Państwowej Wyższej Szkole Muzycznej – kompozycję u Kazimierza Sikorskiego i&hellip;</p>
