{"id":1099,"date":"2021-04-12T15:23:17","date_gmt":"2021-04-12T15:23:17","guid":{"rendered":"https:\/\/wsm2.ptmw.art.pl\/?page_id=1099"},"modified":"2021-05-07T21:08:25","modified_gmt":"2021-05-07T21:08:25","slug":"aleksander-kosciow","status":"publish","type":"page","link":"https:\/\/wsm.art.pl\/?page_id=1099","title":{"rendered":"Aleksander Ko\u015bci\u00f3w"},"content":{"rendered":"\t\t<div data-elementor-type=\"wp-page\" data-elementor-id=\"1099\" class=\"elementor elementor-1099\">\n\t\t\t\t\t\t<section class=\"elementor-section elementor-top-section elementor-element elementor-element-24110ddb elementor-section-boxed elementor-section-height-default elementor-section-height-default\" data-id=\"24110ddb\" data-element_type=\"section\">\n\t\t\t\t\t\t<div class=\"elementor-container elementor-column-gap-default\">\n\t\t\t\t\t<div class=\"elementor-column elementor-col-100 elementor-top-column elementor-element elementor-element-54220d03\" data-id=\"54220d03\" data-element_type=\"column\">\n\t\t\t<div class=\"elementor-widget-wrap elementor-element-populated\">\n\t\t\t\t\t\t<div class=\"elementor-element elementor-element-214fb19e elementor-widget elementor-widget-heading\" data-id=\"214fb19e\" data-element_type=\"widget\" data-widget_type=\"heading.default\">\n\t\t\t\t<div class=\"elementor-widget-container\">\n\t\t\t\t\t<h2 class=\"elementor-heading-title elementor-size-default\">Aleksander Ko\u015bci\u00f3w<\/h2>\t\t\t\t<\/div>\n\t\t\t\t<\/div>\n\t\t\t\t\t<\/div>\n\t\t<\/div>\n\t\t\t\t\t<\/div>\n\t\t<\/section>\n\t\t\t\t<section class=\"elementor-section elementor-top-section elementor-element elementor-element-208796d2 elementor-section-boxed elementor-section-height-default elementor-section-height-default\" data-id=\"208796d2\" data-element_type=\"section\">\n\t\t\t\t\t\t<div class=\"elementor-container elementor-column-gap-default\">\n\t\t\t\t\t<div class=\"elementor-column elementor-col-50 elementor-top-column elementor-element elementor-element-2998c263\" data-id=\"2998c263\" data-element_type=\"column\">\n\t\t\t<div class=\"elementor-widget-wrap elementor-element-populated\">\n\t\t\t\t\t\t<div class=\"elementor-element elementor-element-4f2be069 elementor-widget elementor-widget-image\" data-id=\"4f2be069\" data-element_type=\"widget\" data-widget_type=\"image.default\">\n\t\t\t\t<div class=\"elementor-widget-container\">\n\t\t\t\t\t\t\t\t\t\t\t\t\t\t\t<img fetchpriority=\"high\" decoding=\"async\" width=\"480\" height=\"480\" src=\"https:\/\/wsm.art.pl\/wp-content\/uploads\/2021\/04\/Aleksander-Kosciow-fot.-Aleksander-Kosciow.jpg\" class=\"attachment-medium_large size-medium_large wp-image-2458\" alt=\"\" srcset=\"https:\/\/wsm.art.pl\/wp-content\/uploads\/2021\/04\/Aleksander-Kosciow-fot.-Aleksander-Kosciow.jpg 480w, https:\/\/wsm.art.pl\/wp-content\/uploads\/2021\/04\/Aleksander-Kosciow-fot.-Aleksander-Kosciow-300x300.jpg 300w, https:\/\/wsm.art.pl\/wp-content\/uploads\/2021\/04\/Aleksander-Kosciow-fot.-Aleksander-Kosciow-150x150.jpg 150w\" sizes=\"(max-width: 480px) 100vw, 480px\" \/>\t\t\t\t\t\t\t\t\t\t\t\t\t\t\t<\/div>\n\t\t\t\t<\/div>\n\t\t\t\t\t<\/div>\n\t\t<\/div>\n\t\t\t\t<div class=\"elementor-column elementor-col-50 elementor-top-column elementor-element elementor-element-22045959\" data-id=\"22045959\" data-element_type=\"column\">\n\t\t\t<div class=\"elementor-widget-wrap elementor-element-populated\">\n\t\t\t\t\t\t<div class=\"elementor-element elementor-element-20a87065 elementor-widget elementor-widget-text-editor\" data-id=\"20a87065\" data-element_type=\"widget\" data-widget_type=\"text-editor.default\">\n\t\t\t\t<div class=\"elementor-widget-container\">\n\t\t\t\t\t\t\t\t\t<p>Urodzony w 1974. Uko\u0144czy\u0142 kompozycj\u0119 w klasie prof. M. Borkowskiego i alt\u00f3wk\u0119 w klasie prof. B. Sroczy\u0144skiego na Uniwersytecie Muzycznym Fryderyka Chopina, gdzie obecnie prowadzi klas\u0119 kompozycji. Wyk\u0142ada\u0142 r\u00f3wnie\u017c zagranic\u0105: w USA i Niemczech w ramach kurs\u00f3w kompozytorskich, w Daegu (Korea P\u0142d.) na Keimyung University jako <em>visiting professor <\/em>w latach 2009-2010 oraz 2014-2016.<br \/>Wsp\u00f3\u0142pracowa\u0142 z takimi zespo\u0142ami, jak: Ch\u00f3r Polskiego Radia, Schola Cantorum Gedanensis, ProModern, Hybrid Ensemble, London Sinfonietta, Orkest de Ereprijs, Grupa Cellonet oraz licznymi kwartetami smyczkowymi, jak Kwartet Camerata, Kwartet Wilan\u00f3w, Kwartet DaFo, Royal String Quartet, oraz ostatnio NeoQuartet i Kronos Quartet (m.in. jako uczestnik projektu <em>Fifty for the Future<\/em>). Jest r\u00f3wnie\u017c autorem tekst\u00f3w o muzyce publikowanych na \u0142amach takich periodyk\u00f3w jak \u201eStrony\u201d, \u201ePerspektywy\u201d, \u201eScontri\u201d i in.<br \/>Od 2016 prorektor Uniwersytetu Muzycznego Fryderyka Chopina. Stypendysta Fundacji Fulbrighta (2005), cz\u0142onek Akademii Fonograficznej, ZKP i ZAiKS.<\/p><p>wi\u0119cej na <a href=\"http:\/\/culture.pl\/pl\/tworca\/aleksander-kosciow\"><strong>www.culture.pl<\/strong><\/a><\/p><p><strong>Liber figurarum aquae<\/strong> (koncert 12 maja 2021)<\/p><p class=\"western\" style=\"text-align: left;\" align=\"justify\"><span style=\"font-family: Archivo Narrow, sans-serif;\"><span style=\"font-size: medium;\">Napisany w 2002 utw\u00f3r <\/span><\/span><span style=\"font-family: Archivo Narrow, sans-serif;\"><span style=\"font-size: medium;\"><i>Liber figurarum aquae <\/i><\/span><\/span><span style=\"font-family: Archivo Narrow, sans-serif;\"><span style=\"font-size: medium;\">nale\u017cy do zaniechanego kilka lat p\u00f3\u017aniej cyklu utwor\u00f3w pr\u00f3buj\u0105cych autorskimi metodami powi\u0105za\u0107 \u015bwiat muzyczny ze \u015bwiatem zaszyfrowanej na kilku poziomach ekspresji semantycznej, niemal werbalnej, w po\u0142\u0105czeniu tych p\u0142aszczyzn szukaj\u0105c wsp\u00f3\u0142czesnych manifestacji idiomu \u201eksi\u0119gi\u201d w jej \u015bredniowiecznym\/gnostycznym rozumieniu (czy raczej \u2013 postrzeganiu).<br \/><\/span><\/span><span style=\"font-family: Archivo Narrow, sans-serif;\"><span style=\"font-size: medium;\">W warstwie czysto muzycznej \u2013 gdyby skutecznie wy\u0142\u0105czy\u0107 obecno\u015b\u0107 innego budulca utworu ni\u017c \u201epo prostu\u201d konfiguracje d\u017awi\u0119k\u00f3w i pauz \u2013 L.F.A. nie rzuca wielkich wyzwa\u0144, ani wykonawczych, ani j\u0119zykowych (w sensie j\u0119zyka muzycznego), ani te\u017c ekspresyjnych: metafora rozpi\u0119ta mi\u0119dzy kontekstem postaci (form) wody a barwowo\u015bci\u0105 instrumentarium wydaje si\u0119 raczej nienachalna.<br \/>W pewnym aspekcie kolorystyczny (mo\u017ce czasem nawet nieco ilustracyjny), w innym \u2013 pozornie-medytacyjny, czterocz\u0119\u015bciowy utw\u00f3r nie poszukuje te\u017c ani stabilno\u015bci formalnej (relatywnie \u201enieproporcjonalnie\u201d d\u0142uga cz\u0119\u015b\u0107 <\/span><\/span><span style=\"font-family: Archivo Narrow, sans-serif;\"><span style=\"font-size: medium;\"><i>Gurges<\/i><\/span><\/span><span style=\"font-family: Archivo Narrow, sans-serif;\"><span style=\"font-size: medium;\">) ani zwarto\u015bci fakturalnej (akordy, monodie, kontrapunkty linearne, p\u0119tle). Spaja go raczej harmonika i temat, sugerowany w tytu\u0142ach oraz tek\u015bcie (s\u0142ownym, nieczytelnym z poziomu s\u0142uchacza czy wykonawcy \u2013 zgodnie z za\u0142o\u017ceniami innych utwor\u00f3w z tego cyklu: <\/span><\/span><span style=\"font-family: Archivo Narrow, sans-serif;\"><span style=\"font-size: medium;\"><i>Liber Absens<\/i><\/span><\/span><span style=\"font-family: Archivo Narrow, sans-serif;\"><span style=\"font-size: medium;\">, <\/span><\/span><span style=\"font-family: Archivo Narrow, sans-serif;\"><span style=\"font-size: medium;\"><i>Liber sub cortice scriptus<\/i><\/span><\/span><span style=\"font-family: Archivo Narrow, sans-serif;\"><span style=\"font-size: medium;\">, <\/span><\/span><span style=\"font-family: Archivo Narrow, sans-serif;\"><span style=\"font-size: medium;\"><i>Liber Septem Serpentum Saligiae<\/i><\/span><\/span><span style=\"font-family: Archivo Narrow, sans-serif;\"><span style=\"font-size: medium;\">).<br \/><\/span><\/span><em style=\"text-align: left;\"><span style=\"font-family: Archivo Narrow, sans-serif;\"><span style=\"font-size: medium;\">Aleksander Ko\u015bci\u00f3w<\/span><\/span><\/em><\/p>\t\t\t\t\t\t\t\t<\/div>\n\t\t\t\t<\/div>\n\t\t\t\t\t<\/div>\n\t\t<\/div>\n\t\t\t\t\t<\/div>\n\t\t<\/section>\n\t\t\t\t<\/div>\n\t\t","protected":false},"excerpt":{"rendered":"<p>Aleksander Ko\u015bci\u00f3w Urodzony w 1974. Uko\u0144czy\u0142 kompozycj\u0119 w klasie prof. M. Borkowskiego i alt\u00f3wk\u0119 w klasie prof. B. Sroczy\u0144skiego na Uniwersytecie Muzycznym Fryderyka Chopina, gdzie&hellip;<\/p>\n","protected":false},"author":1,"featured_media":0,"parent":0,"menu_order":0,"comment_status":"closed","ping_status":"closed","template":"","meta":{"footnotes":""},"class_list":["post-1099","page","type-page","status-publish","hentry"],"_links":{"self":[{"href":"https:\/\/wsm.art.pl\/index.php?rest_route=\/wp\/v2\/pages\/1099","targetHints":{"allow":["GET"]}}],"collection":[{"href":"https:\/\/wsm.art.pl\/index.php?rest_route=\/wp\/v2\/pages"}],"about":[{"href":"https:\/\/wsm.art.pl\/index.php?rest_route=\/wp\/v2\/types\/page"}],"author":[{"embeddable":true,"href":"https:\/\/wsm.art.pl\/index.php?rest_route=\/wp\/v2\/users\/1"}],"replies":[{"embeddable":true,"href":"https:\/\/wsm.art.pl\/index.php?rest_route=%2Fwp%2Fv2%2Fcomments&post=1099"}],"version-history":[{"count":23,"href":"https:\/\/wsm.art.pl\/index.php?rest_route=\/wp\/v2\/pages\/1099\/revisions"}],"predecessor-version":[{"id":4482,"href":"https:\/\/wsm.art.pl\/index.php?rest_route=\/wp\/v2\/pages\/1099\/revisions\/4482"}],"wp:attachment":[{"href":"https:\/\/wsm.art.pl\/index.php?rest_route=%2Fwp%2Fv2%2Fmedia&parent=1099"}],"curies":[{"name":"wp","href":"https:\/\/api.w.org\/{rel}","templated":true}]}}

Aleksander Kościów

<div data-elementor-type="wp-page" data-elementor-id="1099" class="elementor elementor-1099">
						<section class="elementor-section elementor-top-section elementor-element elementor-element-24110ddb elementor-section-boxed elementor-section-height-default elementor-section-height-default" data-id="24110ddb" data-element_type="section">
						<div class="elementor-container elementor-column-gap-default">
					<div class="elementor-column elementor-col-100 elementor-top-column elementor-element elementor-element-54220d03" data-id="54220d03" data-element_type="column">
			<div class="elementor-widget-wrap elementor-element-populated">
						<div class="elementor-element elementor-element-214fb19e elementor-widget elementor-widget-heading" data-id="214fb19e" data-element_type="widget" data-widget_type="heading.default">
				<div class="elementor-widget-container">
					<h2 class="elementor-heading-title elementor-size-default">Aleksander Kościów</h2>				</div>
				</div>
					</div>
		</div>
					</div>
		</section>
				<section class="elementor-section elementor-top-section elementor-element elementor-element-208796d2 elementor-section-boxed elementor-section-height-default elementor-section-height-default" data-id="208796d2" data-element_type="section">
						<div class="elementor-container elementor-column-gap-default">
					<div class="elementor-column elementor-col-50 elementor-top-column elementor-element elementor-element-2998c263" data-id="2998c263" data-element_type="column">
			<div class="elementor-widget-wrap elementor-element-populated">
						<div class="elementor-element elementor-element-4f2be069 elementor-widget elementor-widget-image" data-id="4f2be069" data-element_type="widget" data-widget_type="image.default">
				<div class="elementor-widget-container">
															<img fetchpriority="high" decoding="async" width="480" height="480" src="https://wsm.art.pl/wp-content/uploads/2021/04/Aleksander-Kosciow-fot.-Aleksander-Kosciow.jpg" class="attachment-medium_large size-medium_large wp-image-2458" alt="" srcset="https://wsm.art.pl/wp-content/uploads/2021/04/Aleksander-Kosciow-fot.-Aleksander-Kosciow.jpg 480w, https://wsm.art.pl/wp-content/uploads/2021/04/Aleksander-Kosciow-fot.-Aleksander-Kosciow-300x300.jpg 300w, https://wsm.art.pl/wp-content/uploads/2021/04/Aleksander-Kosciow-fot.-Aleksander-Kosciow-150x150.jpg 150w" sizes="(max-width: 480px) 100vw, 480px" />															</div>
				</div>
					</div>
		</div>
				<div class="elementor-column elementor-col-50 elementor-top-column elementor-element elementor-element-22045959" data-id="22045959" data-element_type="column">
			<div class="elementor-widget-wrap elementor-element-populated">
						<div class="elementor-element elementor-element-20a87065 elementor-widget elementor-widget-text-editor" data-id="20a87065" data-element_type="widget" data-widget_type="text-editor.default">
				<div class="elementor-widget-container">
									<p>Urodzony w 1974. Ukończył kompozycję w klasie prof. M. Borkowskiego i altówkę w klasie prof. B. Sroczyńskiego na Uniwersytecie Muzycznym Fryderyka Chopina, gdzie obecnie prowadzi klasę kompozycji. Wykładał również zagranicą: w USA i Niemczech w ramach kursów kompozytorskich, w Daegu (Korea Płd.) na Keimyung University jako <em>visiting professor </em>w latach 2009-2010 oraz 2014-2016.<br />Współpracował z takimi zespołami, jak: Chór Polskiego Radia, Schola Cantorum Gedanensis, ProModern, Hybrid Ensemble, London Sinfonietta, Orkest de Ereprijs, Grupa Cellonet oraz licznymi kwartetami smyczkowymi, jak Kwartet Camerata, Kwartet Wilanów, Kwartet DaFo, Royal String Quartet, oraz ostatnio NeoQuartet i Kronos Quartet (m.in. jako uczestnik projektu <em>Fifty for the Future</em>). Jest również autorem tekstów o muzyce publikowanych na łamach takich periodyków jak „Strony”, „Perspektywy”, „Scontri” i in.<br />Od 2016 prorektor Uniwersytetu Muzycznego Fryderyka Chopina. Stypendysta Fundacji Fulbrighta (2005), członek Akademii Fonograficznej, ZKP i ZAiKS.</p><p>więcej na <a href="http://culture.pl/pl/tworca/aleksander-kosciow"><strong>www.culture.pl</strong></a></p><p><strong>Liber figurarum aquae</strong> (koncert 12 maja 2021)</p><p class="western" style="text-align: left;" align="justify"><span style="font-family: Archivo Narrow, sans-serif;"><span style="font-size: medium;">Napisany w 2002 utwór </span></span><span style="font-family: Archivo Narrow, sans-serif;"><span style="font-size: medium;"><i>Liber figurarum aquae </i></span></span><span style="font-family: Archivo Narrow, sans-serif;"><span style="font-size: medium;">należy do zaniechanego kilka lat później cyklu utworów próbujących autorskimi metodami powiązać świat muzyczny ze światem zaszyfrowanej na kilku poziomach ekspresji semantycznej, niemal werbalnej, w połączeniu tych płaszczyzn szukając współczesnych manifestacji idiomu „księgi” w jej średniowiecznym/gnostycznym rozumieniu (czy raczej – postrzeganiu).<br /></span></span><span style="font-family: Archivo Narrow, sans-serif;"><span style="font-size: medium;">W warstwie czysto muzycznej – gdyby skutecznie wyłączyć obecność innego budulca utworu niż „po prostu” konfiguracje dźwięków i pauz – L.F.A. nie rzuca wielkich wyzwań, ani wykonawczych, ani językowych (w sensie języka muzycznego), ani też ekspresyjnych: metafora rozpięta między kontekstem postaci (form) wody a barwowością instrumentarium wydaje się raczej nienachalna.<br />W pewnym aspekcie kolorystyczny (może czasem nawet nieco ilustracyjny), w innym – pozornie-medytacyjny, czteroczęściowy utwór nie poszukuje też ani stabilności formalnej (relatywnie „nieproporcjonalnie” długa część </span></span><span style="font-family: Archivo Narrow, sans-serif;"><span style="font-size: medium;"><i>Gurges</i></span></span><span style="font-family: Archivo Narrow, sans-serif;"><span style="font-size: medium;">) ani zwartości fakturalnej (akordy, monodie, kontrapunkty linearne, pętle). Spaja go raczej harmonika i temat, sugerowany w tytułach oraz tekście (słownym, nieczytelnym z poziomu słuchacza czy wykonawcy – zgodnie z założeniami innych utworów z tego cyklu: </span></span><span style="font-family: Archivo Narrow, sans-serif;"><span style="font-size: medium;"><i>Liber Absens</i></span></span><span style="font-family: Archivo Narrow, sans-serif;"><span style="font-size: medium;">, </span></span><span style="font-family: Archivo Narrow, sans-serif;"><span style="font-size: medium;"><i>Liber sub cortice scriptus</i></span></span><span style="font-family: Archivo Narrow, sans-serif;"><span style="font-size: medium;">, </span></span><span style="font-family: Archivo Narrow, sans-serif;"><span style="font-size: medium;"><i>Liber Septem Serpentum Saligiae</i></span></span><span style="font-family: Archivo Narrow, sans-serif;"><span style="font-size: medium;">).<br /></span></span><em style="text-align: left;"><span style="font-family: Archivo Narrow, sans-serif;"><span style="font-size: medium;">Aleksander Kościów</span></span></em></p>								</div>
				</div>
					</div>
		</div>
					</div>
		</section>
				</div>

<p>Aleksander Kościów Urodzony w 1974. Ukończył kompozycję w klasie prof. M. Borkowskiego i altówkę w klasie prof. B. Sroczyńskiego na Uniwersytecie Muzycznym Fryderyka Chopina, gdzie&hellip;</p>
