{"id":1090,"date":"2021-04-12T14:53:58","date_gmt":"2021-04-12T14:53:58","guid":{"rendered":"https:\/\/wsm2.ptmw.art.pl\/?page_id=1090"},"modified":"2021-05-06T21:16:31","modified_gmt":"2021-05-06T21:16:31","slug":"krzysztof-kicior","status":"publish","type":"page","link":"https:\/\/wsm.art.pl\/?page_id=1090","title":{"rendered":"Krzysztof Kicior"},"content":{"rendered":"\t\t<div data-elementor-type=\"wp-page\" data-elementor-id=\"1090\" class=\"elementor elementor-1090\">\n\t\t\t\t\t\t<section class=\"elementor-section elementor-top-section elementor-element elementor-element-b832d76 elementor-section-boxed elementor-section-height-default elementor-section-height-default\" data-id=\"b832d76\" data-element_type=\"section\">\n\t\t\t\t\t\t<div class=\"elementor-container elementor-column-gap-default\">\n\t\t\t\t\t<div class=\"elementor-column elementor-col-100 elementor-top-column elementor-element elementor-element-5be844f3\" data-id=\"5be844f3\" data-element_type=\"column\">\n\t\t\t<div class=\"elementor-widget-wrap elementor-element-populated\">\n\t\t\t\t\t\t<div class=\"elementor-element elementor-element-6ced038 elementor-widget elementor-widget-heading\" data-id=\"6ced038\" data-element_type=\"widget\" data-widget_type=\"heading.default\">\n\t\t\t\t<div class=\"elementor-widget-container\">\n\t\t\t\t\t<h2 class=\"elementor-heading-title elementor-size-default\">Krzysztof Kicior<\/h2>\t\t\t\t<\/div>\n\t\t\t\t<\/div>\n\t\t\t\t\t<\/div>\n\t\t<\/div>\n\t\t\t\t\t<\/div>\n\t\t<\/section>\n\t\t\t\t<section class=\"elementor-section elementor-top-section elementor-element elementor-element-29c4c235 elementor-section-boxed elementor-section-height-default elementor-section-height-default\" data-id=\"29c4c235\" data-element_type=\"section\">\n\t\t\t\t\t\t<div class=\"elementor-container elementor-column-gap-default\">\n\t\t\t\t\t<div class=\"elementor-column elementor-col-50 elementor-top-column elementor-element elementor-element-f0fbe3a\" data-id=\"f0fbe3a\" data-element_type=\"column\">\n\t\t\t<div class=\"elementor-widget-wrap elementor-element-populated\">\n\t\t\t\t\t\t<div class=\"elementor-element elementor-element-4e745296 elementor-widget elementor-widget-image\" data-id=\"4e745296\" data-element_type=\"widget\" data-widget_type=\"image.default\">\n\t\t\t\t<div class=\"elementor-widget-container\">\n\t\t\t\t\t\t\t\t\t\t\t\t<figure class=\"wp-caption\">\n\t\t\t\t\t\t\t\t\t\t<img decoding=\"async\" src=\"https:\/\/wsm.art.pl\/wp-content\/uploads\/elementor\/thumbs\/Krzysztof-Kicior-fot.-Mateusz-Zaboklicki-zmniejszon-p6drcrms0gzakmr2b8tig7l7mhm6lt4611nc1p0uq0.jpg\" title=\"Krzysztof Kicior &#8211; fot. Mateusz \u017baboklicki-zmniejszon\" alt=\"Krzysztof Kicior - fot. Mateusz \u017baboklicki-zmniejszon\" loading=\"lazy\" \/>\t\t\t\t\t\t\t\t\t\t\t<figcaption class=\"widget-image-caption wp-caption-text\">fot. Mateusz \u017baboklicki<\/figcaption>\n\t\t\t\t\t\t\t\t\t\t<\/figure>\n\t\t\t\t\t\t\t\t\t<\/div>\n\t\t\t\t<\/div>\n\t\t\t\t\t<\/div>\n\t\t<\/div>\n\t\t\t\t<div class=\"elementor-column elementor-col-50 elementor-top-column elementor-element elementor-element-7e996ef1\" data-id=\"7e996ef1\" data-element_type=\"column\">\n\t\t\t<div class=\"elementor-widget-wrap elementor-element-populated\">\n\t\t\t\t\t\t<div class=\"elementor-element elementor-element-2a200ae3 elementor-widget elementor-widget-text-editor\" data-id=\"2a200ae3\" data-element_type=\"widget\" data-widget_type=\"text-editor.default\">\n\t\t\t\t<div class=\"elementor-widget-container\">\n\t\t\t\t\t\t\t\t\t<p>Urodzony w 1992 r. jest s\u0142uchaczem Szko\u0142y Doktorskiej Uniwersytetu Muzycznego Fryderyka Chopina w specjalno\u015bci Kompozycja. Swoje umiej\u0119tno\u015bci szlifowa\u0142 na Wydziale Kompozycji i Teorii Muzyki oraz na Wydziale Re\u017cyserii D\u017awi\u0119ku macierzystej Uczelni, jak r\u00f3wnie\u017c na licznych warsztatach, kursach i konferencjach (w m.in. University of York, Berklee College of Music, Harvard University).<br \/>Jest laureatem licznych og\u00f3lnopolskich \u00a0i mi\u0119dzynarodowych konkurs\u00f3w w wielu dziedzinach muzyki, w tym kompozycji, re\u017cyserii d\u017awi\u0119ku, pianistyki, solfe\u017cu oraz harmonii. Jako pierwsza osoba w historii szkolnictwa artystycznego uzyska\u0142 Diamentowy Grant (2019), w ramach kt\u00f3rego prowadzi badania nad psychoakustycznymi w\u0142a\u015bciwo\u015bciami system\u00f3w mikrotonowych. Planowanym efektem projektu badawczego jest wystawienie w 2023 debiutanckiej opery.<br \/>W dziedzinie kompozycji Krzysztof Kicior stworzy\u0142 ponad czterdzie\u015bci utwor\u00f3w na zr\u00f3\u017cnicowane sk\u0142ady \u2013 od instrument\u00f3w solowych po orkiestr\u0119 symfoniczn\u0105 \u2013 i o zr\u00f3\u017cnicowanym czasie trwania \u2013 od trzech do dziewi\u0119\u0107dziesi\u0119ciu minut. Jego dzie\u0142a by\u0142y wielokrotnie wykonywane w Polsce i za granic\u0105, m.in. w Austrii, S\u0142owenii, na Bia\u0142orusi, w Kazachstanie, Kirgistanie, Tajlandii, Malezji i Brunei Darussalam. Niekt\u00f3re z nich powstawa\u0142y na zam\u00f3wienie krajowych i zagranicznych instytucji, w\u0142\u0105czaj\u0105c w to m.in. Partch Quartet (Honolulu, USA) oraz Kinemo Festival (Mi\u0144sk, Bia\u0142oru\u015b). Kompozycja <em>Collapse. Concerto for percussion and ensemble<\/em>, zam\u00f3wiona przez Chopin University Modern Ensemble, zamyka debiutancki album zespo\u0142u wydany przez Chopin University Press (UMFC CD 134), nominowany do nagrody Fryderyki 2021.<br \/>Cho\u0107 kompozycja jest wiod\u0105cym obszarem dzia\u0142alno\u015bci Krzysztofa Kiciora, m\u0142ody naukowiec jest aktywny r\u00f3wnie\u017c w innych dziedzinach szeroko poj\u0119tej sztuki. Jako koncertuj\u0105cy za granic\u0105 pianista dokonywa\u0142 lokalnych prawykona\u0144 utwor\u00f3w polskich kompozytor\u00f3w epoki romantyzmu (Ignacy Feliks Dobrzy\u0144ski, W\u0142adys\u0142aw \u017bele\u0144ski), europejskich kompozytor\u00f3w XX wieku (Jazeps Vitols, Einojuhani Rautavaara), a tak\u017ce \u015bwiatowych prawykona\u0144 dzie\u0142 tw\u00f3rc\u00f3w wsp\u00f3\u0142czesnych (Nayoung An, Jacek Sienkiewicz). W dziedzinie re\u017cyserii d\u017awi\u0119ku od lat zwi\u0105zany jest z Audio Engineering Society, gdzie \u2013 jako jedyna osoba z Europy \u015arodkowej \u2013 zaanga\u017cowany jest w prace Diversity &amp; Inclusion Committee, kt\u00f3rego obradom przewodniczy\u0142 podczas 146. Mi\u0119dzynarodowej Konwencji AES w Dublinie (2019). Ze wzgl\u0119du na aktywn\u0105 dzia\u0142alno\u015b\u0107 artystyczno-naukow\u0105 w trzech specjalno\u015bciach: kompozycji, pianistyce i re\u017cyserii d\u017awi\u0119ku, obszar pracy badawczej Krzysztofa Kiciora skoncentrowany jest zar\u00f3wno na problematyce komponowania muzyki w kontek\u015bcie jej wykonywania oraz percepcji, jak i nowym aspektom wykonawczo-odbiorczym wzgl\u0119dem powstaj\u0105cych utwor\u00f3w.<\/p><p><a href=\"http:\/\/krzysztofkicior.pl\"><strong>www.krzysztofkicior.pl<\/strong><\/a><\/p><p><strong>m\u00e9tensomatose<\/strong> na cztery perkusje (koncert 7 maja 2021)<br \/>M\u00e9tensomatoza to grecki termin oznaczaj\u0105cy w\u0119dr\u00f3wk\u0119 dusz, obserwowan\u0105 z punktu widzenia pojedynczego cia\u0142a, kt\u00f3re staje si\u0119 miejscem przebywania kolejnych jestestw. Utw\u00f3r stanowi pr\u00f3b\u0119 uchwycenia nieuchwytnego: zewn\u0119trznej obserwacji byt\u00f3w przemieszczaj\u0105cych si\u0119 pomi\u0119dzy czterema punktami, egzemplifikowanymi przez perkusist\u00f3w.<br \/>Kompozycja po\u015bwi\u0119cona jest pami\u0119ci wszystkich zmar\u0142ych, dla kt\u00f3rych rok samotno\u015bci sta\u0142 si\u0119 ostatnim prze\u017cyciem.<br \/><br \/><em>Krzysztof Kicior<\/em><\/p>\t\t\t\t\t\t\t\t<\/div>\n\t\t\t\t<\/div>\n\t\t\t\t\t<\/div>\n\t\t<\/div>\n\t\t\t\t\t<\/div>\n\t\t<\/section>\n\t\t\t\t<\/div>\n\t\t","protected":false},"excerpt":{"rendered":"<p>Krzysztof Kicior fot. Mateusz \u017baboklicki Urodzony w 1992 r. jest s\u0142uchaczem Szko\u0142y Doktorskiej Uniwersytetu Muzycznego Fryderyka Chopina w specjalno\u015bci Kompozycja. Swoje umiej\u0119tno\u015bci szlifowa\u0142 na Wydziale&hellip;<\/p>\n","protected":false},"author":1,"featured_media":0,"parent":0,"menu_order":0,"comment_status":"closed","ping_status":"closed","template":"","meta":{"footnotes":""},"class_list":["post-1090","page","type-page","status-publish","hentry"],"_links":{"self":[{"href":"https:\/\/wsm.art.pl\/index.php?rest_route=\/wp\/v2\/pages\/1090","targetHints":{"allow":["GET"]}}],"collection":[{"href":"https:\/\/wsm.art.pl\/index.php?rest_route=\/wp\/v2\/pages"}],"about":[{"href":"https:\/\/wsm.art.pl\/index.php?rest_route=\/wp\/v2\/types\/page"}],"author":[{"embeddable":true,"href":"https:\/\/wsm.art.pl\/index.php?rest_route=\/wp\/v2\/users\/1"}],"replies":[{"embeddable":true,"href":"https:\/\/wsm.art.pl\/index.php?rest_route=%2Fwp%2Fv2%2Fcomments&post=1090"}],"version-history":[{"count":29,"href":"https:\/\/wsm.art.pl\/index.php?rest_route=\/wp\/v2\/pages\/1090\/revisions"}],"predecessor-version":[{"id":4286,"href":"https:\/\/wsm.art.pl\/index.php?rest_route=\/wp\/v2\/pages\/1090\/revisions\/4286"}],"wp:attachment":[{"href":"https:\/\/wsm.art.pl\/index.php?rest_route=%2Fwp%2Fv2%2Fmedia&parent=1090"}],"curies":[{"name":"wp","href":"https:\/\/api.w.org\/{rel}","templated":true}]}}

<div data-elementor-type="wp-page" data-elementor-id="1090" class="elementor elementor-1090">
						<section class="elementor-section elementor-top-section elementor-element elementor-element-b832d76 elementor-section-boxed elementor-section-height-default elementor-section-height-default" data-id="b832d76" data-element_type="section">
						<div class="elementor-container elementor-column-gap-default">
					<div class="elementor-column elementor-col-100 elementor-top-column elementor-element elementor-element-5be844f3" data-id="5be844f3" data-element_type="column">
			<div class="elementor-widget-wrap elementor-element-populated">
						<div class="elementor-element elementor-element-6ced038 elementor-widget elementor-widget-heading" data-id="6ced038" data-element_type="widget" data-widget_type="heading.default">
				<div class="elementor-widget-container">
					<h2 class="elementor-heading-title elementor-size-default">Krzysztof Kicior</h2>				</div>
				</div>
					</div>
		</div>
					</div>
		</section>
				<section class="elementor-section elementor-top-section elementor-element elementor-element-29c4c235 elementor-section-boxed elementor-section-height-default elementor-section-height-default" data-id="29c4c235" data-element_type="section">
						<div class="elementor-container elementor-column-gap-default">
					<div class="elementor-column elementor-col-50 elementor-top-column elementor-element elementor-element-f0fbe3a" data-id="f0fbe3a" data-element_type="column">
			<div class="elementor-widget-wrap elementor-element-populated">
						<div class="elementor-element elementor-element-4e745296 elementor-widget elementor-widget-image" data-id="4e745296" data-element_type="widget" data-widget_type="image.default">
				<div class="elementor-widget-container">
												<figure class="wp-caption">
										<img decoding="async" src="https://wsm.art.pl/wp-content/uploads/elementor/thumbs/Krzysztof-Kicior-fot.-Mateusz-Zaboklicki-zmniejszon-p6drcrms0gzakmr2b8tig7l7mhm6lt4611nc1p0uq0.jpg" title="Krzysztof Kicior &#8211; fot. Mateusz Żaboklicki-zmniejszon" alt="Krzysztof Kicior - fot. Mateusz Żaboklicki-zmniejszon" loading="lazy" />											<figcaption class="widget-image-caption wp-caption-text">fot. Mateusz Żaboklicki</figcaption>
										</figure>
									</div>
				</div>
					</div>
		</div>
				<div class="elementor-column elementor-col-50 elementor-top-column elementor-element elementor-element-7e996ef1" data-id="7e996ef1" data-element_type="column">
			<div class="elementor-widget-wrap elementor-element-populated">
						<div class="elementor-element elementor-element-2a200ae3 elementor-widget elementor-widget-text-editor" data-id="2a200ae3" data-element_type="widget" data-widget_type="text-editor.default">
				<div class="elementor-widget-container">
									<p>Urodzony w 1992 r. jest słuchaczem Szkoły Doktorskiej Uniwersytetu Muzycznego Fryderyka Chopina w specjalności Kompozycja. Swoje umiejętności szlifował na Wydziale Kompozycji i Teorii Muzyki oraz na Wydziale Reżyserii Dźwięku macierzystej Uczelni, jak również na licznych warsztatach, kursach i konferencjach (w m.in. University of York, Berklee College of Music, Harvard University).<br />Jest laureatem licznych ogólnopolskich  i międzynarodowych konkursów w wielu dziedzinach muzyki, w tym kompozycji, reżyserii dźwięku, pianistyki, solfeżu oraz harmonii. Jako pierwsza osoba w historii szkolnictwa artystycznego uzyskał Diamentowy Grant (2019), w ramach którego prowadzi badania nad psychoakustycznymi właściwościami systemów mikrotonowych. Planowanym efektem projektu badawczego jest wystawienie w 2023 debiutanckiej opery.<br />W dziedzinie kompozycji Krzysztof Kicior stworzył ponad czterdzieści utworów na zróżnicowane składy – od instrumentów solowych po orkiestrę symfoniczną – i o zróżnicowanym czasie trwania – od trzech do dziewięćdziesięciu minut. Jego dzieła były wielokrotnie wykonywane w Polsce i za granicą, m.in. w Austrii, Słowenii, na Białorusi, w Kazachstanie, Kirgistanie, Tajlandii, Malezji i Brunei Darussalam. Niektóre z nich powstawały na zamówienie krajowych i zagranicznych instytucji, włączając w to m.in. Partch Quartet (Honolulu, USA) oraz Kinemo Festival (Mińsk, Białoruś). Kompozycja <em>Collapse. Concerto for percussion and ensemble</em>, zamówiona przez Chopin University Modern Ensemble, zamyka debiutancki album zespołu wydany przez Chopin University Press (UMFC CD 134), nominowany do nagrody Fryderyki 2021.<br />Choć kompozycja jest wiodącym obszarem działalności Krzysztofa Kiciora, młody naukowiec jest aktywny również w innych dziedzinach szeroko pojętej sztuki. Jako koncertujący za granicą pianista dokonywał lokalnych prawykonań utworów polskich kompozytorów epoki romantyzmu (Ignacy Feliks Dobrzyński, Władysław Żeleński), europejskich kompozytorów XX wieku (Jazeps Vitols, Einojuhani Rautavaara), a także światowych prawykonań dzieł twórców współczesnych (Nayoung An, Jacek Sienkiewicz). W dziedzinie reżyserii dźwięku od lat związany jest z Audio Engineering Society, gdzie – jako jedyna osoba z Europy Środkowej – zaangażowany jest w prace Diversity &amp; Inclusion Committee, którego obradom przewodniczył podczas 146. Międzynarodowej Konwencji AES w Dublinie (2019). Ze względu na aktywną działalność artystyczno-naukową w trzech specjalnościach: kompozycji, pianistyce i reżyserii dźwięku, obszar pracy badawczej Krzysztofa Kiciora skoncentrowany jest zarówno na problematyce komponowania muzyki w kontekście jej wykonywania oraz percepcji, jak i nowym aspektom wykonawczo-odbiorczym względem powstających utworów.</p><p><a href="http://krzysztofkicior.pl"><strong>www.krzysztofkicior.pl</strong></a></p><p><strong>métensomatose</strong> na cztery perkusje (koncert 7 maja 2021)<br />Métensomatoza to grecki termin oznaczający wędrówkę dusz, obserwowaną z punktu widzenia pojedynczego ciała, które staje się miejscem przebywania kolejnych jestestw. Utwór stanowi próbę uchwycenia nieuchwytnego: zewnętrznej obserwacji bytów przemieszczających się pomiędzy czterema punktami, egzemplifikowanymi przez perkusistów.<br />Kompozycja poświęcona jest pamięci wszystkich zmarłych, dla których rok samotności stał się ostatnim przeżyciem.<br /><br /><em>Krzysztof Kicior</em></p>								</div>
				</div>
					</div>
		</div>
					</div>
		</section>
				</div>

<p>Krzysztof Kicior fot. Mateusz Żaboklicki Urodzony w 1992 r. jest słuchaczem Szkoły Doktorskiej Uniwersytetu Muzycznego Fryderyka Chopina w specjalności Kompozycja. Swoje umiejętności szlifował na Wydziale&hellip;</p>
