{"id":1053,"date":"2021-04-12T14:50:33","date_gmt":"2021-04-12T14:50:33","guid":{"rendered":"https:\/\/wsm2.ptmw.art.pl\/?page_id=1053"},"modified":"2022-05-09T11:38:58","modified_gmt":"2022-05-09T11:38:58","slug":"augustyn-bloch","status":"publish","type":"page","link":"https:\/\/wsm.art.pl\/?page_id=1053","title":{"rendered":"Augustyn Bloch"},"content":{"rendered":"\t\t<div data-elementor-type=\"wp-page\" data-elementor-id=\"1053\" class=\"elementor elementor-1053\">\n\t\t\t\t\t\t<section class=\"elementor-section elementor-top-section elementor-element elementor-element-2a975ebd elementor-section-boxed elementor-section-height-default elementor-section-height-default\" data-id=\"2a975ebd\" data-element_type=\"section\">\n\t\t\t\t\t\t<div class=\"elementor-container elementor-column-gap-default\">\n\t\t\t\t\t<div class=\"elementor-column elementor-col-100 elementor-top-column elementor-element elementor-element-479a4827\" data-id=\"479a4827\" data-element_type=\"column\">\n\t\t\t<div class=\"elementor-widget-wrap elementor-element-populated\">\n\t\t\t\t\t\t<div class=\"elementor-element elementor-element-3c181618 elementor-widget elementor-widget-heading\" data-id=\"3c181618\" data-element_type=\"widget\" data-widget_type=\"heading.default\">\n\t\t\t\t<div class=\"elementor-widget-container\">\n\t\t\t\t\t<h2 class=\"elementor-heading-title elementor-size-default\">Augustyn Bloch<\/h2>\t\t\t\t<\/div>\n\t\t\t\t<\/div>\n\t\t\t\t\t<\/div>\n\t\t<\/div>\n\t\t\t\t\t<\/div>\n\t\t<\/section>\n\t\t\t\t<section class=\"elementor-section elementor-top-section elementor-element elementor-element-3545025f elementor-section-boxed elementor-section-height-default elementor-section-height-default\" data-id=\"3545025f\" data-element_type=\"section\">\n\t\t\t\t\t\t<div class=\"elementor-container elementor-column-gap-default\">\n\t\t\t\t\t<div class=\"elementor-column elementor-col-50 elementor-top-column elementor-element elementor-element-45db7ed6\" data-id=\"45db7ed6\" data-element_type=\"column\">\n\t\t\t<div class=\"elementor-widget-wrap elementor-element-populated\">\n\t\t\t\t\t\t<div class=\"elementor-element elementor-element-597f5301 elementor-widget elementor-widget-image\" data-id=\"597f5301\" data-element_type=\"widget\" data-widget_type=\"image.default\">\n\t\t\t\t<div class=\"elementor-widget-container\">\n\t\t\t\t\t\t\t\t\t\t\t\t<figure class=\"wp-caption\">\n\t\t\t\t\t\t\t\t\t\t<img decoding=\"async\" src=\"https:\/\/wsm.art.pl\/wp-content\/uploads\/elementor\/thumbs\/Bloch_Augustyn_PK_01-zmniejszone-pok6emb5lvc0e2mq0t6mn3toln8sryyiu9gv2ed9qg.jpg\" title=\"Bloch_Augustyn_PK_01-zmniejszone\" alt=\"Bloch_Augustyn_PK_01-zmniejszone\" loading=\"lazy\" \/>\t\t\t\t\t\t\t\t\t\t\t<figcaption class=\"widget-image-caption wp-caption-text\"><\/figcaption>\n\t\t\t\t\t\t\t\t\t\t<\/figure>\n\t\t\t\t\t\t\t\t\t<\/div>\n\t\t\t\t<\/div>\n\t\t\t\t\t<\/div>\n\t\t<\/div>\n\t\t\t\t<div class=\"elementor-column elementor-col-50 elementor-top-column elementor-element elementor-element-f1174fe\" data-id=\"f1174fe\" data-element_type=\"column\">\n\t\t\t<div class=\"elementor-widget-wrap elementor-element-populated\">\n\t\t\t\t\t\t<div class=\"elementor-element elementor-element-4cbb3879 elementor-widget elementor-widget-text-editor\" data-id=\"4cbb3879\" data-element_type=\"widget\" data-widget_type=\"text-editor.default\">\n\t\t\t\t<div class=\"elementor-widget-container\">\n\t\t\t\t\t\t\t\t\t<p>kompozytor i organista; ur. 13 sierpnia 1929, Grudzi\u0105dz; zm. 6 kwietnia 2006, Warszawa. Studiowa\u0142 w Pa\u0144stwowej Wy\u017cszej Szkole Muzycznej w Warszawie u Feliksa R\u0105czkowskiego (organy, w latach 1950-55) oraz pod kierunkiem Tadeusza Szeligowskiego (kompozycja, w latach 1952-59). Jeszcze podczas studi\u00f3w, w latach 1947-57, koncertowa\u0142 jako organista we Wroc\u0142awiu, Gda\u0144sku Oliwie i Warszawie. W latach 1954-77 zwi\u0105zany by\u0142 sta\u0142\u0105 wsp\u00f3\u0142prac\u0105 z Teatrem Polskiego Radia jako tw\u00f3rca muzyki do sztuk i s\u0142uchowisk.<\/p><p>W latach 1977-79 oraz 1983-87 pe\u0142ni\u0142 funkcj\u0119 wiceprezesa Zwi\u0105zku Kompozytor\u00f3w Polskich, a w 1979-87 by\u0142 przewodnicz\u0105cym Komisji Programowej Mi\u0119dzynarodowego Festiwalu Muzyki Wsp\u00f3\u0142czesnej \u201eWarszawska Jesie\u0144\u201d.<\/p><p>By\u0142 laureatem mi\u0119dzynarodowych konkurs\u00f3w kompozytorskich: w Vercelli w 1961 za <em>Wariacje fortepianowe \u201eKarol Szymanowski in memoriam\u201d<\/em> (1953) i w Monaco (w 1962 za <em>Medytacje<\/em> na sopran, organy i perkusj\u0119 oraz w 1963 za balet <em>Oczekiwanie<\/em>). W 1969 zdoby\u0142 III nagrod\u0119 na Mi\u0119dzynarodowej Trybunie Kompozytor\u00f3w UNESCO w Pary\u017cu za <em>Dialoghi<\/em> per violino ed orchestra (1964), a w 1989 \u2013 nagrod\u0119 Brighton Festival za <em>Oratorium<\/em> na organy, smyczki i perkusj\u0119 (1982). By\u0142 r\u00f3wnie\u017c laureatem Nagrody Ministra Kultury i Sztuki (w 1971 za <em>Enfiando<\/em> per orchestra, 1970; w 1985 za balet <em>Gilgamesz<\/em>, 1968).<\/p><p>Za tw\u00f3rczo\u015b\u0107 radiow\u0105 dla dzieci otrzyma\u0142 w 1960 nagrod\u0119 Komitetu do Spraw Radia i Telewizji, w 1975 \u2013 Nagrod\u0119 Prezesa Rady Ministr\u00f3w (za tw\u00f3rczo\u015b\u0107 dla dzieci i m\u0142odzie\u017cy w dziedzinie muzyki ze szczeg\u00f3lnym uwzgl\u0119dnieniem opero-baletu <em>Bardzo \u015bpi\u0105ca kr\u00f3lewna<\/em>, 1973), a w 1981 \u2013 doroczn\u0105 nagrod\u0119 Zwi\u0105zku Kompozytor\u00f3w Polskich. Zosta\u0142 odznaczony Krzy\u017cem Kawalerskim (1969) i Krzy\u017cem Oficerskim (1979) Orderu Odrodzenia Polski. W 2006, po\u015bmiertnie, zosta\u0142 odznaczony Z\u0142otym Medalem Gloria Artis \u2013 Zas\u0142u\u017cony Kulturze.<\/p>\t\t\t\t\t\t\t\t<\/div>\n\t\t\t\t<\/div>\n\t\t\t\t\t<\/div>\n\t\t<\/div>\n\t\t\t\t\t<\/div>\n\t\t<\/section>\n\t\t\t\t<\/div>\n\t\t","protected":false},"excerpt":{"rendered":"<p>Augustyn Bloch kompozytor i organista; ur. 13 sierpnia 1929, Grudzi\u0105dz; zm. 6 kwietnia 2006, Warszawa. Studiowa\u0142 w Pa\u0144stwowej Wy\u017cszej Szkole Muzycznej w Warszawie u Feliksa&hellip;<\/p>\n","protected":false},"author":1,"featured_media":0,"parent":0,"menu_order":0,"comment_status":"closed","ping_status":"closed","template":"","meta":{"footnotes":""},"class_list":["post-1053","page","type-page","status-publish","hentry"],"_links":{"self":[{"href":"https:\/\/wsm.art.pl\/index.php?rest_route=\/wp\/v2\/pages\/1053","targetHints":{"allow":["GET"]}}],"collection":[{"href":"https:\/\/wsm.art.pl\/index.php?rest_route=\/wp\/v2\/pages"}],"about":[{"href":"https:\/\/wsm.art.pl\/index.php?rest_route=\/wp\/v2\/types\/page"}],"author":[{"embeddable":true,"href":"https:\/\/wsm.art.pl\/index.php?rest_route=\/wp\/v2\/users\/1"}],"replies":[{"embeddable":true,"href":"https:\/\/wsm.art.pl\/index.php?rest_route=%2Fwp%2Fv2%2Fcomments&post=1053"}],"version-history":[{"count":52,"href":"https:\/\/wsm.art.pl\/index.php?rest_route=\/wp\/v2\/pages\/1053\/revisions"}],"predecessor-version":[{"id":6433,"href":"https:\/\/wsm.art.pl\/index.php?rest_route=\/wp\/v2\/pages\/1053\/revisions\/6433"}],"wp:attachment":[{"href":"https:\/\/wsm.art.pl\/index.php?rest_route=%2Fwp%2Fv2%2Fmedia&parent=1053"}],"curies":[{"name":"wp","href":"https:\/\/api.w.org\/{rel}","templated":true}]}}

<div data-elementor-type="wp-page" data-elementor-id="1053" class="elementor elementor-1053">
						<section class="elementor-section elementor-top-section elementor-element elementor-element-2a975ebd elementor-section-boxed elementor-section-height-default elementor-section-height-default" data-id="2a975ebd" data-element_type="section">
						<div class="elementor-container elementor-column-gap-default">
					<div class="elementor-column elementor-col-100 elementor-top-column elementor-element elementor-element-479a4827" data-id="479a4827" data-element_type="column">
			<div class="elementor-widget-wrap elementor-element-populated">
						<div class="elementor-element elementor-element-3c181618 elementor-widget elementor-widget-heading" data-id="3c181618" data-element_type="widget" data-widget_type="heading.default">
				<div class="elementor-widget-container">
					<h2 class="elementor-heading-title elementor-size-default">Augustyn Bloch</h2>				</div>
				</div>
					</div>
		</div>
					</div>
		</section>
				<section class="elementor-section elementor-top-section elementor-element elementor-element-3545025f elementor-section-boxed elementor-section-height-default elementor-section-height-default" data-id="3545025f" data-element_type="section">
						<div class="elementor-container elementor-column-gap-default">
					<div class="elementor-column elementor-col-50 elementor-top-column elementor-element elementor-element-45db7ed6" data-id="45db7ed6" data-element_type="column">
			<div class="elementor-widget-wrap elementor-element-populated">
						<div class="elementor-element elementor-element-597f5301 elementor-widget elementor-widget-image" data-id="597f5301" data-element_type="widget" data-widget_type="image.default">
				<div class="elementor-widget-container">
												<figure class="wp-caption">
										<img decoding="async" src="https://wsm.art.pl/wp-content/uploads/elementor/thumbs/Bloch_Augustyn_PK_01-zmniejszone-pok6emb5lvc0e2mq0t6mn3toln8sryyiu9gv2ed9qg.jpg" title="Bloch_Augustyn_PK_01-zmniejszone" alt="Bloch_Augustyn_PK_01-zmniejszone" loading="lazy" />											<figcaption class="widget-image-caption wp-caption-text"></figcaption>
										</figure>
									</div>
				</div>
					</div>
		</div>
				<div class="elementor-column elementor-col-50 elementor-top-column elementor-element elementor-element-f1174fe" data-id="f1174fe" data-element_type="column">
			<div class="elementor-widget-wrap elementor-element-populated">
						<div class="elementor-element elementor-element-4cbb3879 elementor-widget elementor-widget-text-editor" data-id="4cbb3879" data-element_type="widget" data-widget_type="text-editor.default">
				<div class="elementor-widget-container">
									<p>kompozytor i organista; ur. 13 sierpnia 1929, Grudziądz; zm. 6 kwietnia 2006, Warszawa. Studiował w Państwowej Wyższej Szkole Muzycznej w Warszawie u Feliksa Rączkowskiego (organy, w latach 1950-55) oraz pod kierunkiem Tadeusza Szeligowskiego (kompozycja, w latach 1952-59). Jeszcze podczas studiów, w latach 1947-57, koncertował jako organista we Wrocławiu, Gdańsku Oliwie i Warszawie. W latach 1954-77 związany był stałą współpracą z Teatrem Polskiego Radia jako twórca muzyki do sztuk i słuchowisk.</p><p>W latach 1977-79 oraz 1983-87 pełnił funkcję wiceprezesa Związku Kompozytorów Polskich, a w 1979-87 był przewodniczącym Komisji Programowej Międzynarodowego Festiwalu Muzyki Współczesnej „Warszawska Jesień”.</p><p>Był laureatem międzynarodowych konkursów kompozytorskich: w Vercelli w 1961 za <em>Wariacje fortepianowe „Karol Szymanowski in memoriam”</em> (1953) i w Monaco (w 1962 za <em>Medytacje</em> na sopran, organy i perkusję oraz w 1963 za balet <em>Oczekiwanie</em>). W 1969 zdobył III nagrodę na Międzynarodowej Trybunie Kompozytorów UNESCO w Paryżu za <em>Dialoghi</em> per violino ed orchestra (1964), a w 1989 – nagrodę Brighton Festival za <em>Oratorium</em> na organy, smyczki i perkusję (1982). Był również laureatem Nagrody Ministra Kultury i Sztuki (w 1971 za <em>Enfiando</em> per orchestra, 1970; w 1985 za balet <em>Gilgamesz</em>, 1968).</p><p>Za twórczość radiową dla dzieci otrzymał w 1960 nagrodę Komitetu do Spraw Radia i Telewizji, w 1975 – Nagrodę Prezesa Rady Ministrów (za twórczość dla dzieci i młodzieży w dziedzinie muzyki ze szczególnym uwzględnieniem opero-baletu <em>Bardzo śpiąca królewna</em>, 1973), a w 1981 – doroczną nagrodę Związku Kompozytorów Polskich. Został odznaczony Krzyżem Kawalerskim (1969) i Krzyżem Oficerskim (1979) Orderu Odrodzenia Polski. W 2006, pośmiertnie, został odznaczony Złotym Medalem Gloria Artis – Zasłużony Kulturze.</p>								</div>
				</div>
					</div>
		</div>
					</div>
		</section>
				</div>

<p>Augustyn Bloch kompozytor i organista; ur. 13 sierpnia 1929, Grudziądz; zm. 6 kwietnia 2006, Warszawa. Studiował w Państwowej Wyższej Szkole Muzycznej w Warszawie u Feliksa&hellip;</p>
